000
CXUS53 KLSX 011600
CF6SUS
PRELIMINARY LOCAL CLIMATOLOGICAL DATA (WS FORM: F-6)

                                          STATION:   SPIRIT OF ST LOUIS MO
                                          MONTH:     SEPTEMBER
                                          YEAR:      2010
                                          LATITUDE:   38 39 N
                                          LONGITUDE:  90 38 W

  TEMPERATURE IN F:       :PCPN:    SNOW:  WIND      :SUNSHINE: SKY     :PK WND
================================================================================
1   2   3   4   5  6A  6B    7    8   9   10  11  12  13   14  15   16   17  18
                                     12Z  AVG MX 2MIN
DY MAX MIN AVG DEP HDD CDD  WTR  SNW DPTH SPD SPD DIR MIN PSBL S-S WX    SPD DR
================================================================================

 1  80  73  77   M   0  12 0.09  0.0    0  4.7 16 300   M    M   8 13     21 310
 2  90  65  78   M   0  13 0.09  0.0    0  8.0 25 250   M    M   8 13     33 230
 3  77  55  66   M   0   1    T  0.0    0 10.6 25 290   M    M   3 1      31 300
 4  75  52  64   M   1   0 0.00  0.0    0  4.3 15 300   M    M   0        20 280
 5  82  49  66   M   0   1 0.00  0.0    0  5.4 16 150   M    M   1        22 130
 6  89  54  72   M   0   7 0.00  0.0    0  8.5 20 200   M    M   1        30 200
 7  78  57  68   M   0   3 0.10  0.0    0  5.2 18 300   M    M   5 1      24 310
 8  82  55  69   M   0   4 0.00  0.0    0  1.0  8 230   M    M   4 18      9 220
 9  73  62  68   M   0   3 0.41  0.0    0  5.6 14 100   M    M   8 1      22 130
10  69  62  66   M   0   1 0.48  0.0    0  7.5 14 340   M    M  10 13     23 130
11  82  57  70   M   0   5 0.55  0.0    0  6.2 25 300   M    M   5 13     30 300
12  84  54  69   M   0   4 0.00  0.0    0  1.9  9 230   M    M   1 1      15 210
13  87  54  71   M   0   6 0.00  0.0    0  2.0 12 250   M    M   1 1      14 240
14  84  62  73   M   0   8 0.00  0.0    0  2.4 12 150   M    M   3 12     15 150
15  82  59  71   M   0   6 0.14  0.0    0  3.7 20 180   M    M   9 12     28 190
16  76  56  66   M   0   1    T  0.0    0  7.2 17 330   M    M   6 1      24 170
17  79  51  65   M   0   0 0.00  0.0    0  2.2  9 170   M    M   2 12     12 160
18  88  57  73   M   0   8 0.78  0.0    0  3.2 26  40   M    M   3 13     35  40
19  73  65  69   M   0   4 0.59  0.0    0  3.1 18  70   M    M   7 123    24 320
20  89  69  79   M   0  14 0.00  0.0    0  2.6  8 210   M    M   3 128     M  M
21  90  63  77   M   0  12 0.00  0.0    0  3.4 16 190   M    M   3 12     23 190
22  80  66  73   M   0   8 0.04  0.0    0  3.4 13 300   M    M   4 3      15 300
23  90  66  78   M   0  13 0.00  0.0    0  8.3 20 200   M    M   4 1      32 220
24  81  57  69   M   0   4 0.16  0.0    0  8.2 21 280   M    M   3 1      26 220
25  75  52  64   M   1   0 0.28  0.0    0  3.6 18  40   M    M   4 1      25  40
26  60  48  54   M  11   0 0.03    M    0  6.2 14 360   M    M   8 1      20 360
27  68  44  56   M   9   0 0.00  0.0    0  2.8 10 310   M    M   1 1      14 310
28  76  47  62   M   3   0 0.00  0.0    0  0.6  9 360   M    M   3 1      13  10
29  78  50  64   M   1   0 0.00  0.0    0  0.5  7 220   M    M   3 128     9 220
30  78  49  64   M   1   0 0.00  0.0    0  6.6 20 340   M    M   1 1      25  20
================================================================================
SM 2395 1710        27 138  3.74     0.0 138.9          M      122
================================================================================
AV 79.8 57.0                               4.6 FASTST   M    M   4    MAX(MPH)
                                 MISC ---->  # 26  40               # 35   40
================================================================================
NOTES:
# LAST OF SEVERAL OCCURRENCES

COLUMN 17 PEAK WIND IN M.P.H.

PRELIMINARY LOCAL CLIMATOLOGICAL DATA (WS FORM: F-6) , PAGE 2

                                          STATION:  SPIRIT OF ST LOUIS MO
                                          MONTH:    SEPTEMBER
                                          YEAR:     2010
                                          LATITUDE:   38 39 N
                                          LONGITUDE:  90 38 W

[TEMPERATURE DATA]      [PRECIPITATION DATA]       SYMBOLS USED IN COLUMN 16

AVERAGE MONTHLY: 68.4   TOTAL FOR MONTH:   3.74    1 = FOG OR MIST
DPTR FM NORMAL:     M   DPTR FM NORMAL:       M    2 = FOG REDUCING VISIBILITY
HIGHEST:    90 ON 23,21 GRTST 24HR  1.37 ON 18-19      TO 1/4 MILE OR LESS
LOWEST:     44 ON 27                               3 = THUNDER
                        SNOW, ICE PELLETS, HAIL    4 = ICE PELLETS
                        TOTAL MONTH:   0.0 INCH    5 = HAIL
                        GRTST 24HR     0.0         6 = FREEZING RAIN OR DRIZZLE
                        GRTST DEPTH:   0           7 = DUSTSTORM OR SANDSTORM:
                                                       VSBY 1/2 MILE OR LESS
                                                   8 = SMOKE OR HAZE
[NO. OF DAYS WITH]      [WEATHER - DAYS WITH]      9 = BLOWING SNOW
                                                   X = TORNADO
MAX 32 OR BELOW:   0    0.01 INCH OR MORE:  13
MAX 90 OR ABOVE:   3    0.10 INCH OR MORE:   9
MIN 32 OR BELOW:   0    0.50 INCH OR MORE:   3
MIN  0 OR BELOW:   0    1.00 INCH OR MORE:   0

[HDD (BASE 65) ]
TOTAL THIS MO.    27    CLEAR  (SCALE 0-3)  15
DPTR FM NORMAL     M    PTCLDY (SCALE 4-7)  11
TOTAL FM JUL 1    27    CLOUDY (SCALE 8-10)  4
DPTR FM NORMAL     M

[CDD (BASE 65) ]
TOTAL THIS MO.   138
DPTR FM NORMAL     M    [PRESSURE DATA]
TOTAL FM JAN 1  1664    HIGHEST SLP 30.21 ON 18
DPTR FM NORMAL     M    LOWEST  SLP 29.74 ON 28

[REMARKS]
#FINAL-09-10#
