000
CXUS53 KLSX 011600
CF6SUS
PRELIMINARY LOCAL CLIMATOLOGICAL DATA (WS FORM: F-6)

                                          STATION:   SPIRIT OF ST LOUIS MO
                                          MONTH:     NOVEMBER
                                          YEAR:      2010
                                          LATITUDE:   38 39 N
                                          LONGITUDE:  90 38 W

  TEMPERATURE IN F:       :PCPN:    SNOW:  WIND      :SUNSHINE: SKY     :PK WND
================================================================================
1   2   3   4   5  6A  6B    7    8   9   10  11  12  13   14  15   16   17  18
                                     12Z  AVG MX 2MIN
DY MAX MIN AVG DEP HDD CDD  WTR  SNW DPTH SPD SPD DIR MIN PSBL S-S WX    SPD DR
================================================================================

 1  60  38  49   M  16   0 0.00  0.0    0  7.1 15  60   M    M   4        18  70
 2  58  33  46   M  19   0 0.00  0.0    0  4.0 14  50   M    M   3        17  60
 3  67  27  47   M  18   0 0.00  0.0    0  5.6 17 320   M    M   1        23 290
 4  57  40  49   M  16   0 0.00  0.0    0 13.5 25 320   M    M   3        33 320
 5  48  26  37   M  28   0    T  0.0    0  8.1 20 290   M    M   2        29 300
 6  54  23  39   M  26   0 0.00  0.0    0  2.0  8 150   M    M   0        13 140
 7  73  30  52   M  13   0 0.00  0.0    0  5.5 15 230   M    M   0 8      20 210
 8  77  33  55   M  10   0 0.00  0.0    0  4.8 16 200   M    M   0        23 250
 9  77  36  57   M   8   0 0.00  0.0    0  3.5 14 170   M    M   0        20 130
10  76  40  58   M   7   0 0.00  0.0    0  6.7 17 150   M    M   2        23 160
11  75  46  61   M   4   0 0.00  0.0    0  2.3 12  20   M    M   3        17  30
12  75  38  57   M   8   0 0.00  0.0    0  4.0 13 170   M    M   4 12     20 180
13  68  34  51   M  14   0 0.03  0.0    0 11.9 25 270   M    M   9        32 260
14  55  30  43   M  22   0 0.00  0.0    0  5.6 15 210   M    M   0        18 210
15  60  35  48   M  17   0 0.00  0.0    0  1.7 10 200   M    M   5        15 210
16  56  33  45   M  20   0    T  0.0    0  2.3 10 260   M    M   5        14 290
17  57  27  42   M  23   0 0.06  0.0    0  3.6 12  20   M    M   5 1      14  10
18  44  30  37   M  28   0    T  0.0    0  4.5 12 330   M    M   9 18     14 330
19  61  28  45   M  20   0 0.00  0.0    0  5.4 15 210   M    M   4 1      18 210
20  58  30  44   M  21   0 0.00  0.0    0  4.0 13 100   M    M   3 18     18 130
21  66  40  53   M  12   0 0.00  0.0    0  9.5 18 200   M    M   7 1      26 210
22  75  43  59   M   6   0 0.30  0.0    0 12.7 25 200   M    M   8 13     37 200
23  46  32  39   M  26   0 0.00  0.0    0  5.7 15 300   M    M   1        20 300
24  60  35  48   M  17   0 2.92  0.0    0  7.3 23 290   M    M  10 13     33 300
25  58  26  42   M  23   0 0.67    M    0  9.3 20 330   M    M   8 1      28 300
26  45  24  35   M  30   0 0.00  0.0    0  8.5 20 250   M    M   1        29 250
27  50  27  39   M  26   0 0.00  0.0    0  5.1 15 300   M    M   0        18 300
28  56  25  41   M  24   0 0.00  0.0    0  7.1 18 170   M    M   0 1      26 160
29  51  33  42   M  23   0 0.55  0.0    0  8.6 23 150   M    M   8 1      31 150
30  44  27  36   M  29   0 0.00  0.0    0 13.4 22 280   M    M  10        31 280
================================================================================
SM 1807  969       554   0  4.53     0.0 193.3          M      115
================================================================================
AV 60.2 32.3                               6.4 FASTST   M    M   4    MAX(MPH)
                                 MISC ---->  # 25 320               # 37  200
================================================================================
NOTES:
# LAST OF SEVERAL OCCURRENCES

COLUMN 17 PEAK WIND IN M.P.H.

PRELIMINARY LOCAL CLIMATOLOGICAL DATA (WS FORM: F-6) , PAGE 2

                                          STATION:  SPIRIT OF ST LOUIS MO
                                          MONTH:    NOVEMBER
                                          YEAR:     2010
                                          LATITUDE:   38 39 N
                                          LONGITUDE:  90 38 W

[TEMPERATURE DATA]      [PRECIPITATION DATA]       SYMBOLS USED IN COLUMN 16

AVERAGE MONTHLY: 46.3   TOTAL FOR MONTH:   4.53    1 = FOG OR MIST
DPTR FM NORMAL:     M   DPTR FM NORMAL:       M    2 = FOG REDUCING VISIBILITY
HIGHEST:    77 ON  9, 8 GRTST 24HR  3.29 ON 24-25      TO 1/4 MILE OR LESS
LOWEST:     23 ON  6                               3 = THUNDER
                        SNOW, ICE PELLETS, HAIL    4 = ICE PELLETS
                        TOTAL MONTH:   0.0 INCH    5 = HAIL
                        GRTST 24HR     0.0         6 = FREEZING RAIN OR DRIZZLE
                        GRTST DEPTH:   0           7 = DUSTSTORM OR SANDSTORM:
                                                       VSBY 1/2 MILE OR LESS
                                                   8 = SMOKE OR HAZE
[NO. OF DAYS WITH]      [WEATHER - DAYS WITH]      9 = BLOWING SNOW
                                                   X = TORNADO
MAX 32 OR BELOW:   0    0.01 INCH OR MORE:   6
MAX 90 OR ABOVE:   0    0.10 INCH OR MORE:   4
MIN 32 OR BELOW:  15    0.50 INCH OR MORE:   3
MIN  0 OR BELOW:   0    1.00 INCH OR MORE:   1

[HDD (BASE 65) ]
TOTAL THIS MO.   554    CLEAR  (SCALE 0-3)  15
DPTR FM NORMAL     M    PTCLDY (SCALE 4-7)  11
TOTAL FM JUL 1   804    CLOUDY (SCALE 8-10)  4
DPTR FM NORMAL     M

[CDD (BASE 65) ]
TOTAL THIS MO.     0
DPTR FM NORMAL     M    [PRESSURE DATA]
TOTAL FM JAN 1  1691    HIGHEST SLP 30.42 ON  6
DPTR FM NORMAL     M    LOWEST  SLP 29.59 ON 24

[REMARKS]
#FINAL-11-10#
