000
CXUS53 KLSX 011400
CF6SUS
PRELIMINARY LOCAL CLIMATOLOGICAL DATA (WS FORM: F-6)
STATION: SPIRIT OF ST LOUIS MO
MONTH: MAY
YEAR: 2020
LATITUDE: 38 39 N
LONGITUDE: 90 38 W
TEMPERATURE IN F: :PCPN: SNOW: WIND :SUNSHINE: SKY :PK WND
================================================================================
1 2 3 4 5 6A 6B 7 8 9 10 11 12 13 14 15 16 17 18
12Z AVG MX 2MIN
DY MAX MIN AVG DEP HDD CDD WTR SNW DPTH SPD SPD DIR MIN PSBL S-S WX SPD DR
================================================================================
1 80 42 61 0 4 0 0.00 0.0 0 4.6 14 190 M M 0 1 23 170
2 88 63 76 15 0 11 0.00 0.0 0 5.5 15 240 M M 4 21 250
3 74 49 62 0 3 0 0.00 0.0 0 6.7 23 50 M M 2 32 40
4 71 46 59 -3 6 0 0.46 0.0 0 5.0 35 90 M M 4 13 47 100
5 68 51 60 -2 5 0 0.04 0.0 0 11.7 25 290 M M 9 13 36 290
6 63 45 54 -8 11 0 T 0.0 0 8.0 18 330 M M 5 26 310
7 71 44 58 -5 7 0 0.06 0.0 0 4.6 13 220 M M 4 24 270
8 60 40 50 -13 15 0 0.25 0.0 0 9.6 22 320 M M 6 1 31 350
9 65 35 50 -13 15 0 0.00 0.0 0 2.0 13 330 M M 0 1 19 280
10 60 39 50 -14 15 0 T 0.0 0 12.2 26 290 M M 4 36 300
11 60 35 48 -16 17 0 0.00 0.0 0 7.2 17 300 M M 2 23 330
12 55 46 51 -13 14 0 0.01 0.0 0 4.0 9 120 M M 8 16 130
13 59 50 55 -9 10 0 0.02 0.0 0 5.8 13 120 M M 10 1 20 120
14 81 59 70 5 0 5 0.30 0.0 0 7.7 18 210 M M 4 138 29 200
15 73 60 67 2 0 2 0.74 0.0 0 4.5 29 330 M M 5 138 39 290
16 78 56 67 2 0 2 0.19 0.0 0 5.3 17 150 M M 7 1238 29 140
17 72 58 65 -1 0 0 1.07 0.0 0 6.2 17 300 M M 8 138 26 320
18 63 57 60 -6 5 0 0.02 0.0 0 8.0 17 310 M M 10 18 23 320
19 66 56 61 -5 4 0 0.04 0.0 0 9.0 16 350 M M 10 18 24 330
20 70 58 64 -3 1 0 0.01 0.0 0 6.3 20 50 M M 10 1 23 50
21 67 57 62 -5 3 0 0.00 0.0 0 4.1 12 70 M M 10 8 13 60
22 78 57 68 1 0 3 0.00 0.0 0 4.0 14 100 M M 7 1 21 100
23 88 62 75 8 0 10 0.00 0.0 0 5.8 17 250 M M 2 1 24 250
24 87 64 76 8 0 11 0.27 0.0 0 5.9 20 270 M M 4 13 27 220
25 86 63 75 7 0 10 0.27 0.0 0 3.7 20 250 M M 3 138 30 260
26 84 67 76 8 0 11 0.00 0.0 0 7.2 17 150 M M 3 29 150
27 76 67 72 3 0 7 0.50 0.0 0 4.0 9 100 M M 7 1 13 110
28 81 65 73 4 0 8 0.11 0.0 0 5.4 16 250 M M 4 38 20 250
29 78 57 68 -1 0 3 0.01 0.0 0 8.4 21 300 M M 3 1 29 290
30 77 52 65 -5 0 0 0.00 0.0 0 2.9 13 330 M M 0 17 340
31 81 54 68 -2 0 3 0.00 0.0 0 2.0 8 20 M M 0 13 60
================================================================================
SM 2260 1654 135 86 4.37 0.0 187.3 M 155
================================================================================
AV 72.9 53.4 6.0 FASTST M M 5 MAX(MPH)
MISC ----> 35 90 47 100
================================================================================
NOTES:
# LAST OF SEVERAL OCCURRENCES
COLUMN 17 PEAK WIND IN M.P.H.
PRELIMINARY LOCAL CLIMATOLOGICAL DATA (WS FORM: F-6) , PAGE 2
STATION: SPIRIT OF ST LOUIS MO
MONTH: MAY
YEAR: 2020
LATITUDE: 38 39 N
LONGITUDE: 90 38 W
[TEMPERATURE DATA] [PRECIPITATION DATA] SYMBOLS USED IN COLUMN 16
AVERAGE MONTHLY: 63.1 TOTAL FOR MONTH: 4.37 1 = FOG OR MIST
DPTR FM NORMAL: -2.3 DPTR FM NORMAL: -0.19 2 = FOG REDUCING VISIBILITY
HIGHEST: 88 ON 23, 2 GRTST 24HR 1.26 ON 16-17 TO 1/4 MILE OR LESS
LOWEST: 35 ON 11, 9 3 = THUNDER
SNOW, ICE PELLETS, HAIL 4 = ICE PELLETS
TOTAL MONTH: 0.0 INCH 5 = HAIL
GRTST 24HR 0.0 6 = FREEZING RAIN OR DRIZZLE
GRTST DEPTH: 0 7 = DUSTSTORM OR SANDSTORM:
VSBY 1/2 MILE OR LESS
8 = SMOKE OR HAZE
[NO. OF DAYS WITH] [WEATHER - DAYS WITH] 9 = BLOWING SNOW
X = TORNADO
MAX 32 OR BELOW: 0 0.01 INCH OR MORE: 18
MAX 90 OR ABOVE: 0 0.10 INCH OR MORE: 10
MIN 32 OR BELOW: 0 0.50 INCH OR MORE: 3
MIN 0 OR BELOW: 0 1.00 INCH OR MORE: 1
[HDD (BASE 65) ]
TOTAL THIS MO. 135 CLEAR (SCALE 0-3) 10
DPTR FM NORMAL 44 PTCLDY (SCALE 4-7) 14
TOTAL FM JUL 1 4469 CLOUDY (SCALE 8-10) 7
DPTR FM NORMAL -297
[CDD (BASE 65) ]
TOTAL THIS MO. 86
DPTR FM NORMAL -17 [PRESSURE DATA]
TOTAL FM JAN 1 113 HIGHEST SLP 30.33 ON 11
DPTR FM NORMAL -24 LOWEST SLP 29.70 ON 17
[REMARKS]
#FINAL-05-20#