000
CXUS53 KLSX 011600
CF6SUS
PRELIMINARY LOCAL CLIMATOLOGICAL DATA (WS FORM: F-6)

                                          STATION:   SPIRIT OF ST LOUIS MO
                                          MONTH:     JULY
                                          YEAR:      2010
                                          LATITUDE:   38 39 N
                                          LONGITUDE:  90 38 W

  TEMPERATURE IN F:       :PCPN:    SNOW:  WIND      :SUNSHINE: SKY     :PK WND
================================================================================
1   2   3   4   5  6A  6B    7    8   9   10  11  12  13   14  15   16   17  18
                                     12Z  AVG MX 2MIN
DY MAX MIN AVG DEP HDD CDD  WTR  SNW DPTH SPD SPD DIR MIN PSBL S-S WX    SPD DR
================================================================================

 1  83  57  70   M   0   5 0.00  0.0    0  4.1 16  80   M    M   0 1      23  90
 2  84  56  70   M   0   5 0.00  0.0    0  3.7 14 120   M    M   0 1      18 120
 3  92  57  75   M   0  10 0.00  0.0    0  1.8 10 180   M    M   1 1      14 170
 4  92  71  82   M   0  17    T  0.0    0  5.8 26 230   M    M   5 1      38 220
 5  93  76  85   M   0  20 0.00  0.0    0  7.1  7 170   M    M   3        12 170
 6  94  78  86   M   0  21    T  0.0    0  6.7 18 280   M    M   4        22 280
 7  91  72  82   M   0  17 0.15  0.0    0  2.7 21 180   M    M   5 13     26 170
 8  88  73  81   M   0  16 1.02  0.0    0  2.9 13 130   M    M   8 13     21 120
 9  88  68  78   M   0  13 0.19  0.0    0  3.9 13  10   M    M   4 1      17  10
10  88  65  77   M   0  12 0.00  0.0    0  1.0  8  60   M    M   1 1      14 340
11  86  68  77   M   0  12 0.04  0.0    0  3.7 15 170   M    M   6 1      21 180
12  89  68  79   M   0  14 0.09  0.0    0  3.2 13 340   M    M   6 138    16 360
13  91  69  80   M   0  15 0.02  0.0    0  1.8 10 330   M    M   3 13     15 330
14  97  75  86   M   0  21 0.00  0.0    0  3.5 10 200   M    M   2        14 150
15  93  76  85   M   0  20 0.00  0.0    0  4.8 14 320   M    M   4        16 320
16  92  72  82   M   0  17 0.00  0.0    0  2.6 15 190   M    M   1        20 190
17  96  71  84   M   0  19 0.00  0.0    0  3.0 12 240   M    M   2        15 240
18  90  71  81   M   0  16 0.39  0.0    0  6.2 30 320   M    M   4 13     39 310
19  88  73  81   M   0  16    T  0.0    0  5.2 28 350   M    M   5 3      36 350
20  91  71  81   M   0  16    M  0.0    0  6.7 29 300   M    M   6 13     37 300
21  93  72  83   M   0  18 0.03  0.0    0  3.7 22 250   M    M   5 138    25 250
22  95  73  84   M   0  19 0.00  0.0    0  5.9 16 240   M    M   3        21 230
23  96  79  88   M   0  23 0.00  0.0    0  8.7 16 240   M    M   1        23 240
24  96  73  85   M   0  20 0.29  0.0    0  8.4 29 270   M    M   2 13     39 280
25  89  73  81   M   0  16 0.00  0.0    0  3.5 12 260   M    M   5        15 250
26  90  73  82   M   0  17    T  0.0    0  3.6 10  50   M    M   7        14  50
27  91  73  82   M   0  17    T  0.0    0  2.9 14 150   M    M   4 1      17 150
28  94  76  85   M   0  20 0.00  0.0    0  5.2 14 250   M    M   2 1      20 240
29  91  73  82   M   0  17 0.00  0.0    0  3.4 12  20   M    M   2        15  10
30  84  71  78   M   0  13 0.16  0.0    0  2.7 12 250   M    M   7 138    14 260
31  88  71  80   M   0  15    T  0.0    0  4.1 15 310   M    M   5 1      18 270
================================================================================
SM 2813 2194         0 497  2.38     0.0 132.5          M      113
================================================================================
AV 90.7 70.8                               4.3 FASTST   M    M   4    MAX(MPH)
                                 MISC ---->  # 30 320               # 39  310
================================================================================
NOTES:
# LAST OF SEVERAL OCCURRENCES

COLUMN 17 PEAK WIND IN M.P.H.

PRELIMINARY LOCAL CLIMATOLOGICAL DATA (WS FORM: F-6) , PAGE 2

                                          STATION:  SPIRIT OF ST LOUIS MO
                                          MONTH:    JULY
                                          YEAR:     2010
                                          LATITUDE:   38 39 N
                                          LONGITUDE:  90 38 W

[TEMPERATURE DATA]      [PRECIPITATION DATA]       SYMBOLS USED IN COLUMN 16

AVERAGE MONTHLY: 80.8   TOTAL FOR MONTH:   2.38    1 = FOG OR MIST
DPTR FM NORMAL:     M   DPTR FM NORMAL:       M    2 = FOG REDUCING VISIBILITY
HIGHEST:    97 ON 14    GRTST 24HR  1.16 ON  8- 9      TO 1/4 MILE OR LESS
LOWEST:     56 ON  2                               3 = THUNDER
                        SNOW, ICE PELLETS, HAIL    4 = ICE PELLETS
                        TOTAL MONTH:   0.0 INCH    5 = HAIL
                        GRTST 24HR     0.0         6 = FREEZING RAIN OR DRIZZLE
                        GRTST DEPTH:   0           7 = DUSTSTORM OR SANDSTORM:
                                                       VSBY 1/2 MILE OR LESS
                                                   8 = SMOKE OR HAZE
[NO. OF DAYS WITH]      [WEATHER - DAYS WITH]      9 = BLOWING SNOW
                                                   X = TORNADO
MAX 32 OR BELOW:   0    0.01 INCH OR MORE:  10
MAX 90 OR ABOVE:  20    0.10 INCH OR MORE:   6
MIN 32 OR BELOW:   0    0.50 INCH OR MORE:   1
MIN  0 OR BELOW:   0    1.00 INCH OR MORE:   1

[HDD (BASE 65) ]
TOTAL THIS MO.     0    CLEAR  (SCALE 0-3)  14
DPTR FM NORMAL     M    PTCLDY (SCALE 4-7)  17
TOTAL FM JUL 1     0    CLOUDY (SCALE 8-10)  0
DPTR FM NORMAL     M

[CDD (BASE 65) ]
TOTAL THIS MO.   497
DPTR FM NORMAL     M    [PRESSURE DATA]
TOTAL FM JAN 1  1062    HIGHEST SLP 30.34 ON  1
DPTR FM NORMAL     M    LOWEST  SLP 29.69 ON 12

[REMARKS]
#FINAL-07-10#
