000
CXUS53 KLSX 011600
CF6SUS
PRELIMINARY LOCAL CLIMATOLOGICAL DATA (WS FORM: F-6)

                                          STATION:   SPIRIT OF ST LOUIS MO
                                          MONTH:     AUGUST
                                          YEAR:      2010
                                          LATITUDE:   38 39 N
                                          LONGITUDE:  90 38 W

  TEMPERATURE IN F:       :PCPN:    SNOW:  WIND      :SUNSHINE: SKY     :PK WND
================================================================================
1   2   3   4   5  6A  6B    7    8   9   10  11  12  13   14  15   16   17  18
                                     12Z  AVG MX 2MIN
DY MAX MIN AVG DEP HDD CDD  WTR  SNW DPTH SPD SPD DIR MIN PSBL S-S WX    SPD DR
================================================================================

 1  88  66  77   M   0  12 0.00  0.0    0  2.8 10  50   M    M   4 128    14 130
 2  92  66  79   M   0  14 0.00  0.0    0  2.9 10 140   M    M   3 1      15 120
 3 101  77  89   M   0  24 0.00  0.0    0  3.9 15 360   M    M   1 18     18 360
 4 100  74  87   M   0  22 0.00  0.0    0  5.8 17 220   M    M   1        25 250
 5  92  73  83   M   0  18 0.07  0.0    0  4.5 14 360   M    M   6 138    17  10
 6  89  68  79   M   0  14 0.00  0.0    0  2.5 10 360   M    M   0        14 360
 7  91  63  77   M   0  12 0.00  0.0    0  2.3  9  70   M    M   0 1      20 220
 8  95  67  81   M   0  16 0.00  0.0    0  4.0 12 230   M    M   1 18     16 210
 9  97  75  86   M   0  21 0.00  0.0    0  1.9 14 320   M    M   5 18     18 310
10 100  76  88   M   0  23    T  0.0    0  2.6 17  80   M    M   3 13     23  70
11  99  74  87   M   0  22 0.00  0.0    0  3.2 13 190   M    M   1        22 260
12  97  74  86   M   0  21 0.54  0.0    0  3.6 43 250   M    M   2 138    62 280
13  99  72  86   M   0  21 0.00  0.0    0  4.3 31 320   M    M   2 13     43 330
14  95  75  85   M   0  20 0.83  0.0    0  3.0 30 310   M    M   4 13     43 310
15  91  69  80   M   0  15 0.00  0.0    0  5.6 17 360   M    M   4 1      22 360
16  87  65  76   M   0  11 0.00  0.0    0  3.1 13 320   M    M   1        18 320
17  85  61  73   M   0   8    T  0.0    0  4.5 15  60   M    M   4        20  70
18  90  69  80   M   0  15    T  0.0    0  4.4 12  60   M    M   5 1      16  40
19  96  70  83   M   0  18 0.00  0.0    0  2.3  8 150   M    M   2 1      13 150
20  92  71  82   M   0  17 1.19  0.0    0  5.2 35 220   M    M   4 1238   55 210
21  89  71  80   M   0  15    M  0.0    0  4.1 14 310   M    M   5 13     18 190
22  90  71  81   M   0  16 0.00  0.0    0  2.7 13  20   M    M   5 18     15  20
23  88  65  77   M   0  12 0.00  0.0    0  2.6 12  60   M    M   0 1      14  50
24  88  63  76   M   0  11 0.00  0.0    0  5.5 17 350   M    M   2 1      23 350
25  81  59  70   M   0   5 0.00  0.0    0  5.8 15  10   M    M   2        20  10
26  81  55  68   M   0   3 0.00  0.0    0  2.0 10  40   M    M   0        14  10
27  84  56  70   M   0   5 0.00  0.0    0  2.3 10 100   M    M   0        14  80
28  90  55  73   M   0   8 0.00  0.0    0  3.0 12 120   M    M   0 1      17 110
29  90  68  79   M   0  14 0.00  0.0    0  5.8 15 150   M    M   2 1      22 140
30  85  73  79   M   0  14 0.07  0.0    0  5.5 14 170   M    M   6 1      21 170
31  91  73  82   M   0  17    T  0.0    0  6.2 15 200   M    M   5 8      20 180
================================================================================
SM 2833 2114         0 464  2.70     0.0 117.9          M       80
================================================================================
AV 91.4 68.2                               3.8 FASTST   M    M   3    MAX(MPH)
                                 MISC ---->  # 43 250               # 62  280
================================================================================
NOTES:
# LAST OF SEVERAL OCCURRENCES

COLUMN 17 PEAK WIND IN M.P.H.

PRELIMINARY LOCAL CLIMATOLOGICAL DATA (WS FORM: F-6) , PAGE 2

                                          STATION:  SPIRIT OF ST LOUIS MO
                                          MONTH:    AUGUST
                                          YEAR:     2010
                                          LATITUDE:   38 39 N
                                          LONGITUDE:  90 38 W

[TEMPERATURE DATA]      [PRECIPITATION DATA]       SYMBOLS USED IN COLUMN 16

AVERAGE MONTHLY: 79.8   TOTAL FOR MONTH:   2.70    1 = FOG OR MIST
DPTR FM NORMAL:     M   DPTR FM NORMAL:       M    2 = FOG REDUCING VISIBILITY
HIGHEST:   101 ON  3    GRTST 24HR  1.74 ON 20-21      TO 1/4 MILE OR LESS
LOWEST:     55 ON 28,26                            3 = THUNDER
                        SNOW, ICE PELLETS, HAIL    4 = ICE PELLETS
                        TOTAL MONTH:   0.0 INCH    5 = HAIL
                        GRTST 24HR     0.0         6 = FREEZING RAIN OR DRIZZLE
                        GRTST DEPTH:   0           7 = DUSTSTORM OR SANDSTORM:
                                                       VSBY 1/2 MILE OR LESS
                                                   8 = SMOKE OR HAZE
[NO. OF DAYS WITH]      [WEATHER - DAYS WITH]      9 = BLOWING SNOW
                                                   X = TORNADO
MAX 32 OR BELOW:   0    0.01 INCH OR MORE:   5
MAX 90 OR ABOVE:  20    0.10 INCH OR MORE:   3
MIN 32 OR BELOW:   0    0.50 INCH OR MORE:   3
MIN  0 OR BELOW:   0    1.00 INCH OR MORE:   1

[HDD (BASE 65) ]
TOTAL THIS MO.     0    CLEAR  (SCALE 0-3)  19
DPTR FM NORMAL     M    PTCLDY (SCALE 4-7)  12
TOTAL FM JUL 1     0    CLOUDY (SCALE 8-10)  0
DPTR FM NORMAL     M

[CDD (BASE 65) ]
TOTAL THIS MO.   464
DPTR FM NORMAL     M    [PRESSURE DATA]
TOTAL FM JAN 1  1526    HIGHEST SLP 30.22 ON 26
DPTR FM NORMAL     M    LOWEST  SLP 29.67 ON 13

[REMARKS]
#FINAL-08-10#
