782
CXUS53 KLSX 011600
CF6SUS
PRELIMINARY LOCAL CLIMATOLOGICAL DATA (WS FORM: F-6)

                                          STATION:   SPIRIT OF ST LOUIS MO
                                          MONTH:     OCTOBER
                                          YEAR:      2017
                                          LATITUDE:   38 39 N
                                          LONGITUDE:  90 38 W

  TEMPERATURE IN F:       :PCPN:    SNOW:  WIND      :SUNSHINE: SKY     :PK WND
================================================================================
1   2   3   4   5  6A  6B    7    8   9   10  11  12  13   14  15   16   17  18
                                     12Z  AVG MX 2MIN
DY MAX MIN AVG DEP HDD CDD  WTR  SNW DPTH SPD SPD DIR MIN PSBL S-S WX    SPD DR
================================================================================

 1  79  47  63   1   2   0 0.00  0.0    0  5.1 14  90   M    M   2        17  90
 2  88  67  78  16   0  13 0.00  0.0    0  7.7 15 170   M    M   2        25 180
 3  78  70  74  13   0   9 0.12  0.0    0  6.5 15 200   M    M   8 13     23 200
 4  79  68  74  13   0   9 0.04  0.0    0  1.6 10 210   M    M   7 1      14 210
 5  82  69  76  15   0  11 0.02  0.0    0  1.4  9 250   M    M   8 1      12 280
 6  82  68  75  15   0  10    T  0.0    0  3.0 12 320   M    M   6        14 200
 7  81  56  69   9   0   4 0.21  0.0    0  7.5 25 270   M    M   3 1      38 220
 8  81  50  66   6   0   1 0.00  0.0    0  2.3 13 160   M    M   3 12     17 160
 9  84  57  71  12   0   6 0.19  0.0    0  3.2 14 110   M    M   6 13     19 110
10  75  51  63   4   2   0 1.42  0.0    0  7.5 26 250   M    M   9 13     39 230
11  59  51  55  -4  10   0 0.00  0.0    0  6.8 15 270   M    M  10        20 290
12  62  52  57  -1   8   0    T  0.0    0  3.5  9  80   M    M   7 18     12 110
13  78  51  65   7   0   0 0.00  0.0    0  5.0 10 120   M    M   4 18     15 150
14  89  59  74  16   0   9 0.00  0.0    0  5.9 21 190   M    M   2        27 220
15  75  43  59   1   6   0 0.71  0.0    0 10.6 25 300   M    M   4 18     34 300
16  67  40  54  -3  11   0 0.00  0.0    0  2.7 10 250   M    M   3 12     13 240
17  71  38  55  -2  10   0 0.00  0.0    0  3.4 14 220   M    M   2        19 220
18  75  40  58   1   7   0 0.00  0.0    0  3.6 12 170   M    M   0 1      17 200
19  80  45  63   7   2   0 0.00  0.0    0  1.9 12 250   M    M   0 1      14 280
20  77  44  61   5   4   0 0.00  0.0    0  3.6 12 160   M    M   2 12     16 160
21  81  63  72  16   0   7    T  0.0    0  6.3 15 200   M    M   6        24 220
22  73  52  63   8   2   0 0.60  0.0    0  9.1 20 270   M    M   8 1      25 280
23  71  50  61   6   4   0 0.05  0.0    0  9.8 24 290   M    M   9 1      32 300
24  55  40  48  -7  17   0 0.01  0.0    0 13.3 28 280   M    M   7        39 290
25  68  37  53  -1  12   0 0.00  0.0    0  8.0 25 250   M    M   1        31 240
26  80  36  58   4   7   0 0.00  0.0    0  7.7 18 330   M    M   0 1      25 160
27  56  39  48  -6  17   0    T  0.0    0 14.6 24 310   M    M   9        31 310
28  41  29  35 -18  30   0 0.00  0.0    0  7.9 20 290   M    M  10        25 280
29  56  24  40 -13  25   0 0.00  0.0    0  3.4 12 210   M    M   4        18 180
30  53  31  42 -11  23   0    T  0.0    0  8.8 23 300   M    M   7        31 310
31  44  25  35 -17  30   0 0.01  0.0    0  3.6 10 260   M    M   5        14 250
================================================================================
SM 2220 1492       229  79  3.38     0.0 185.3          M      154
================================================================================
AV 71.6 48.1                               6.0 FASTST   M    M   5    MAX(MPH)
                                 MISC ---->  # 28 280               # 39  230
================================================================================
NOTES:
# LAST OF SEVERAL OCCURRENCES

COLUMN 17 PEAK WIND IN M.P.H.

PRELIMINARY LOCAL CLIMATOLOGICAL DATA (WS FORM: F-6) , PAGE 2

                                          STATION:  SPIRIT OF ST LOUIS MO
                                          MONTH:    OCTOBER
                                          YEAR:     2017
                                          LATITUDE:   38 39 N
                                          LONGITUDE:  90 38 W

[TEMPERATURE DATA]      [PRECIPITATION DATA]       SYMBOLS USED IN COLUMN 16

AVERAGE MONTHLY: 59.9   TOTAL FOR MONTH:   3.38    1 = FOG OR MIST
DPTR FM NORMAL:   2.7   DPTR FM NORMAL:   -0.37    2 = FOG REDUCING VISIBILITY
HIGHEST:    89 ON 14    GRTST 24HR  1.42 ON 10-10      TO 1/4 MILE OR LESS
LOWEST:     24 ON 29                               3 = THUNDER
                        SNOW, ICE PELLETS, HAIL    4 = ICE PELLETS
                        TOTAL MONTH:   0.0 INCH    5 = HAIL
                        GRTST 24HR     0.0         6 = FREEZING RAIN OR DRIZZLE
                        GRTST DEPTH:   0           7 = DUSTSTORM OR SANDSTORM:
                                                       VSBY 1/2 MILE OR LESS
                                                   8 = SMOKE OR HAZE
[NO. OF DAYS WITH]      [WEATHER - DAYS WITH]      9 = BLOWING SNOW
                                                   X = TORNADO
MAX 32 OR BELOW:   0    0.01 INCH OR MORE:  11
MAX 90 OR ABOVE:   0    0.10 INCH OR MORE:   6
MIN 32 OR BELOW:   4    0.50 INCH OR MORE:   3
MIN  0 OR BELOW:   0    1.00 INCH OR MORE:   1

[HDD (BASE 65) ]
TOTAL THIS MO.   229    CLEAR  (SCALE 0-3)  12
DPTR FM NORMAL   -42    PTCLDY (SCALE 4-7)  13
TOTAL FM JUL 1   247    CLOUDY (SCALE 8-10)  6
DPTR FM NORMAL   -82

[CDD (BASE 65) ]
TOTAL THIS MO.    79
DPTR FM NORMAL    49    [PRESSURE DATA]
TOTAL FM JAN 1  1481    HIGHEST SLP 30.42 ON 16
DPTR FM NORMAL   122    LOWEST  SLP 29.57 ON 26

[REMARKS]
#FINAL-10-17#
