000
CXUS53 KLSX 011600
CF6SUS
PRELIMINARY LOCAL CLIMATOLOGICAL DATA (WS FORM: F-6)

                                          STATION:   SPIRIT OF ST LOUIS MO
                                          MONTH:     DECEMBER
                                          YEAR:      2015
                                          LATITUDE:   38 39 N
                                          LONGITUDE:  90 38 W

  TEMPERATURE IN F:       :PCPN:    SNOW:  WIND      :SUNSHINE: SKY     :PK WND
================================================================================
1   2   3   4   5  6A  6B    7    8   9   10  11  12  13   14  15   16   17  18
                                     12Z  AVG MX 2MIN
DY MAX MIN AVG DEP HDD CDD  WTR  SNW DPTH SPD SPD DIR MIN PSBL S-S WX    SPD DR
================================================================================

 1  51  34  43   5  22   0    T  0.0    0  8.4 18 280   M    M   3 1      28 290
 2  43  31  37  -1  28   0    T  0.0    0  9.0 20 280   M    M   8        28 280
 3  48  27  38   0  27   0 0.00  0.0    0  1.0  7 260   M    M   4         9 250
 4  55  24  40   3  25   0 0.00  0.0    0  1.6  9 110   M    M   0 1      13 120
 5  54  23  39   2  26   0 0.00  0.0    0  3.1 12 180   M    M   1 18     16 160
 6  50  25  38   2  27   0 0.01  0.0    0  2.6 10 240   M    M   6 1      13 250
 7  50  31  41   5  24   0 0.00  0.0    0  1.2 10 290   M    M   7 1      13 290
 8  64  30  47  11  18   0 0.00  0.0    0  3.6 13 170   M    M   2 1      17 180
 9  59  35  47  12  18   0 0.00  0.0    0  5.1 15 250   M    M   2        22 250
10  69  34  52  17  13   0 0.00  0.0    0  4.9 22 240   M    M   1        32 230
11  62  29  46  11  19   0 0.00  0.0    0  3.0 14 160   M    M   3 18     17 160
12  72  46  59  25   6   0 0.00  0.0    0  5.4 14 150   M    M   6 128    21 150
13  68  56  62  28   3   0 0.92  0.0    0  8.8 25 240   M    M  10 1      35 240
14  56  45  51  17  14   0 0.30  0.0    0 14.1 30 240   M    M   9 18     40 250
15  49  43  46  12  19   0 0.00  0.0    0  5.5 13 140   M    M   8 18     18 100
16  57  34  46  13  19   0 0.10  0.0    0  9.8 25 240   M    M   3 1      33 250
17  37  31  34   1  31   0 0.00  0.0    0  8.1 16 320   M    M   8        18 310
18  41  25  33   0  32   0 0.00  0.0    0 10.4 22 240   M    M   1        28 240
19  48  24  36   3  29   0 0.00  0.0    0  3.7  9  90   M    M   0        14 180
20  57  41  49  16  16   0 0.04  0.0    0 10.2 21 190   M    M   2        32 180
21  65  43  54  22  11   0 0.17  0.0    0 10.0 17 230   M    M   7 13     26 180
22  51  38  45  13  20   0 0.00  0.0    0  5.2 14 120   M    M   6 1      18 130
23  64  40  52  20  13   0 0.89    M    0 11.5 31 280   M    M   6 13     41 280
24  51  31  41   9  24   0 0.00  0.0    0  2.7 13 150   M    M   3        17 140
25  51  35  43  11  22   0 0.00  0.0    0  6.6 14  40   M    M   3        18  40
26  51  41  46  14  19   0 4.13  0.0    0  7.0 22 300   M    M  10 13     28 310
27  45  39  42  10  23   0 1.64  0.0    0 13.2 23  40   M    M  10 13     32  40
28  47  35  41   9  24   0 2.08    M    0 14.8 29 230   M    M  10 18     41 240
29  36  31  34   3  31   0 0.00  0.0    0  8.9 22 250   M    M  10        31 250
30  34  30  32   1  33   0 0.00  0.0    0  5.9 13 280   M    M  10        15 280
31  35  27  31   0  34   0 0.00  0.0    0  5.8 18 280   M    M   7        22 290
================================================================================
SM 1620 1058       670   0 10.28     0.0 211.1          M      166
================================================================================
AV 52.3 34.1                               6.8 FASTST   M    M   5    MAX(MPH)
                                 MISC ---->  # 31 280               # 41  280
================================================================================
NOTES:
# LAST OF SEVERAL OCCURRENCES

COLUMN 17 PEAK WIND IN M.P.H.

PRELIMINARY LOCAL CLIMATOLOGICAL DATA (WS FORM: F-6) , PAGE 2

                                          STATION:  SPIRIT OF ST LOUIS MO
                                          MONTH:    DECEMBER
                                          YEAR:     2015
                                          LATITUDE:   38 39 N
                                          LONGITUDE:  90 38 W

[TEMPERATURE DATA]      [PRECIPITATION DATA]       SYMBOLS USED IN COLUMN 16

AVERAGE MONTHLY: 43.2   TOTAL FOR MONTH:  10.28    1 = FOG OR MIST
DPTR FM NORMAL:   9.3   DPTR FM NORMAL:    7.35    2 = FOG REDUCING VISIBILITY
HIGHEST:    72 ON 12    GRTST 24HR  4.65 ON 26-27      TO 1/4 MILE OR LESS
LOWEST:     23 ON  5                               3 = THUNDER
                        SNOW, ICE PELLETS, HAIL    4 = ICE PELLETS
                        TOTAL MONTH:   0.0 INCH    5 = HAIL
                        GRTST 24HR     0.0         6 = FREEZING RAIN OR DRIZZLE
                        GRTST DEPTH:   0           7 = DUSTSTORM OR SANDSTORM:
                                                       VSBY 1/2 MILE OR LESS
                                                   8 = SMOKE OR HAZE
[NO. OF DAYS WITH]      [WEATHER - DAYS WITH]      9 = BLOWING SNOW
                                                   X = TORNADO
MAX 32 OR BELOW:   0    0.01 INCH OR MORE:  10
MAX 90 OR ABOVE:   0    0.10 INCH OR MORE:   8
MIN 32 OR BELOW:  15    0.50 INCH OR MORE:   5
MIN  0 OR BELOW:   0    1.00 INCH OR MORE:   3

[HDD (BASE 65) ]
TOTAL THIS MO.   670    CLEAR  (SCALE 0-3)  11
DPTR FM NORMAL  -294    PTCLDY (SCALE 4-7)  12
TOTAL FM JUL 1  1373    CLOUDY (SCALE 8-10)  8
DPTR FM NORMAL  -509

[CDD (BASE 65) ]
TOTAL THIS MO.     0
DPTR FM NORMAL     0    [PRESSURE DATA]
TOTAL FM JAN 1  1429    HIGHEST SLP 30.62 ON  5
DPTR FM NORMAL    68    LOWEST  SLP 29.16 ON 23

[REMARKS]
#FINAL-12-15#
