000
CXUS53 KLSX 011600
CF6SUS
PRELIMINARY LOCAL CLIMATOLOGICAL DATA (WS FORM: F-6)

                                          STATION:   SPIRIT OF ST LOUIS MO
                                          MONTH:     MARCH
                                          YEAR:      2014
                                          LATITUDE:   38 39 N
                                          LONGITUDE:  90 38 W

  TEMPERATURE IN F:       :PCPN:    SNOW:  WIND      :SUNSHINE: SKY     :PK WND
================================================================================
1   2   3   4   5  6A  6B    7    8   9   10  11  12  13   14  15   16   17  18
                                     12Z  AVG MX 2MIN
DY MAX MIN AVG DEP HDD CDD  WTR  SNW DPTH SPD SPD DIR MIN PSBL S-S WX    SPD DR
================================================================================

 1  42  23  33  -7  32   0    T    M    0  6.6 15  20   M    M   9 168    20  30
 2  23   6  15 -25  50   0    M    M    M 12.6 18 360   M    M   9 1468   25 360
 3  22   2  12 -29  53   0 0.00  0.0    M  6.3 20  10   M    M   0        25  20
 4  41   9  25 -16  40   0 0.00  0.0    M  3.1 12 160   M    M   0        15 170
 5  42  20  31 -10  34   0 0.00  0.0    0  5.6 15  60   M    M   4        16  60
 6  47  23  35  -7  30   0 0.00  0.0    0  3.5  9  50   M    M   1 18     12  20
 7  62  20  41  -1  24   0 0.00  0.0    0  2.0 10 140   M    M   2 18     18 210
 8  42  35  39  -3  26   0 0.00  0.0    0  6.0 14 340   M    M   9 18     17 340
 9  58  23  41  -2  24   0 0.00  0.0    0  4.8 15 230   M    M   1 18     21 240
10  78  42  60  17   5   0 0.00  0.0    0 10.9 21 240   M    M   1        30 250
11  82  41  62  19   3   0 1.15  0.0    0  9.5 23 330   M    M   3 13     29 330
12  46  29  38  -6  27   0 0.11    M    0 14.6 29 310   M    M   8 1      37 330
13  65  24  45   1  20   0 0.00  0.0    0  3.5 18 240   M    M   0        23 250
14  67  35  51   7  14   0 0.00  0.0    0 12.7 26 250   M    M   4        36 260
15  71  27  49   4  16   0 0.00  0.0    0  4.7 15 180   M    M   0        21 150
16  48  26  37  -8  28   0    T    M    0 18.2 30  50   M    M   7        39  30
17  49  20  35 -11  30   0 0.00  0.0    0  3.9 10  10   M    M   2        14 110
18  60  29  45  -1  20   0    T  0.0    0  9.0 22 150   M    M   0 1      31 160
19  53  28  41  -5  24   0 0.00  0.0    0 11.2 23 270   M    M   4 8      35 280
20  68  23  46  -1  19   0 0.00  0.0    0  7.9 21 240   M    M   1 1      25 230
21  76  50  63  16   2   0 0.00  0.0    0 10.9 21 220   M    M   5        28 330
22  51  36  44  -3  21   0 0.00  0.0    0  9.8 16 360   M    M   5        22 360
23  43  22  33 -15  32   0 0.00  0.0    0  8.9 18 340   M    M   2        23  20
24  38  17  28 -20  37   0    T    T    0  2.3  9 250   M    M   8 18     12 160
25  40  21  31 -17  34   0    T    M    M 11.8 26 310   M    M   5 1      33 310
26  52  15  34 -15  31   0 0.02  0.0    0  7.8 18 160   M    M   3        33 130
27  61  40  51   2  14   0 0.18  0.0    0 11.7 23 200   M    M   9 3      35 190
28  51  39  45  -4  20   0    T  0.0    0  7.1 23 280   M    M   8        31 290
29  49  26  38 -12  27   0 0.00  0.0    0  7.3 16 320   M    M   6 18     23 290
30  68  22  45  -5  20   0 0.00  0.0    0  5.6 14 160   M    M   3 128    18 180
31  70  41  56   6   9   0    T  0.0    0 10.5 23 210   M    M   3        35 190
================================================================================
SM 1665  814       766   0  1.46    T    250.3          M      122
================================================================================
AV 53.7 26.3                               8.1 FASTST   M    M   4    MAX(MPH)
                                 MISC ---->  # 30  50               # 39   30
================================================================================
NOTES:
# LAST OF SEVERAL OCCURRENCES

COLUMN 17 PEAK WIND IN M.P.H.

PRELIMINARY LOCAL CLIMATOLOGICAL DATA (WS FORM: F-6) , PAGE 2

                                          STATION:  SPIRIT OF ST LOUIS MO
                                          MONTH:    MARCH
                                          YEAR:     2014
                                          LATITUDE:   38 39 N
                                          LONGITUDE:  90 38 W

[TEMPERATURE DATA]      [PRECIPITATION DATA]       SYMBOLS USED IN COLUMN 16

AVERAGE MONTHLY: 40.0   TOTAL FOR MONTH:   1.46    1 = FOG OR MIST
DPTR FM NORMAL:  -5.2   DPTR FM NORMAL:   -1.99    2 = FOG REDUCING VISIBILITY
HIGHEST:    82 ON 11    GRTST 24HR  1.15 ON 11-11      TO 1/4 MILE OR LESS
LOWEST:      2 ON  3                               3 = THUNDER
                        SNOW, ICE PELLETS, HAIL    4 = ICE PELLETS
                        TOTAL MONTH:    T          5 = HAIL
                        GRTST 24HR    T  ON 24-24  6 = FREEZING RAIN OR DRIZZLE
                        GRTST DEPTH:   0           7 = DUSTSTORM OR SANDSTORM:
                                                       VSBY 1/2 MILE OR LESS
                                                   8 = SMOKE OR HAZE
[NO. OF DAYS WITH]      [WEATHER - DAYS WITH]      9 = BLOWING SNOW
                                                   X = TORNADO
MAX 32 OR BELOW:   2    0.01 INCH OR MORE:   4
MAX 90 OR ABOVE:   0    0.10 INCH OR MORE:   3
MIN 32 OR BELOW:  22    0.50 INCH OR MORE:   1
MIN  0 OR BELOW:   0    1.00 INCH OR MORE:   1

[HDD (BASE 65) ]
TOTAL THIS MO.   766    CLEAR  (SCALE 0-3)  14
DPTR FM NORMAL   147    PTCLDY (SCALE 4-7)  12
TOTAL FM JUL 1  5125    CLOUDY (SCALE 8-10)  5
DPTR FM NORMAL   752

[CDD (BASE 65) ]
TOTAL THIS MO.     0
DPTR FM NORMAL    -5    [PRESSURE DATA]
TOTAL FM JAN 1     0    HIGHEST SLP 30.59 ON  3
DPTR FM NORMAL    -5    LOWEST  SLP 29.41 ON 11

[REMARKS]
#FINAL-03-14#
