000
CXUS53 KLSX 011600
CF6SUS
PRELIMINARY LOCAL CLIMATOLOGICAL DATA (WS FORM: F-6)

                                          STATION:   SPIRIT OF ST LOUIS MO
                                          MONTH:     JUNE
                                          YEAR:      2010
                                          LATITUDE:   38 39 N
                                          LONGITUDE:  90 38 W

  TEMPERATURE IN F:       :PCPN:    SNOW:  WIND      :SUNSHINE: SKY     :PK WND
================================================================================
1   2   3   4   5  6A  6B    7    8   9   10  11  12  13   14  15   16   17  18
                                     12Z  AVG MX 2MIN
DY MAX MIN AVG DEP HDD CDD  WTR  SNW DPTH SPD SPD DIR MIN PSBL S-S WX    SPD DR
================================================================================

 1  89  65  77   M   0  12 0.00  0.0    0  3.2 13 190   M    M   2 1      17 190
 2  84  66  75   M   0  10 0.43  0.0    0  7.7 32 320   M    M   5 13     40 320
 3  84  66  75   M   0  10 0.08  0.0    0  2.1 17 300   M    M   4 13     23 170
 4  90  64  77   M   0  12 0.00  0.0    0  4.9 16 220   M    M   1 1      22 210
 5  89  74  82   M   0  17 0.00  0.0    0  8.0 18 230   M    M   3        24 230
 6  83  63  73   M   0   8 0.00  0.0    0  8.6 21 310   M    M   5        25 330
 7  80  61  71   M   0   6 0.00  0.0    0  1.5  8 140   M    M   5        12 150
 8  79  63  71   M   0   6 0.24  0.0    0  5.7 29 210   M    M   7 13     40 220
 9  84  63  74   M   0   9 0.02  0.0    0  2.8  9 300   M    M   5 1      14 290
10  90  60  75   M   0  10 0.00  0.0    0  4.8 15 210   M    M   4 1      21 190
11  83  75  79   M   0  14    T  0.0    0  7.0 17 200   M    M   7        26 220
12  93  68  81   M   0  16 0.37  0.0    0  6.8 29 320   M    M   6 138    36 320
13  93  68  81   M   0  16 0.01  0.0    0  3.4 18 330   M    M   2 13     24 330
14  90  70  80   M   0  15    T  0.0    0  4.5 18 300   M    M   4        22 310
15  87  69  78   M   0  13 1.05  0.0    0  3.1 18 250   M    M   4 13     29 220
16  88  68  78   M   0  13 0.00  0.0    0  1.1  8 230   M    M   2 12      9 250
17  87  69  78   M   0  13 1.18  0.0    0  4.6 26 310   M    M   3 13     33 310
18  93  73  83   M   0  18 0.00  0.0    0  4.0  8 190   M    M   1 1      10 190
19  91   M   M   M   M   M    M  0.0    0  5.4 39 290   M    M   3 13     48 290
20  94  69  82   M   0  17 0.00  0.0    0  1.2 10 300   M    M   0        16 330
21  94  75  85   M   0  20 0.00  0.0    0  3.8 15  10   M    M   3        18 230
22  96  76  86   M   0  21 0.00  0.0    0  6.5 18  60   M    M   3        22  50
23  95  73  84   M   0  19 0.00  0.0    0  6.6 15 230   M    M   2        20 220
24  86  67  77   M   0  12 0.00  0.0    0  5.1 12  10   M    M   3        16  20
25  90  64  77   M   0  12 0.00  0.0    0  2.9  8 180   M    M   1 1      14 110
26  94  73  84   M   0  19 0.00  0.0    0  5.1 15 230   M    M   1 18     21 200
27  94  73  84   M   0  19    M  0.0    0  8.7 31 300   M    M   3 13     43 310
28  88  68  78   M   0  13 0.00  0.0    0  4.9 15 290   M    M   6        18 300
29  83  64  74   M   0   9 0.00  0.0    0  3.7 10  10   M    M   4        14  10
30  82  60  71   M   0   6 0.00  0.0    0  4.0 13  50   M    M   1        18  50
================================================================================
SM 2653 1967         0 385  3.38     0.0 141.7          M      100
================================================================================
AV 88.4 67.8                               4.7 FASTST   M    M   3    MAX(MPH)
                                 MISC ---->  # 39 290               # 48  290
================================================================================
NOTES:
# LAST OF SEVERAL OCCURRENCES

COLUMN 17 PEAK WIND IN M.P.H.

PRELIMINARY LOCAL CLIMATOLOGICAL DATA (WS FORM: F-6) , PAGE 2

                                          STATION:  SPIRIT OF ST LOUIS MO
                                          MONTH:    JUNE
                                          YEAR:     2010
                                          LATITUDE:   38 39 N
                                          LONGITUDE:  90 38 W

[TEMPERATURE DATA]      [PRECIPITATION DATA]       SYMBOLS USED IN COLUMN 16

AVERAGE MONTHLY: 78.1   TOTAL FOR MONTH:   3.38    1 = FOG OR MIST
DPTR FM NORMAL:     M   DPTR FM NORMAL:       M    2 = FOG REDUCING VISIBILITY
HIGHEST:    96 ON 22    GRTST 24HR  1.18 ON 17-17      TO 1/4 MILE OR LESS
LOWEST:     60 ON 30,10                            3 = THUNDER
                        SNOW, ICE PELLETS, HAIL    4 = ICE PELLETS
                        TOTAL MONTH:   0.0 INCH    5 = HAIL
                        GRTST 24HR     0.0         6 = FREEZING RAIN OR DRIZZLE
                        GRTST DEPTH:   0           7 = DUSTSTORM OR SANDSTORM:
                                                       VSBY 1/2 MILE OR LESS
                                                   8 = SMOKE OR HAZE
[NO. OF DAYS WITH]      [WEATHER - DAYS WITH]      9 = BLOWING SNOW
                                                   X = TORNADO
MAX 32 OR BELOW:   0    0.01 INCH OR MORE:   8
MAX 90 OR ABOVE:  14    0.10 INCH OR MORE:   5
MIN 32 OR BELOW:   0    0.50 INCH OR MORE:   2
MIN  0 OR BELOW:   0    1.00 INCH OR MORE:   2

[HDD (BASE 65) ]
TOTAL THIS MO.     0    CLEAR  (SCALE 0-3)  16
DPTR FM NORMAL     M    PTCLDY (SCALE 4-7)  14
TOTAL FM JUL 1  4814    CLOUDY (SCALE 8-10)  0
DPTR FM NORMAL     M

[CDD (BASE 65) ]
TOTAL THIS MO.   385
DPTR FM NORMAL     M    [PRESSURE DATA]
TOTAL FM JAN 1   565    HIGHEST SLP 30.22 ON 30
DPTR FM NORMAL     M    LOWEST  SLP 29.52 ON 27

[REMARKS]
#FINAL-06-10#
