994
CXUS53 KLSX 031722
CF6SUS
PRELIMINARY LOCAL CLIMATOLOGICAL DATA (WS FORM: F-6)
STATION: SPIRIT OF ST LOUIS MO
MONTH: FEBRUARY
YEAR: 2020
LATITUDE: 38 39 N
LONGITUDE: 90 38 W
TEMPERATURE IN F: :PCPN: SNOW: WIND :SUNSHINE: SKY :PK WND
================================================================================
1 2 3 4 5 6A 6B 7 8 9 10 11 12 13 14 15 16 17 18
12Z AVG MX 2MIN
DY MAX MIN AVG DEP HDD CDD WTR SNW DPTH SPD SPD DIR MIN PSBL S-S WX SPD DR
================================================================================
1 46 30 38 6 27 0 0.00 0.0 0 6.0 16 250 M M 6 8 22 250
2 71 37 54 22 11 0 0.00 0.0 0 8.8 18 250 M M 0 27 230
3 72 34 53 20 12 0 T 0.0 0 5.0 17 200 M M 3 27 210
4 53 33 43 10 22 0 0.09 M M 10.8 17 40 M M 10 16 24 10
5 34 29 32 -1 33 0 0.33 M M 9.7 17 70 M M 10 1468 26 80
6 32 28 30 -3 35 0 T M M 8.1 14 330 M M 10 18 18 10
7 39 24 32 -2 33 0 0.02 M M 4.8 14 310 M M 8 18 19 290
8 38 27 33 -1 32 0 0.00 0.0 M 7.9 16 290 M M 6 8 22 290
9 59 32 46 12 19 0 0.51 M M 7.2 20 210 M M 9 1 32 220
10 43 32 38 4 27 0 0.02 M M 6.1 15 330 M M 10 18 19 330
11 45 32 39 5 26 0 T M M 4.3 15 320 M M 9 18 19 340
12 37 30 34 -1 31 0 0.44 M M 4.3 13 80 M M 7 18 17 80
13 35 9 22 -13 43 0 T M M 13.6 25 310 M M 8 1 33 300
14 28 6 17 -18 48 0 0.00 0.0 0 5.7 13 330 M M 0 20 120
15 47 23 35 -1 30 0 0.00 0.0 0 5.1 14 210 M M 7 22 230
16 52 30 41 5 24 0 0.00 0.0 0 3.1 10 60 M M 3 15 70
17 53 36 45 9 20 0 0.11 0.0 0 3.7 10 240 M M 9 1 13 230
18 53 28 41 5 24 0 0.00 0.0 0 8.5 22 310 M M 6 30 320
19 44 25 35 -2 30 0 0.00 0.0 0 5.5 14 10 M M 1 18 360
20 34 18 26 -11 39 0 0.00 0.0 0 8.7 16 340 M M 3 23 360
21 44 14 29 -8 36 0 0.00 0.0 0 3.8 12 200 M M 0 19 220
22 56 21 39 1 26 0 0.00 0.0 0 6.6 16 210 M M 2 24 210
23 64 39 52 14 13 0 0.00 0.0 0 5.8 15 250 M M 3 21 260
24 49 43 46 8 19 0 0.88 0.0 0 7.4 15 80 M M 10 13 19 30
25 43 35 39 0 26 0 0.06 0.0 0 9.7 16 360 M M 10 1 24 330
26 37 26 32 -7 33 0 M M M 12.1 28 320 M M 8 18 36 320
27 44 23 34 -5 31 0 0.00 0.0 M 7.3 18 230 M M 6 26 230
28 49 26 38 -2 27 0 0.00 0.0 0 7.4 24 300 M M 5 33 300
29 53 22 38 -2 27 0 0.00 0.0 0 3.9 9 130 M M 0 M M
================================================================================
SM 1354 792 804 0 2.46 0.0 200.9 M 169
================================================================================
AV 46.7 27.3 6.9 FASTST M M 6 MAX(MPH)
MISC ----> 28 320 36 320
================================================================================
NOTES:
# LAST OF SEVERAL OCCURRENCES
COLUMN 17 PEAK WIND IN M.P.H.
PRELIMINARY LOCAL CLIMATOLOGICAL DATA (WS FORM: F-6) , PAGE 2
STATION: SPIRIT OF ST LOUIS MO
MONTH: FEBRUARY
YEAR: 2020
LATITUDE: 38 39 N
LONGITUDE: 90 38 W
[TEMPERATURE DATA] [PRECIPITATION DATA] SYMBOLS USED IN COLUMN 16
AVERAGE MONTHLY: 37.0 TOTAL FOR MONTH: 2.46 1 = FOG OR MIST
DPTR FM NORMAL: 1.4 DPTR FM NORMAL: 0.46 2 = FOG REDUCING VISIBILITY
HIGHEST: 72 ON 3 GRTST 24HR 0.88 ON 24-24 TO 1/4 MILE OR LESS
LOWEST: 6 ON 14 3 = THUNDER
SNOW, ICE PELLETS, HAIL 4 = ICE PELLETS
TOTAL MONTH: 0.0 INCH 5 = HAIL
GRTST 24HR 0.0 6 = FREEZING RAIN OR DRIZZLE
GRTST DEPTH: 0 7 = DUSTSTORM OR SANDSTORM:
VSBY 1/2 MILE OR LESS
8 = SMOKE OR HAZE
[NO. OF DAYS WITH] [WEATHER - DAYS WITH] 9 = BLOWING SNOW
X = TORNADO
MAX 32 OR BELOW: 2 0.01 INCH OR MORE: 9
MAX 90 OR ABOVE: 0 0.10 INCH OR MORE: 5
MIN 32 OR BELOW: 22 0.50 INCH OR MORE: 2
MIN 0 OR BELOW: 0 1.00 INCH OR MORE: 0
[HDD (BASE 65) ]
TOTAL THIS MO. 804 CLEAR (SCALE 0-3) 10
DPTR FM NORMAL -19 PTCLDY (SCALE 4-7) 9
TOTAL FM JUL 1 3504 CLOUDY (SCALE 8-10) 10
DPTR FM NORMAL -299
[CDD (BASE 65) ]
TOTAL THIS MO. 0
DPTR FM NORMAL 0 [PRESSURE DATA]
TOTAL FM JAN 1 0 HIGHEST SLP 30.78 ON 20
DPTR FM NORMAL 0 LOWEST SLP 29.56 ON 3
[REMARKS]
#FINAL-02-20#