000
CXUS53 KLSX 222344
CF6SUS
PRELIMINARY LOCAL CLIMATOLOGICAL DATA (WS FORM: F-6)

                                          STATION:   SPIRIT OF ST LOUIS MO
                                          MONTH:     MARCH
                                          YEAR:      2010
                                          LATITUDE:   38 39 N
                                          LONGITUDE:  90 38 W

  TEMPERATURE IN F:       :PCPN:    SNOW:  WIND      :SUNSHINE: SKY     :PK WND
================================================================================
1   2   3   4   5  6A  6B    7    8   9   10  11  12  13   14  15   16   17  18
                                     12Z  AVG MX 2MIN
DY MAX MIN AVG DEP HDD CDD  WTR  SNW DPTH SPD SPD DIR MIN PSBL S-S WX    SPD DR
================================================================================

 1  39  24  32   M  33   0 0.00  0.0    0  4.6 13 350   M    M   7 1      17  10
 2  44  25  35   M  30   0 0.00  0.0    0  6.7 14 330   M    M   9        18 330
 3  46  22  34   M  31   0 0.00  0.0    0  6.2 16 290   M    M   1 18     23 320
 4  50  19  35   M  30   0 0.00  0.0    0  1.8  8  40   M    M   0        14  10
 5  53  19  36   M  29   0 0.00  0.0    0  3.3 13  70   M    M   0        16  60
 6  59  21  40   M  25   0 0.00  0.0    0  3.7 13  90   M    M   2        17 100
 7  68  33  51   M  14   0 0.00  0.0    0  6.9 21 270   M    M   6 8       M 999
 8  62  31  47   M  18   0 0.00  0.0    0  4.9 12 100   M    M   4 18     15 110
 9  57  46  52   M  13   0 0.34  0.0    0  7.3 15 140   M    M   8 18     21 140
10  76  45  61   M   4   0 0.02  0.0    0  9.5 20 150   M    M   2 1      26 150
11  64  48  56   M   9   0 0.46  0.0    0 10.1 23 250   M    M   6 1      31 260
12  49  42  46   M  19   0 0.16  0.0    0  4.5 13 250   M    M  10 1      16 260
13  47  42  45   M  20   0 0.08  0.0    0  9.5 14 330   M    M   9 1      20 280
14  49  45  47   M  18   0 0.04  0.0    0  8.6 17 350   M    M  10 1      23 340
15  55  40  48   M  17   0 0.00  0.0    0  4.5 15 360   M    M   8 1      21  30
16  56  44  50   M  15   0 0.00  0.0    0  7.1 15 310   M    M   9        18 310
17  60  41  51   M  14   0 0.00  0.0    0  5.0 13 300   M    M   7 18     18 330
18  64  32  48   M  17   0 0.00  0.0    0  4.0 14 250   M    M   1 12     17 250
19  68  33  51   M  14   0 0.00  0.0    0  2.8 14 260   M    M   1        20 290
20  56  36  46   M  19   0 0.05  0.0    0  9.4 18  30   M    M   8 1      23  30
21  43  36  40   M  25   0 0.19  0.0    0 11.5 18  30   M    M  10 1      23  30
22  61  39  50   M  15   0 0.03  0.0    0  6.6 15 330   M    M   5        18 330
23  71  31  51   M  14   0 0.00  0.0    0  2.0 12 270   M    M   0 1      15 260
24  74  40  57   M   8   0    T  0.0    0  4.1 16 160   M    M   4        22 180
25  56  36  46   M  19   0 1.00  0.0    0  9.9 26  20   M    M   7 1      39  40
26  52  29  41   M  24   0 0.00  0.0    0  6.2 13 110   M    M   0        23  90
27  59  38  49   M  16   0    T  0.0    0  8.4 21 100   M    M   5        30 110
28  57  39  48   M  17   0 0.32  0.0    0 10.6 22 320   M    M   7 1      29 330
29  59  34  47   M  18   0 0.00  0.0    0  2.8 10 360   M    M   1        17  10
30  74  34  54   M  11   0 0.00  0.0    0  6.0 17 170   M    M   1        23 150
31  87  57  72   M   0   7 0.00  0.0    0  9.8 21 200   M    M   1        30 170
================================================================================
SM 1815 1101       556   7  2.69     0.0 198.3          M      149
================================================================================
AV 58.5 35.5                               6.4 FASTST   M    M   5    MAX(MPH)
                                 MISC ---->  # 26  20               # 39   40
================================================================================
NOTES:
# LAST OF SEVERAL OCCURRENCES

COLUMN 17 PEAK WIND IN M.P.H.

PRELIMINARY LOCAL CLIMATOLOGICAL DATA (WS FORM: F-6) , PAGE 2

                                          STATION:  SPIRIT OF ST LOUIS MO
                                          MONTH:    MARCH
                                          YEAR:     2010
                                          LATITUDE:   38 39 N
                                          LONGITUDE:  90 38 W

[TEMPERATURE DATA]      [PRECIPITATION DATA]       SYMBOLS USED IN COLUMN 16

AVERAGE MONTHLY: 47.0   TOTAL FOR MONTH:   2.69    1 = FOG OR MIST
DPTR FM NORMAL:     M   DPTR FM NORMAL:       M    2 = FOG REDUCING VISIBILITY
HIGHEST:    87 ON 31    GRTST 24HR  1.00 ON 25-25      TO 1/4 MILE OR LESS
LOWEST:     19 ON  5, 4                            3 = THUNDER
                        SNOW, ICE PELLETS, HAIL    4 = ICE PELLETS
                        TOTAL MONTH:   0.0 INCH    5 = HAIL
                        GRTST 24HR     0.0         6 = FREEZING RAIN OR DRIZZLE
                        GRTST DEPTH:   0           7 = DUSTSTORM OR SANDSTORM:
                                                       VSBY 1/2 MILE OR LESS
                                                   8 = SMOKE OR HAZE
[NO. OF DAYS WITH]      [WEATHER - DAYS WITH]      9 = BLOWING SNOW
                                                   X = TORNADO
MAX 32 OR BELOW:   0    0.01 INCH OR MORE:  11
MAX 90 OR ABOVE:   0    0.10 INCH OR MORE:   6
MIN 32 OR BELOW:  10    0.50 INCH OR MORE:   1
MIN  0 OR BELOW:   0    1.00 INCH OR MORE:   1

[HDD (BASE 65) ]
TOTAL THIS MO.   556    CLEAR  (SCALE 0-3)  12
DPTR FM NORMAL     M    PTCLDY (SCALE 4-7)  12
TOTAL FM JUL 1  4572    CLOUDY (SCALE 8-10)  7
DPTR FM NORMAL     M

[CDD (BASE 65) ]
TOTAL THIS MO.     7
DPTR FM NORMAL     M    [PRESSURE DATA]
TOTAL FM JAN 1     7    HIGHEST SLP M ON M
DPTR FM NORMAL     M    LOWEST  SLP 29.41 ON 11

[REMARKS]
#FINAL-03-10#
