000
CXUS53 KLSX 011600
CF6SUS
PRELIMINARY LOCAL CLIMATOLOGICAL DATA (WS FORM: F-6)

                                          STATION:   SPIRIT OF ST LOUIS MO
                                          MONTH:     NOVEMBER
                                          YEAR:      2013
                                          LATITUDE:   38 39 N
                                          LONGITUDE:  90 38 W

  TEMPERATURE IN F:       :PCPN:    SNOW:  WIND      :SUNSHINE: SKY     :PK WND
================================================================================
1   2   3   4   5  6A  6B    7    8   9   10  11  12  13   14  15   16   17  18
                                     12Z  AVG MX 2MIN
DY MAX MIN AVG DEP HDD CDD  WTR  SNW DPTH SPD SPD DIR MIN PSBL S-S WX    SPD DR
================================================================================

 1  63  44  54   2  11   0    T  0.0    0  9.0 23 250   M    M   3        31 260
 2  56  32  44  -8  21   0 0.00  0.0    0  6.9 20 310   M    M   5        25 320
 3  58  28  43  -8  22   0 0.00  0.0    0  3.7 15 130   M    M   3 12     20 110
 4  61  46  54   3  11   0 0.00  0.0    0  5.9 17 180   M    M   5        23 180
 5  60  52  56   6   9   0 0.20  0.0    0  5.4 14 170   M    M  10 1      22 170
 6  59  33  46  -4  19   0 0.30  0.0    0  9.2 28 300   M    M   7 1      35 300
 7  57  28  43  -7  22   0 0.00  0.0    0  4.5 16 300   M    M   1        20 260
 8  60  25  43  -6  22   0 0.00  0.0    0  5.6 16 170   M    M   1 1      26 160
 9  67  38  53   4  12   0 0.00  0.0    0  7.9 18 250   M    M   0        25 230
10  55  32  44  -4  21   0 0.00  0.0    0  1.7 15 350   M    M   1        18 350
11  65  32  49   1  16   0 0.04    M    0  8.7 21  20   M    M   8 1      29  20
12  36  19  28 -19  37   0    T    M    0  7.4 20  10   M    M   1 1      25  10
13  49  16  33 -14  32   0 0.00  0.0    0  3.9 13 200   M    M   1        16 200
14  61  23  42  -4  23   0 0.00  0.0    0  6.4 16 210   M    M   2        25 200
15  60  40  50   4  15   0    T  0.0    0  5.6 16 200   M    M   6        25 220
16  66  49  58  13   7   0 0.04  0.0    0  9.6 21 180   M    M   9        30 190
17  79  46  63  18   2   0 0.02  0.0    0 15.0 40 250   M    M   3 38     59 260
18  56  30  43  -1  22   0 0.00  0.0    0  6.6 22 310   M    M   0        26 330
19  50  25  38  -6  27   0 0.00  0.0    0  2.5  9 130   M    M   3        12 140
20  51  32  42  -1  23   0 0.14  0.0    0  5.9 13 150   M    M   8 18     21 170
21  51  48  50   7  15   0 0.31  0.0    0  1.7  9 190   M    M  10 12     13 160
22  50  33  42   0  23   0 0.01  0.0    0 10.0 20 310   M    M  10 1      23 310
23  34  18  26 -16  39   0 0.00  0.0    0  9.8 20 330   M    M   1        25  10
24  30  14  22 -19  43   0 0.00  0.0    0  3.6  8 130   M    M   1        10 160
25  36  27  32  -9  33   0    T    T    0  4.7 13 230   M    M   9        17 240
26  39  24  32  -8  33   0 0.00  0.0    0  8.2 24 320   M    M   6        36 330
27  31  16  24 -16  41   0 0.00  0.0    0  6.4 18 350   M    M   1        24 350
28  47  17  32  -8  33   0 0.00  0.0    0  5.1 16 260   M    M   0        22 240
29  46  16  31  -8  34   0 0.00  0.0    0  2.9  9 100   M    M   1        13 110
30  61  19  40   1  25   0 0.00  0.0    0  2.3 12 200   M    M   0 1      17 200
================================================================================
SM 1594  902       693   0  1.06    T    186.1          M      116
================================================================================
AV 53.1 30.1                               6.2 FASTST   M    M   4    MAX(MPH)
                                 MISC ---->  # 40 250               # 59  260
================================================================================
NOTES:
# LAST OF SEVERAL OCCURRENCES

COLUMN 17 PEAK WIND IN M.P.H.

PRELIMINARY LOCAL CLIMATOLOGICAL DATA (WS FORM: F-6) , PAGE 2

                                          STATION:  SPIRIT OF ST LOUIS MO
                                          MONTH:    NOVEMBER
                                          YEAR:     2013
                                          LATITUDE:   38 39 N
                                          LONGITUDE:  90 38 W

[TEMPERATURE DATA]      [PRECIPITATION DATA]       SYMBOLS USED IN COLUMN 16

AVERAGE MONTHLY: 41.6   TOTAL FOR MONTH:   1.06    1 = FOG OR MIST
DPTR FM NORMAL:  -3.9   DPTR FM NORMAL:   -2.75    2 = FOG REDUCING VISIBILITY
HIGHEST:    79 ON 17    GRTST 24HR  0.74 ON 31- 1      TO 1/4 MILE OR LESS
LOWEST:     14 ON 24                               3 = THUNDER
                        SNOW, ICE PELLETS, HAIL    4 = ICE PELLETS
                        TOTAL MONTH:    T          5 = HAIL
                        GRTST 24HR    T  ON 25-25  6 = FREEZING RAIN OR DRIZZLE
                        GRTST DEPTH:   0           7 = DUSTSTORM OR SANDSTORM:
                                                       VSBY 1/2 MILE OR LESS
                                                   8 = SMOKE OR HAZE
[NO. OF DAYS WITH]      [WEATHER - DAYS WITH]      9 = BLOWING SNOW
                                                   X = TORNADO
MAX 32 OR BELOW:   2    0.01 INCH OR MORE:   8
MAX 90 OR ABOVE:   0    0.10 INCH OR MORE:   4
MIN 32 OR BELOW:  20    0.50 INCH OR MORE:   0
MIN  0 OR BELOW:   0    1.00 INCH OR MORE:   0

[HDD (BASE 65) ]
TOTAL THIS MO.   693    CLEAR  (SCALE 0-3)  17
DPTR FM NORMAL   104    PTCLDY (SCALE 4-7)   8
TOTAL FM JUL 1  1030    CLOUDY (SCALE 8-10)  5
DPTR FM NORMAL   112

[CDD (BASE 65) ]
TOTAL THIS MO.     0
DPTR FM NORMAL    -2    [PRESSURE DATA]
TOTAL FM JAN 1  1354    HIGHEST SLP 30.78 ON 12
DPTR FM NORMAL    -7    LOWEST  SLP 29.44 ON 17

[REMARKS]
#FINAL-11-13#
