000
CXUS53 KLSX 011600
CF6SUS
PRELIMINARY LOCAL CLIMATOLOGICAL DATA (WS FORM: F-6)

                                          STATION:   SPIRIT OF ST LOUIS MO
                                          MONTH:     JUNE
                                          YEAR:      2017
                                          LATITUDE:   38 39 N
                                          LONGITUDE:  90 38 W

  TEMPERATURE IN F:       :PCPN:    SNOW:  WIND      :SUNSHINE: SKY     :PK WND
================================================================================
1   2   3   4   5  6A  6B    7    8   9   10  11  12  13   14  15   16   17  18
                                     12Z  AVG MX 2MIN
DY MAX MIN AVG DEP HDD CDD  WTR  SNW DPTH SPD SPD DIR MIN PSBL S-S WX    SPD DR
================================================================================

 1  80  56  68  -2   0   3 0.00  0.0    0  1.6  9  70   M    M   5        12  70
 2  89  58  74   4   0   9 0.00  0.0    0  1.3  7 220   M    M   3 1      11  90
 3  90  63  77   6   0  12 0.00  0.0    0  2.7 10 170   M    M   3 1      14 170
 4  87  69  78   7   0  13 0.64  0.0    0  3.4 23 170   M    M   6 13     38 190
 5  89  68  79   8   0  14 0.00  0.0    0  5.2 17  50   M    M   5 12     23  40
 6  81  57  69  -3   0   4 0.00  0.0    0  8.3 13 360   M    M   0         M  M
 7  80  51  66  -6   0   1 0.00  0.0    0  5.7 17  60   M    M   2        23  40
 8  83  51  67  -5   0   2 0.00  0.0    0  2.5  8 230   M    M   1        12 220
 9  85  55  70  -2   0   5 0.00  0.0    0  5.3 16 260   M    M   0        21 250
10  87  60  74   1   0   9 0.00  0.0    0  7.7 20 200   M    M   1        25 200
11  90  68  79   6   0  14 0.00  0.0    0  8.5 18 190   M    M   1        27 180
12  93  66  80   7   0  15 0.00  0.0    0  6.0 15 200   M    M   1        21 210
13  93  73  83   9   0  18 0.00  0.0    0  7.0 15 220   M    M   2        21 240
14  88  70  79   5   0  14 1.06  0.0    0  6.3 26 280   M    M   5 138    35 240
15  91  66  79   5   0  14 0.64  0.0    0  5.3 23 330   M    M   4 13     32 340
16  89  70  80   6   0  15    T  0.0    0  6.1 18 350   M    M   5 3      22 350
17  88  69  79   4   0  14 0.20  0.0    0  6.2 20 250   M    M   5 13     24 250
18  82  66  74  -1   0   9 0.71  0.0    0  6.5 36 260   M    M   5 13     51 240
19  86  62  74  -1   0   9 0.00  0.0    0  6.1 18 250   M    M   2        23 230
20  89  61  75   0   0  10 0.00  0.0    0  6.2 15 250   M    M   2        22 220
21  93  71  82   6   0  17 0.00  0.0    0  6.0 13 230   M    M   2        16 180
22  85  72  79   3   0  14 0.00  0.0    0  5.2 14 170   M    M   5        19 190
23  85  68  77   1   0  12 0.00  0.0    0  7.3 22 330   M    M   6        29 320
24  79  56  68  -8   0   3 0.00  0.0    0  8.1 22 300   M    M   2        26 280
25  83  54  69  -7   0   4 0.00  0.0    0  8.1 20 300   M    M   1        27 320
26  80  51  66 -11   0   1    T  0.0    0  4.5 16 340   M    M   3        21 330
27  82  52  67 -10   0   2 0.00  0.0    0  3.1  9 230   M    M   2 12     13 170
28  88  66  77   0   0  12 0.00  0.0    0  7.7 20 170   M    M   3        26 210
29  89  69  79   2   0  14 0.43  0.0    0  6.7 20 220   M    M   7 13     26 220
30  84  70  77   0   0  12 0.05  0.0    0  5.3 16 290   M    M   5 1      21 230
================================================================================
SM 2588 1888         0 295  3.73     0.0 169.9          M       94
================================================================================
AV 86.3 62.9                               5.7 FASTST   M    M   3    MAX(MPH)
                                 MISC ---->  # 36 260               # 51  240
================================================================================
NOTES:
# LAST OF SEVERAL OCCURRENCES

COLUMN 17 PEAK WIND IN M.P.H.

PRELIMINARY LOCAL CLIMATOLOGICAL DATA (WS FORM: F-6) , PAGE 2

                                          STATION:  SPIRIT OF ST LOUIS MO
                                          MONTH:    JUNE
                                          YEAR:     2017
                                          LATITUDE:   38 39 N
                                          LONGITUDE:  90 38 W

[TEMPERATURE DATA]      [PRECIPITATION DATA]       SYMBOLS USED IN COLUMN 16

AVERAGE MONTHLY: 74.6   TOTAL FOR MONTH:   3.73    1 = FOG OR MIST
DPTR FM NORMAL:   0.5   DPTR FM NORMAL:   -0.55    2 = FOG REDUCING VISIBILITY
HIGHEST:    93 ON 21,13 GRTST 24HR  1.06 ON 14-14      TO 1/4 MILE OR LESS
LOWEST:     51 ON 26, 8                            3 = THUNDER
                        SNOW, ICE PELLETS, HAIL    4 = ICE PELLETS
                        TOTAL MONTH:   0.0 INCH    5 = HAIL
                        GRTST 24HR     0.0         6 = FREEZING RAIN OR DRIZZLE
                        GRTST DEPTH:   0           7 = DUSTSTORM OR SANDSTORM:
                                                       VSBY 1/2 MILE OR LESS
                                                   8 = SMOKE OR HAZE
[NO. OF DAYS WITH]      [WEATHER - DAYS WITH]      9 = BLOWING SNOW
                                                   X = TORNADO
MAX 32 OR BELOW:   0    0.01 INCH OR MORE:   7
MAX 90 OR ABOVE:   6    0.10 INCH OR MORE:   6
MIN 32 OR BELOW:   0    0.50 INCH OR MORE:   4
MIN  0 OR BELOW:   0    1.00 INCH OR MORE:   1

[HDD (BASE 65) ]
TOTAL THIS MO.     0    CLEAR  (SCALE 0-3)  15
DPTR FM NORMAL    -8    PTCLDY (SCALE 4-7)  15
TOTAL FM JUL 1  3804    CLOUDY (SCALE 8-10)  0
DPTR FM NORMAL  -971

[CDD (BASE 65) ]
TOTAL THIS MO.   295
DPTR FM NORMAL    14    [PRESSURE DATA]
TOTAL FM JAN 1   440    HIGHEST SLP 30.21 ON 25
DPTR FM NORMAL    22    LOWEST  SLP 29.61 ON 23

[REMARKS]
#FINAL-06-17#
