756
CXUS53 KLSX 011600
CF6SUS
PRELIMINARY LOCAL CLIMATOLOGICAL DATA (WS FORM: F-6)

                                          STATION:   SPIRIT OF ST LOUIS MO
                                          MONTH:     SEPTEMBER
                                          YEAR:      2015
                                          LATITUDE:   38 39 N
                                          LONGITUDE:  90 38 W

  TEMPERATURE IN F:       :PCPN:    SNOW:  WIND      :SUNSHINE: SKY     :PK WND
================================================================================
1   2   3   4   5  6A  6B    7    8   9   10  11  12  13   14  15   16   17  18
                                     12Z  AVG MX 2MIN
DY MAX MIN AVG DEP HDD CDD  WTR  SNW DPTH SPD SPD DIR MIN PSBL S-S WX    SPD DR
================================================================================

 1  92  69  81   8   0  16 0.00  0.0    0  3.5 10 220   M    M   1 18     15 210
 2  91  68  80   7   0  15 0.00  0.0    0  2.9 12 230   M    M   1 1      15 220
 3  92  69  81   8   0  16 0.00  0.0    0  2.2 10 250   M    M   2 1      16 250
 4  93  67  80   8   0  15 0.00  0.0    0  1.9  9 200   M    M   2 18     12 250
 5  91  67  79   7   0  14 0.00  0.0    0  1.8  9 200   M    M   1 1      12 210
 6  93  68  81   9   0  16 0.00  0.0    0  2.8 10 230   M    M   2 18     14 230
 7  89  68  79   8   0  14    T  0.0    0  3.0 12 160   M    M   5 18     15 160
 8  86  71  79   8   0  14 0.21  0.0    0  4.9 18 310   M    M   7 13     25 250
 9  83  66  75   4   0  10 0.03  0.0    0  2.2  8  90   M    M   6 13     12  90
10  86  63  75   5   0  10    T  0.0    0  2.5 13  60   M    M   5 1      16 230
11  77  55  66  -4   0   1 0.20  0.0    0  8.4 21 340   M    M   5 1      26 330
12  69  49  59 -11   6   0 0.00  0.0    0  5.9 17 330   M    M   3        22 340
13  74  46  60  -9   5   0 0.00  0.0    0  3.3 10 230   M    M   3 12     15 230
14  83  54  69   0   0   4 0.00  0.0    0  4.1 14 180   M    M   2        23 140
15  84  53  69   1   0   4 0.00  0.0    0  4.2 14 170   M    M   0        20 170
16  87  56  72   4   0   7 0.00  0.0    0  4.3 13 200   M    M   1        18 200
17  91  66  79  12   0  14 0.00  0.0    0  6.0 16 200   M    M   2        21 200
18  91  72  82  15   0  17    T  0.0    0  6.2 12 210   M    M   4        18 190
19  79  52  66  -1   0   1    T  0.0    0  7.2 21 310   M    M   4 3      26 320
20  74  48  61  -5   4   0 0.00  0.0    0  1.5 10  90   M    M   2 12     13 100
21  79  46  63  -3   2   0 0.00  0.0    0  2.0 10  90   M    M   0 12     16  90
22  83  50  67   2   0   2 0.00  0.0    0  1.4 10  80   M    M   2 1      14  90
23  85  53  69   4   0   4 0.00  0.0    0  1.2  8  90   M    M   2 12     13 110
24  85  53  69   4   0   4 0.00  0.0    0  1.5 10  70   M    M   3 1      14  70
25  86  51  69   5   0   4 0.00  0.0    0  2.3 12  50   M    M   1 12     18  70
26  77  52  65   1   0   0 0.00  0.0    0  3.7 14  80   M    M   5 1      20  60
27  77  65  71   7   0   6    T  0.0    0  1.9  8  90   M    M  10        12  90
28  84  61  73  10   0   8 0.03  0.0    0  1.2  8 120   M    M   7 12     13 180
29  82  62  72   9   0   7 0.05  0.0    0  4.4 16 350   M    M   9 13     22  20
30  72  55  64   2   1   0 0.01  0.0    0  8.9 17  40   M    M   5 1      20  40
================================================================================
SM 2515 1775        18 223  0.53     0.0 107.3          M      102
================================================================================
AV 83.8 59.2                               3.6 FASTST   M    M   3    MAX(MPH)
                                 MISC ---->  # 21 340               # 26  330
================================================================================
NOTES:
# LAST OF SEVERAL OCCURRENCES

COLUMN 17 PEAK WIND IN M.P.H.

PRELIMINARY LOCAL CLIMATOLOGICAL DATA (WS FORM: F-6) , PAGE 2

                                          STATION:  SPIRIT OF ST LOUIS MO
                                          MONTH:    SEPTEMBER
                                          YEAR:     2015
                                          LATITUDE:   38 39 N
                                          LONGITUDE:  90 38 W

[TEMPERATURE DATA]      [PRECIPITATION DATA]       SYMBOLS USED IN COLUMN 16

AVERAGE MONTHLY: 71.5   TOTAL FOR MONTH:   0.53    1 = FOG OR MIST
DPTR FM NORMAL:   3.5   DPTR FM NORMAL:   -2.91    2 = FOG REDUCING VISIBILITY
HIGHEST:    93 ON  6, 4 GRTST 24HR  0.24 ON  8- 9      TO 1/4 MILE OR LESS
LOWEST:     46 ON 21,13                            3 = THUNDER
                        SNOW, ICE PELLETS, HAIL    4 = ICE PELLETS
                        TOTAL MONTH:   0.0 INCH    5 = HAIL
                        GRTST 24HR     0.0         6 = FREEZING RAIN OR DRIZZLE
                        GRTST DEPTH:   0           7 = DUSTSTORM OR SANDSTORM:
                                                       VSBY 1/2 MILE OR LESS
                                                   8 = SMOKE OR HAZE
[NO. OF DAYS WITH]      [WEATHER - DAYS WITH]      9 = BLOWING SNOW
                                                   X = TORNADO
MAX 32 OR BELOW:   0    0.01 INCH OR MORE:   6
MAX 90 OR ABOVE:   8    0.10 INCH OR MORE:   2
MIN 32 OR BELOW:   0    0.50 INCH OR MORE:   0
MIN  0 OR BELOW:   0    1.00 INCH OR MORE:   0

[HDD (BASE 65) ]
TOTAL THIS MO.    18    CLEAR  (SCALE 0-3)  18
DPTR FM NORMAL   -38    PTCLDY (SCALE 4-7)  10
TOTAL FM JUL 1    18    CLOUDY (SCALE 8-10)  2
DPTR FM NORMAL   -40

[CDD (BASE 65) ]
TOTAL THIS MO.   223
DPTR FM NORMAL    77    [PRESSURE DATA]
TOTAL FM JAN 1  1409    HIGHEST SLP 30.20 ON 23
DPTR FM NORMAL    80    LOWEST  SLP 29.74 ON 18

[REMARKS]
#FINAL-09-15#
