000
CXUS53 KLSX 011600
CF6SUS
PRELIMINARY LOCAL CLIMATOLOGICAL DATA (WS FORM: F-6)

                                          STATION:   SPIRIT OF ST LOUIS MO
                                          MONTH:     OCTOBER
                                          YEAR:      2013
                                          LATITUDE:   38 39 N
                                          LONGITUDE:  90 38 W

  TEMPERATURE IN F:       :PCPN:    SNOW:  WIND      :SUNSHINE: SKY     :PK WND
================================================================================
1   2   3   4   5  6A  6B    7    8   9   10  11  12  13   14  15   16   17  18
                                     12Z  AVG MX 2MIN
DY MAX MIN AVG DEP HDD CDD  WTR  SNW DPTH SPD SPD DIR MIN PSBL S-S WX    SPD DR
================================================================================

 1  84  62  73  11   0   8 0.00  0.0    0  4.1 12 170   M    M   6 1      15 150
 2  85  62  74  12   0   9 0.16  0.0    0  2.8 13 180   M    M   6 12     17 170
 3  87  64  76  15   0  11 0.00  0.0    0  6.3 17 210   M    M   3 1      25 220
 4  88  67  78  17   0  13 0.00  0.0    0  6.1 16 160   M    M   2 1      21 170
 5  77  53  65   4   0   0 0.19  0.0    0  5.9 21 250   M    M   7 1      24 250
 6  58  47  53  -7  12   0    T  0.0    0  9.4 26 250   M    M   5        35 260
 7  71  46  59  -1   6   0 0.00  0.0    0  4.1 15 300   M    M   5        18 300
 8  75  41  58  -2   7   0 0.00  0.0    0  2.5  M   M   M    M   0 1       M  M
 9  75  40  58  -1   7   0 0.00  0.0    0  1.2 12 110   M    M   0 12      M  M
10  80  49  65   6   0   0 0.00  0.0    0  2.2 13  90   M    M   4 1      17 120
11  81  48  65   6   0   0 0.00  0.0    0  3.7 15 170   M    M   2 12     23 170
12  79  46  63   5   2   0 0.03  0.0    0  2.7 14 320   M    M   4 13     17 320
13  74  40  57  -1   8   0 0.00  0.0    0  2.2  9  10   M    M   0 18     14 330
14  67  40  54  -4  11   0 0.01  0.0    0  2.8 10  90   M    M   4        13 110
15  67  52  60   2   5   0 0.41  0.0    0  6.5 13 240   M    M   7 1      16 240
16  60  42  51  -6  14   0 0.00  0.0    0  4.9 14 300   M    M   4        21 310
17  65  43  54  -3  11   0    T  0.0    0  5.0 16 240   M    M   5        22 250
18  62  40  51  -6  14   0 0.11  0.0    0  7.9 15 330   M    M   4 1      20 310
19  58  39  49  -7  16   0 0.14  0.0    0  8.3 18 260   M    M   4 1      24 250
20  72  45  59   3   6   0 0.00  0.0    0 10.1 20 230   M    M   0        26 210
21  57  33  45 -11  20   0 0.00  0.0    0  6.2 15 320   M    M   4        18 300
22  63  31  47  -8  18   0    T  0.0    0  7.4 29 260   M    M   7        40 260
23  50  35  43 -12  22   0    T  0.0    0  7.5 16 280   M    M   8        22 250
24  49  25  37 -18  28   0 0.00  0.0    0  8.0 23 320   M    M   5        32 300
25  55  23  39 -15  26   0 0.00  0.0    0  3.0 12 200   M    M   0        17 210
26  66  31  49  -5  16   0 0.00  0.0    0  8.2 22 260   M    M   2        28 250
27  61  26  44 -10  21   0 0.00  0.0    0  1.3 10 280   M    M   0        13 260
28  69  28  49  -4  16   0 0.00  0.0    0  1.6 12  90   M    M   1        15  90
29  58  41  50  -3  15   0 0.15  0.0    0  3.4  8 110   M    M   7 1      15 150
30  73  52  63  10   2   0 0.01  0.0    0  5.2 14 200   M    M   9 12     20 200
31  67  48  58   6   7   0 0.75  0.0    0  7.2 23 290   M    M   9 1      30 310
================================================================================
SM 2133 1339       310  41  1.96     0.0 157.7          M      124
================================================================================
AV 68.8 43.2                               5.1 FASTST   M    M   4    MAX(MPH)
                                 MISC ---->  # 29 260               # 40  260
================================================================================
NOTES:
# LAST OF SEVERAL OCCURRENCES

COLUMN 17 PEAK WIND IN M.P.H.

PRELIMINARY LOCAL CLIMATOLOGICAL DATA (WS FORM: F-6) , PAGE 2

                                          STATION:  SPIRIT OF ST LOUIS MO
                                          MONTH:    OCTOBER
                                          YEAR:     2013
                                          LATITUDE:   38 39 N
                                          LONGITUDE:  90 38 W

[TEMPERATURE DATA]      [PRECIPITATION DATA]       SYMBOLS USED IN COLUMN 16

AVERAGE MONTHLY: 56.0   TOTAL FOR MONTH:   1.96    1 = FOG OR MIST
DPTR FM NORMAL:  -1.2   DPTR FM NORMAL:   -1.79    2 = FOG REDUCING VISIBILITY
HIGHEST:    88 ON  4    GRTST 24HR  0.76 ON 30-31      TO 1/4 MILE OR LESS
LOWEST:     23 ON 25                               3 = THUNDER
                        SNOW, ICE PELLETS, HAIL    4 = ICE PELLETS
                        TOTAL MONTH:   0.0 INCH    5 = HAIL
                        GRTST 24HR     0.0         6 = FREEZING RAIN OR DRIZZLE
                        GRTST DEPTH:   0           7 = DUSTSTORM OR SANDSTORM:
                                                       VSBY 1/2 MILE OR LESS
                                                   8 = SMOKE OR HAZE
[NO. OF DAYS WITH]      [WEATHER - DAYS WITH]      9 = BLOWING SNOW
                                                   X = TORNADO
MAX 32 OR BELOW:   0    0.01 INCH OR MORE:  10
MAX 90 OR ABOVE:   0    0.10 INCH OR MORE:   7
MIN 32 OR BELOW:   6    0.50 INCH OR MORE:   1
MIN  0 OR BELOW:   0    1.00 INCH OR MORE:   0

[HDD (BASE 65) ]
TOTAL THIS MO.   310    CLEAR  (SCALE 0-3)  10
DPTR FM NORMAL    39    PTCLDY (SCALE 4-7)  19
TOTAL FM JUL 1   337    CLOUDY (SCALE 8-10)  2
DPTR FM NORMAL     8

[CDD (BASE 65) ]
TOTAL THIS MO.    41
DPTR FM NORMAL    11    [PRESSURE DATA]
TOTAL FM JAN 1  1354    HIGHEST SLP 30.54 ON 25
DPTR FM NORMAL    -5    LOWEST  SLP 29.38 ON 31

[REMARKS]
#FINAL-10-13#
