000
CXUS53 KLSX 311600
CF6SUS
PRELIMINARY LOCAL CLIMATOLOGICAL DATA (WS FORM: F-6)

                                          STATION:   SPIRIT OF ST LOUIS MO
                                          MONTH:     DECEMBER
                                          YEAR:      2013
                                          LATITUDE:   38 39 N
                                          LONGITUDE:  90 38 W

  TEMPERATURE IN F:       :PCPN:    SNOW:  WIND      :SUNSHINE: SKY     :PK WND
================================================================================
1   2   3   4   5  6A  6B    7    8   9   10  11  12  13   14  15   16   17  18
                                     12Z  AVG MX 2MIN
DY MAX MIN AVG DEP HDD CDD  WTR  SNW DPTH SPD SPD DIR MIN PSBL S-S WX    SPD DR
================================================================================

 1  58  25  42   4  23   0 0.00  0.0    0  0.5  7 250   M    M   0 1      14 320
 2  58  32  45   7  20   0 0.00  0.0    0  0.8  9 280   M    M   5 18     12 280
 3  61  33  47   9  18   0 0.00  0.0    0  3.5 14 170   M    M   5 1      18 150
 4  69  39  54  17  11   0 0.00  0.0    0  9.5 23 280   M    M   7 18     30 290
 5  39  22  31  -6  34   0 0.07    M    0  9.9 20 300   M    M  10 168    25 280
 6  24  14  19 -17  46   0    T    M    M  9.7 16 330   M    M  10        21 330
 7  23  11  17 -19  48   0 0.00  0.0    M  6.0 12  70   M    M   1        15  80
 8  28  20  24 -12  41   0    T    M    M  6.1 15  50   M    M  10 18     17  60
 9  28  21  25 -10  40   0 0.00  0.0    M  8.2 17 280   M    M   9        23 300
10  36  12  24 -11  41   0 0.00  0.0    M  6.8 21 250   M    M   1        26 250
11  33   9  21 -14  44   0 0.00  0.0    M  7.1 21 320   M    M   1        28 320
12  40   6  23 -11  42   0 0.00  0.0    M  4.9 15 230   M    M   0        20 230
13  38  16  27  -7  38   0 0.29    M    0  2.7 10 170   M    M   6 1      17 160
14  34  27  31  -3  34   0 0.40    M    M  9.2 20 310   M    M  10 18     25 320
15  38  18  28  -6  37   0 0.00  0.0    M  5.6 17 290   M    M   6 18     23 290
16  35  17  26  -7  39   0 0.00  0.0    M  2.9 13 320   M    M   5 128    15 310
17  41  21  31  -2  34   0 0.00  0.0    M  5.6 22 310   M    M   4 18     29 310
18  54  15  35   2  30   0 0.00  0.0    M  4.5 18 200   M    M   1        25 200
19  60  44  52  19  13   0 0.00  0.0    M  7.8 16 210   M    M   7        25 200
20  70  36  53  20  12   0    T  0.0    0  9.6 21 300   M    M   9        29 230
21  36  32  34   2  31   0 0.69  0.0    0  5.8 13  10   M    M  10 1      20  20
22  35  27  31  -1  34   0 0.01    M    0 10.4 21 250   M    M  10 189    25 260
23  27  11  19 -13  46   0    T    T    0  9.5 17 290   M    M   7 18     22 310
24  24   4  14 -18  51   0 0.00  0.0    0  5.2 14 160   M    M   2        22 160
25  36  23  30  -2  35   0 0.00  0.0    0  7.6 15 250   M    M  10        20 250
26  50  20  35   3  30   0 0.00  0.0    0  5.7 14 210   M    M   0 18     18 240
27  56  21  39   7  26   0 0.00  0.0    0  2.0 12 250   M    M   0        16 250
28  61  23  42  10  23   0 0.00  0.0    0  4.7 15 210   M    M   1        22 190
29  42  16  29  -2  36   0 0.00  0.0    0 11.4 23 300   M    M   6        28 290
30  31   9  20 -11  45   0 0.00  0.0    0  4.1 13 250   M    M   5        17 330
================================================================================
SM 1265  624      1002   0  1.46    T    187.3          M      158
================================================================================
AV 42.2 20.8                               6.2 FASTST   M    M   5    MAX(MPH)
                                 MISC ---->  # 23 280               # 30  290
================================================================================
NOTES:
# LAST OF SEVERAL OCCURRENCES

COLUMN 17 PEAK WIND IN M.P.H.

PRELIMINARY LOCAL CLIMATOLOGICAL DATA (WS FORM: F-6) , PAGE 2

                                          STATION:  SPIRIT OF ST LOUIS MO
                                          MONTH:    DECEMBER
                                          YEAR:     2013
                                          LATITUDE:   38 39 N
                                          LONGITUDE:  90 38 W

[TEMPERATURE DATA]      [PRECIPITATION DATA]       SYMBOLS USED IN COLUMN 16

AVERAGE MONTHLY: 31.5   TOTAL FOR MONTH:   1.46    1 = FOG OR MIST
DPTR FM NORMAL:  -2.5   DPTR FM NORMAL:   -1.37    2 = FOG REDUCING VISIBILITY
HIGHEST:    70 ON 20    GRTST 24HR  0.69 ON 21-21      TO 1/4 MILE OR LESS
LOWEST:      4 ON 24                               3 = THUNDER
                        SNOW, ICE PELLETS, HAIL    4 = ICE PELLETS
                        TOTAL MONTH:    T          5 = HAIL
                        GRTST 24HR    T  ON 23-23  6 = FREEZING RAIN OR DRIZZLE
                        GRTST DEPTH:   0           7 = DUSTSTORM OR SANDSTORM:
                                                       VSBY 1/2 MILE OR LESS
                                                   8 = SMOKE OR HAZE
[NO. OF DAYS WITH]      [WEATHER - DAYS WITH]      9 = BLOWING SNOW
                                                   X = TORNADO
MAX 32 OR BELOW:   7    0.01 INCH OR MORE:   5
MAX 90 OR ABOVE:   0    0.10 INCH OR MORE:   3
MIN 32 OR BELOW:  26    0.50 INCH OR MORE:   1
MIN  0 OR BELOW:   0    1.00 INCH OR MORE:   0

[HDD (BASE 65) ]
TOTAL THIS MO.  1002    CLEAR  (SCALE 0-3)  10
DPTR FM NORMAL    70    PTCLDY (SCALE 4-7)  11
TOTAL FM JUL 1  2032    CLOUDY (SCALE 8-10)  9
DPTR FM NORMAL   182

[CDD (BASE 65) ]
TOTAL THIS MO.     0
DPTR FM NORMAL     0    [PRESSURE DATA]
TOTAL FM JAN 1  1354    HIGHEST SLP M ON M
DPTR FM NORMAL    -7    LOWEST  SLP 29.50 ON 30

[REMARKS]
