000
CXUS53 KLSX 011600
CF6SUS
PRELIMINARY LOCAL CLIMATOLOGICAL DATA (WS FORM: F-6)

                                          STATION:   SPIRIT OF ST LOUIS MO
                                          MONTH:     FEBRUARY
                                          YEAR:      2014
                                          LATITUDE:   38 39 N
                                          LONGITUDE:  90 38 W

  TEMPERATURE IN F:       :PCPN:    SNOW:  WIND      :SUNSHINE: SKY     :PK WND
================================================================================
1   2   3   4   5  6A  6B    7    8   9   10  11  12  13   14  15   16   17  18
                                     12Z  AVG MX 2MIN
DY MAX MIN AVG DEP HDD CDD  WTR  SNW DPTH SPD SPD DIR MIN PSBL S-S WX    SPD DR
================================================================================

 1  34  27  31  -1  34   0 0.46    M    0  6.3 39 310   M    M  10 136    48 300
 2  27  12  20 -12  45   0    T    M    M  9.2 16 340   M    M   7 1      22 330
 3  29   7  18 -15  47   0 0.00  0.0    0  3.6  9  70   M    M   0        12  60
 4  27  21  24  -9  41   0    M    M    0  8.3 17  60   M    M   9 128    22  40
 5  21  10  16 -17  49   0 0.03    M    M 12.2 23 310   M    M  10 18     30 310
 6  13  -6   4 -29  61   0 0.00  0.0    M  6.2 16 320   M    M   4        20 300
 7  19 -12   4 -30  61   0 0.00  0.0    M  2.0 10 140   M    M   6        14 150
 8  30  16  23 -11  42   0    M    M    M  2.2  8 160   M    M  10 18     12 160
 9  28  18  23 -11  42   0    M    M    M  5.6 13 340   M    M  10 18     16 360
10  18   6  12 -22  53   0 0.00  0.0    M  7.0 14 340   M    M   3        17  10
11  20  -5   8 -26  57   0 0.00  0.0    M  2.1 10  60   M    M   0        10  80
12  33  -3  15 -20  50   0 0.00  0.0    M  1.2  8  70   M    M   1         8  40
13  47   6  27  -8  38   0 0.00  0.0    M  6.1 21 250   M    M   1        26 250
14  36  17  27  -8  38   0 0.08    M    M  8.4 20 340   M    M   6 1468   24 330
15  31  12  22 -14  43   0    T    M    M  4.1 13 300   M    M   6        17 160
16  32  26  29  -7  36   0 0.00  0.0    M  6.6 16 320   M    M   8        23 320
17  46  26  36   0  29   0 0.08  0.0    M  8.9 28 300   M    M   6 168    35 300
18  63  28  46  10  19   0 0.00  0.0    M  7.9 28 200   M    M   1        37 210
19  54  32  43   6  22   0 0.00  0.0    0  6.2 16 300   M    M   3        22 310
20  74  38  56  19   9   0 0.21  0.0    0 15.2 44 250   M    M   7 13     58 250
21  56  33  45   8  20   0 0.00  0.0    0 12.8 25 250   M    M   1        35 280
22  62  24  43   5  22   0 0.00  0.0    0  5.4 20  40   M    M   5        24  30
23  37  22  30  -8  35   0 0.00  0.0    0  7.4 16  30   M    M   8        22 360
24  37  18  28 -10  37   0 0.00  0.0    0  4.6 12  40   M    M   4        15  50
25  31  19  25 -14  40   0    T    M    0  9.7 20 320   M    M  10        25 320
26  26  10  18 -21  47   0 0.00  0.0    0 10.9 22 320   M    M   2        25 320
27  29  15  22 -17  43   0 0.00  0.0    0  8.8 17 330   M    M   0        23 250
28  50  14  32  -8  33   0 0.00  0.0    0  6.2 16 150   M    M   2        21 150
================================================================================
SM 1010  431      1093   0  0.86     0.0 195.1          M      140
================================================================================
AV 36.1 15.4                               7.0 FASTST   M    M   5    MAX(MPH)
                                 MISC ---->  # 44 250               # 58  250
================================================================================
NOTES:
# LAST OF SEVERAL OCCURRENCES

COLUMN 17 PEAK WIND IN M.P.H.

PRELIMINARY LOCAL CLIMATOLOGICAL DATA (WS FORM: F-6) , PAGE 2

                                          STATION:  SPIRIT OF ST LOUIS MO
                                          MONTH:    FEBRUARY
                                          YEAR:     2014
                                          LATITUDE:   38 39 N
                                          LONGITUDE:  90 38 W

[TEMPERATURE DATA]      [PRECIPITATION DATA]       SYMBOLS USED IN COLUMN 16

AVERAGE MONTHLY: 25.7   TOTAL FOR MONTH:   0.86    1 = FOG OR MIST
DPTR FM NORMAL:  -9.9   DPTR FM NORMAL:   -1.14    2 = FOG REDUCING VISIBILITY
HIGHEST:    74 ON 20    GRTST 24HR  0.46 ON  1- 1      TO 1/4 MILE OR LESS
LOWEST:    -12 ON  7                               3 = THUNDER
                        SNOW, ICE PELLETS, HAIL    4 = ICE PELLETS
                        TOTAL MONTH:   0.0 INCH    5 = HAIL
                        GRTST 24HR     0.0         6 = FREEZING RAIN OR DRIZZLE
                        GRTST DEPTH:   0           7 = DUSTSTORM OR SANDSTORM:
                                                       VSBY 1/2 MILE OR LESS
                                                   8 = SMOKE OR HAZE
[NO. OF DAYS WITH]      [WEATHER - DAYS WITH]      9 = BLOWING SNOW
                                                   X = TORNADO
MAX 32 OR BELOW:  15    0.01 INCH OR MORE:   5
MAX 90 OR ABOVE:   0    0.10 INCH OR MORE:   2
MIN 32 OR BELOW:  26    0.50 INCH OR MORE:   0
MIN  0 OR BELOW:   4    1.00 INCH OR MORE:   0

[HDD (BASE 65) ]
TOTAL THIS MO.  1093    CLEAR  (SCALE 0-3)  11
DPTR FM NORMAL   270    PTCLDY (SCALE 4-7)  11
TOTAL FM JUL 1  4359    CLOUDY (SCALE 8-10)  6
DPTR FM NORMAL   605

[CDD (BASE 65) ]
TOTAL THIS MO.     0
DPTR FM NORMAL     0    [PRESSURE DATA]
TOTAL FM JAN 1     0    HIGHEST SLP 30.69 ON  6
DPTR FM NORMAL     0    LOWEST  SLP 29.24 ON 20

[REMARKS]
#FINAL-02-14#
