000
CXUS53 KLSX 011600
CF6SUS
PRELIMINARY LOCAL CLIMATOLOGICAL DATA (WS FORM: F-6)

                                          STATION:   SPIRIT OF ST LOUIS MO
                                          MONTH:     AUGUST
                                          YEAR:      2013
                                          LATITUDE:   38 39 N
                                          LONGITUDE:  90 38 W

  TEMPERATURE IN F:       :PCPN:    SNOW:  WIND      :SUNSHINE: SKY     :PK WND
================================================================================
1   2   3   4   5  6A  6B    7    8   9   10  11  12  13   14  15   16   17  18
                                     12Z  AVG MX 2MIN
DY MAX MIN AVG DEP HDD CDD  WTR  SNW DPTH SPD SPD DIR MIN PSBL S-S WX    SPD DR
================================================================================

 1  87  62  75  -3   0  10 0.00  0.0    0  1.6  M   M   M    M   2 1       M  M
 2  82  64  73  -5   0   8 0.22  0.0    0  3.2 13 220   M    M   6 1      20 200
 3  86  65  76  -2   0  11 0.00  0.0    0  3.6 13  20   M    M   6 12     23  30
 4  80  61  71  -7   0   6 0.00  0.0    0  1.9  9  90   M    M   5 1      12  70
 5  75  68  72  -6   0   7    T  0.0    0  4.2 13 170   M    M  10 1      20 180
 6  88  71  80   2   0  15    T  0.0    0  4.2 13 260   M    M   6 1       M  M
 7  89  72  81   3   0  16    T  0.0    0  6.2 16 220   M    M   4        22 230
 8  81  69  75  -3   0  10 0.43  0.0    0  2.4 13 340   M    M   7 138    15 350
 9  80  66  73  -5   0   8    T  0.0    0  2.3 12  60   M    M   8 12     14  60
10  85  62  74  -4   0   9 0.00  0.0    0  3.0 10 340   M    M   2 1      16  30
11  87  57  72  -5   0   7 0.00  0.0    0  2.8 12  50   M    M   0 1      15  80
12  80  67  74  -3   0   9 0.10  0.0    0  1.5  9 360   M    M   4 13     12  60
13  80  60  70  -7   0   5 0.00  0.0    0  5.2 14  50   M    M   3        20  50
14  76  51  64 -13   1   0 0.00  0.0    0  3.5 13  60   M    M   2 1      18  70
15  76  53  65 -12   0   0 0.00  0.0    0  2.3 10  50   M    M   4 1      15  40
16  78  53  66 -11   0   1 0.00  0.0    0  3.8 15  50   M    M   5 1      22  40
17  82  55  69  -8   0   4 0.00  0.0    0  3.1 13  50   M    M   2 1      16  50
18  84  59  72  -5   0   7 0.00  0.0    0  2.4 10  60   M    M   5 1       M  M
19  87  59  73  -3   0   8 0.00  0.0    0  1.0  7 120   M    M   1 128    10 130
20  89  61  75  -1   0  10 0.00  0.0    0  1.4 10 360   M    M   2 18     15  10
21  91  64  78   2   0  13 0.00  0.0    0  2.5 12 270   M    M   1 18     16 260
22  93  67  80   4   0  15 0.00  0.0    0  2.2 10  30   M    M   3 13     16  20
23  91  67  79   3   0  14 0.00  0.0    0  3.1 13  70   M    M   2 1       M  M
24  93  63  78   2   0  13 0.00  0.0    0  3.4 10  80   M    M   1 12     14 120
25  93  62  78   3   0  13 0.00  0.0    0  3.1 10 300   M    M   2 1      13 300
26  96  70  83   8   0  18 0.00  0.0    0  3.5 12 250   M    M   2 18     16 230
27  96  71  84   9   0  19 0.00  0.0    0  6.2 14 250   M    M   4        21 250
28  95  68  82   7   0  17 0.00  0.0    0  3.4 13 240   M    M   1 1      16 210
29  98  69  84  10   0  19 0.00  0.0    0  2.3  9 250   M    M   2        16 290
30 100  71  86  12   0  21 0.00  0.0    0  4.2 13 240   M    M   3        17 250
31 101  74  88  14   0  23 0.00  0.0    0  6.9 22 250   M    M   2 3      33 250
================================================================================
SM 2699 1981         1 336  0.75     0.0 100.4          M      107
================================================================================
AV 87.1 63.9                               3.2 FASTST   M    M   3    MAX(MPH)
                                 MISC ---->  # 22 250               # 33  250
================================================================================
NOTES:
# LAST OF SEVERAL OCCURRENCES

COLUMN 17 PEAK WIND IN M.P.H.

PRELIMINARY LOCAL CLIMATOLOGICAL DATA (WS FORM: F-6) , PAGE 2

                                          STATION:  SPIRIT OF ST LOUIS MO
                                          MONTH:    AUGUST
                                          YEAR:     2013
                                          LATITUDE:   38 39 N
                                          LONGITUDE:  90 38 W

[TEMPERATURE DATA]      [PRECIPITATION DATA]       SYMBOLS USED IN COLUMN 16

AVERAGE MONTHLY: 75.5   TOTAL FOR MONTH:   0.75    1 = FOG OR MIST
DPTR FM NORMAL:  -1.0   DPTR FM NORMAL:   -2.41    2 = FOG REDUCING VISIBILITY
HIGHEST:   101 ON 31    GRTST 24HR  0.44 ON  8- 9      TO 1/4 MILE OR LESS
LOWEST:     51 ON 14                               3 = THUNDER
                        SNOW, ICE PELLETS, HAIL    4 = ICE PELLETS
                        TOTAL MONTH:   0.0 INCH    5 = HAIL
                        GRTST 24HR     0.0         6 = FREEZING RAIN OR DRIZZLE
                        GRTST DEPTH:   0           7 = DUSTSTORM OR SANDSTORM:
                                                       VSBY 1/2 MILE OR LESS
                                                   8 = SMOKE OR HAZE
[NO. OF DAYS WITH]      [WEATHER - DAYS WITH]      9 = BLOWING SNOW
                                                   X = TORNADO
MAX 32 OR BELOW:   0    0.01 INCH OR MORE:   3
MAX 90 OR ABOVE:  11    0.10 INCH OR MORE:   3
MIN 32 OR BELOW:   0    0.50 INCH OR MORE:   0
MIN  0 OR BELOW:   0    1.00 INCH OR MORE:   0

[HDD (BASE 65) ]
TOTAL THIS MO.     1    CLEAR  (SCALE 0-3)  17
DPTR FM NORMAL    -1    PTCLDY (SCALE 4-7)  13
TOTAL FM JUL 1     2    CLOUDY (SCALE 8-10)  1
DPTR FM NORMAL     0

[CDD (BASE 65) ]
TOTAL THIS MO.   336
DPTR FM NORMAL   -23    [PRESSURE DATA]
TOTAL FM JAN 1  1108    HIGHEST SLP 30.24 ON 25
DPTR FM NORMAL   -75    LOWEST  SLP 29.68 ON 31

[REMARKS]
#FINAL-08-13#
