000
CXUS53 KLSX 011400
CF6SUS
PRELIMINARY LOCAL CLIMATOLOGICAL DATA (WS FORM: F-6)
STATION: SPIRIT OF ST LOUIS MO
MONTH: JULY
YEAR: 2020
LATITUDE: 38 39 N
LONGITUDE: 90 38 W
TEMPERATURE IN F: :PCPN: SNOW: WIND :SUNSHINE: SKY :PK WND
================================================================================
1 2 3 4 5 6A 6B 7 8 9 10 11 12 13 14 15 16 17 18
12Z AVG MX 2MIN
DY MAX MIN AVG DEP HDD CDD WTR SNW DPTH SPD SPD DIR MIN PSBL S-S WX SPD DR
================================================================================
1 82 67 75 -2 0 10 0.20 0.0 0 3.0 21 290 M M 4 13 29 280
2 89 69 79 1 0 14 0.00 0.0 0 1.4 9 50 M M 6 12 13 30
3 90 72 81 3 0 16 T 0.0 0 2.2 12 100 M M 4 13 17 90
4 93 69 81 3 0 16 0.00 0.0 0 3.2 13 60 M M 2 18 17 50
5 91 69 80 2 0 15 0.00 0.0 0 3.8 13 50 M M 2 138 17 20
6 94 70 82 4 0 17 0.00 0.0 0 1.2 13 10 M M 2 18 18 10
7 96 71 84 6 0 19 0.00 0.0 0 1.3 14 70 M M 1 138 20 70
8 95 71 83 5 0 18 0.00 0.0 0 2.5 17 100 M M 1 138 26 90
9 94 72 83 5 0 18 0.00 0.0 0 5.4 16 200 M M 1 1 22 210
10 92 69 81 3 0 16 0.00 0.0 0 5.3 14 290 M M 0 19 280
11 96 68 82 4 0 17 0.00 0.0 0 5.1 14 280 M M 0 21 250
12 89 69 79 1 0 14 0.00 0.0 0 6.3 16 320 M M 2 24 330
13 91 63 77 -1 0 12 0.00 0.0 0 2.6 10 60 M M 1 1 15 80
14 92 65 79 1 0 14 0.00 0.0 0 5.8 14 140 M M 2 23 110
15 92 70 81 3 0 16 0.45 0.0 0 5.4 36 280 M M 3 13 51 280
16 89 66 78 0 0 13 0.00 0.0 0 4.0 13 60 M M 3 8 16 70
17 95 71 83 5 0 18 0.70 0.0 0 3.2 25 150 M M 5 3 39 140
18 93 71 82 4 0 17 0.00 0.0 0 6.4 16 210 M M 1 24 200
19 94 71 83 5 0 18 1.41 0.0 0 8.1 30 220 M M 4 13 37 220
20 87 71 79 1 0 14 0.02 0.0 0 2.4 13 40 M M 4 22 70
21 93 71 82 4 0 17 0.60 0.0 0 6.2 18 340 M M 4 138 27 190
22 90 72 81 3 0 16 0.00 0.0 0 2.9 12 320 M M 5 18 16 340
23 91 72 82 4 0 17 0.00 0.0 0 2.7 12 40 M M 5 18 16 20
24 92 70 81 3 0 16 0.00 0.0 0 2.6 10 60 M M 2 1 14 50
25 92 72 82 4 0 17 0.00 0.0 0 3.3 9 170 M M 2 1 15 190
26 94 75 85 7 0 20 0.00 0.0 0 5.3 13 240 M M 1 21 240
27 85 73 79 1 0 14 0.26 0.0 0 4.5 12 280 M M 5 138 16 220
28 90 69 80 2 0 15 0.00 0.0 0 2.5 9 80 M M 1 12 12 80
29 93 70 82 4 0 17 0.21 0.0 0 1.6 21 210 M M 5 13 30 210
30 84 73 79 1 0 14 1.01 0.0 0 8.0 16 340 M M 10 1 21 320
31 73 68 71 -7 0 6 0.38 0.0 0 8.0 22 50 M M 10 18 29 60
================================================================================
SM 2811 2169 0 481 5.24 0.0 126.2 M 98
================================================================================
AV 90.7 70.0 4.1 FASTST M M 3 MAX(MPH)
MISC ----> 36 280 51 280
================================================================================
NOTES:
# LAST OF SEVERAL OCCURRENCES
COLUMN 17 PEAK WIND IN M.P.H.
PRELIMINARY LOCAL CLIMATOLOGICAL DATA (WS FORM: F-6) , PAGE 2
STATION: SPIRIT OF ST LOUIS MO
MONTH: JULY
YEAR: 2020
LATITUDE: 38 39 N
LONGITUDE: 90 38 W
[TEMPERATURE DATA] [PRECIPITATION DATA] SYMBOLS USED IN COLUMN 16
AVERAGE MONTHLY: 80.3 TOTAL FOR MONTH: 5.24 1 = FOG OR MIST
DPTR FM NORMAL: 2.2 DPTR FM NORMAL: 1.03 2 = FOG REDUCING VISIBILITY
HIGHEST: 96 ON 11, 7 GRTST 24HR 1.43 ON 19-20 TO 1/4 MILE OR LESS
LOWEST: 63 ON 13 3 = THUNDER
SNOW, ICE PELLETS, HAIL 4 = ICE PELLETS
TOTAL MONTH: 0.0 INCH 5 = HAIL
GRTST 24HR 0.0 6 = FREEZING RAIN OR DRIZZLE
GRTST DEPTH: 0 7 = DUSTSTORM OR SANDSTORM:
VSBY 1/2 MILE OR LESS
8 = SMOKE OR HAZE
[NO. OF DAYS WITH] [WEATHER - DAYS WITH] 9 = BLOWING SNOW
X = TORNADO
MAX 32 OR BELOW: 0 0.01 INCH OR MORE: 10
MAX 90 OR ABOVE: 23 0.10 INCH OR MORE: 9
MIN 32 OR BELOW: 0 0.50 INCH OR MORE: 4
MIN 0 OR BELOW: 0 1.00 INCH OR MORE: 2
[HDD (BASE 65) ]
TOTAL THIS MO. 0 CLEAR (SCALE 0-3) 16
DPTR FM NORMAL 0 PTCLDY (SCALE 4-7) 13
TOTAL FM JUL 1 0 CLOUDY (SCALE 8-10) 2
DPTR FM NORMAL 0
[CDD (BASE 65) ]
TOTAL THIS MO. 481
DPTR FM NORMAL 75 [PRESSURE DATA]
TOTAL FM JAN 1 927 HIGHEST SLP 30.11 ON 24
DPTR FM NORMAL 103 LOWEST SLP 29.73 ON 30
[REMARKS]
#FINAL-07-20#