000
CXUS53 KLSX 201600
CF6SUS
PRELIMINARY LOCAL CLIMATOLOGICAL DATA (WS FORM: F-6)

                                          STATION:   SPIRIT OF ST LOUIS MO
                                          MONTH:     DECEMBER
                                          YEAR:      2014
                                          LATITUDE:   38 39 N
                                          LONGITUDE:  90 38 W

  TEMPERATURE IN F:       :PCPN:    SNOW:  WIND      :SUNSHINE: SKY     :PK WND
================================================================================
1   2   3   4   5  6A  6B    7    8   9   10  11  12  13   14  15   16   17  18
                                     12Z  AVG MX 2MIN
DY MAX MIN AVG DEP HDD CDD  WTR  SNW DPTH SPD SPD DIR MIN PSBL S-S WX    SPD DR
================================================================================

 1  32  24  28 -10  37   0 0.05    M    M 10.6 17 350   M    M   9 6      23  20
 2  35  26  31  -7  34   0 0.00  0.0    0  3.5  9 240   M    M  10        13 260
 3  49  25  37  -1  28   0 0.00  0.0    0  2.2 10  30   M    M   3        13  40
 4  40  33  37   0  28   0 0.02  0.0    0  4.4  8  90   M    M  10 18     12 100
 5  45  40  43   6  22   0 1.37  0.0    0  4.9 13 360   M    M  10 1      17 340
 6  42  34  38   2  27   0 0.01  0.0    0  8.0 14  20   M    M  10 18     20 330
 7  41  26  34  -2  31   0 0.00  0.0    0  1.6  9 170   M    M   8 128    13 160
 8  49  31  40   4  25   0 0.00  0.0    0  5.5 14 280   M    M   7        23 290
 9  41  33  37   2  28   0 0.00  0.0    0  7.3 16 340   M    M  10        22 350
10  37  32  35   0  30   0 0.00  0.0    0  3.2  9  70   M    M  10 8      10  70
11  41  30  36   1  29   0 0.00  0.0    0  1.6  7  80   M    M   7 1       9  50
12  54  31  43   9  22   0 0.00  0.0    0  1.9  8 110   M    M   8 1      10 190
13  55  30  43   9  22   0 0.00  0.0    0  1.6  9 220   M    M   6 12     12 220
14   M   M   M   M   M   M 0.00  0.0    0  5.2 12 160   M    M   5 1      21 160
15  55  42  49  15  16   0 0.29  0.0    0  7.9 18 250   M    M   9 1      29 260
16  43  31  37   4  28   0    T  0.0    0 14.8 28 260   M    M  10 1      37 260
17  39  29  34   1  31   0 0.00  0.0    0  5.4 12 290   M    M   7         M  M
18  34   M   M   M   M   M 0.07    M    M  3.9 10  50   M    M  10 18     12  50
19  37  32  35   2  30   0 0.00  0.0    0  1.9  8  80   M    M  10 18     10  30
================================================================================
SM  769  529       468   0  1.81     0.0  95.4          M      159
================================================================================
AV 42.7 31.1                               5.0 FASTST   M    M   8    MAX(MPH)
                                 MISC ---->  # 28 260               # 37  260
================================================================================
NOTES:
# LAST OF SEVERAL OCCURRENCES

COLUMN 17 PEAK WIND IN M.P.H.

PRELIMINARY LOCAL CLIMATOLOGICAL DATA (WS FORM: F-6) , PAGE 2

                                          STATION:  SPIRIT OF ST LOUIS MO
                                          MONTH:    DECEMBER
                                          YEAR:     2014
                                          LATITUDE:   38 39 N
                                          LONGITUDE:  90 38 W

[TEMPERATURE DATA]      [PRECIPITATION DATA]       SYMBOLS USED IN COLUMN 16

AVERAGE MONTHLY: 36.9   TOTAL FOR MONTH:   1.81    1 = FOG OR MIST
DPTR FM NORMAL:   1.7   DPTR FM NORMAL:    0.08    2 = FOG REDUCING VISIBILITY
HIGHEST:    55 ON 15,13 GRTST 24HR  1.38 ON  5- 6      TO 1/4 MILE OR LESS
LOWEST:     24 ON  1                               3 = THUNDER
                        SNOW, ICE PELLETS, HAIL    4 = ICE PELLETS
                        TOTAL MONTH:   0.0 INCH    5 = HAIL
                        GRTST 24HR     0.0         6 = FREEZING RAIN OR DRIZZLE
                        GRTST DEPTH:   0           7 = DUSTSTORM OR SANDSTORM:
                                                       VSBY 1/2 MILE OR LESS
                                                   8 = SMOKE OR HAZE
[NO. OF DAYS WITH]      [WEATHER - DAYS WITH]      9 = BLOWING SNOW
                                                   X = TORNADO
MAX 32 OR BELOW:   1    0.01 INCH OR MORE:   6
MAX 90 OR ABOVE:   0    0.10 INCH OR MORE:   2
MIN 32 OR BELOW:  12    0.50 INCH OR MORE:   1
MIN  0 OR BELOW:   0    1.00 INCH OR MORE:   1

[HDD (BASE 65) ]
TOTAL THIS MO.   468    CLEAR  (SCALE 0-3)   0
DPTR FM NORMAL   -99    PTCLDY (SCALE 4-7)   8
TOTAL FM JUL 1  1597    CLOUDY (SCALE 8-10) 11
DPTR FM NORMAL   112

[CDD (BASE 65) ]
TOTAL THIS MO.     0
DPTR FM NORMAL     0    [PRESSURE DATA]
TOTAL FM JAN 1  1259    HIGHEST SLP M ON M
DPTR FM NORMAL  -102    LOWEST  SLP 29.65 ON 15

[REMARKS]
