000
CXUS54 KEWX 011110
CF6T82
PRELIMINARY LOCAL CLIMATOLOGICAL DATA (WS FORM: F-6)
STATION: FREDERICKSBURG
MONTH: NOVEMBER
YEAR: 2021
LATITUDE: 30 15 N
LONGITUDE: 98 55 W
TEMPERATURE IN F: :PCPN: SNOW: WIND :SUNSHINE: SKY :PK WND
================================================================================
1 2 3 4 5 6A 6B 7 8 9 10 11 12 13 14 15 16 17 18
12Z AVG MX 2MIN
DY MAX MIN AVG DEP HDD CDD WTR SNW DPTH SPD SPD DIR MIN PSBL S-S WX SPD DR
================================================================================
1 77 47 62 M 3 0 0.00 M M 3.9 12 170 M M 1 17 180
2 74 54 64 M 1 0 0.00 M M 3.4 8 140 M M 8 M M
3 64 46 55 M 10 0 0.93 M M 6.9 14 360 M M 10 13 30 360
4 50 46 48 M 17 0 0.00 M M 6.7 12 10 M M 10 16 10
5 61 43 52 M 13 0 0.00 M M 1.1 5 80 M M 6 M M
6 70 37 54 M 11 0 0.00 M M 1.7 6 150 M M 0 M M
7 72 38 55 M 10 0 0.00 M M 3.7 12 210 M M 0 M M
8 74 54 64 M 1 0 0.00 M M 7.9 16 220 M M 4 23 200
9 72 54 63 M 2 0 0.00 M M 5.7 12 220 M M 7 M M
10 77 55 66 M 0 1 0.00 M M 8.6 22 210 M M 7 27 210
11 71 43 57 M 8 0 0.05 M M 5.4 13 30 M M 1 18 30
12 74 37 56 M 9 0 0.00 M M 4.5 17 10 M M 0 25 280
13 70 35 53 M 12 0 0.00 M M 2.4 12 200 M M 0 18 190
14 76 43 60 M 5 0 0.00 M M 3.1 9 220 M M 0 M M
15 75 46 61 M 4 0 0.00 M M 4.8 14 210 M M 3 12 21 210
16 77 55 66 M 0 1 0.00 M M 8.8 17 210 M M 4 22 200
17 79 57 68 M 0 3 0.00 M M 8.9 16 220 M M 3 22 220
18 60 43 52 M 13 0 0.00 M M 11.1 20 10 M M 7 30 10
19 66 38 52 M 13 0 0.00 M M 2.5 8 170 M M 3 M M
20 69 40 55 M 10 0 0.00 M M 6.3 18 200 M M 2 28 200
21 74 54 64 M 1 0 0.00 M M 10.3 17 350 M M 8 24 350
22 65 37 51 M 14 0 0.00 M M 5.9 10 30 M M 0 16 30
23 69 31 50 M 15 0 0.00 M M 4.7 13 200 M M 0 20 200
24 70 56 63 M 2 0 0.00 M M 7.7 17 190 M M 8 25 190
25 62 46 54 M 11 0 0.00 M M 10.0 20 350 M M 2 12 29 360
26 55 39 47 M 18 0 0.00 M M 3.5 9 10 M M 0 M M
27 51 41 46 M 19 0 0.18 M M 3.7 8 240 M M 9 18 M M
28 67 39 53 M 12 0 0.00 M M 5.7 15 330 M M 3 1 20 30
29 72 32 52 M 13 0 0.00 M M 2.8 9 200 M M 0 M M
30 71 38 55 M 10 0 0.00 M M 3.6 14 200 M M 0 20 200
================================================================================
SM 2064 1324 257 5 1.16 M 165.3 M 106
================================================================================
AV 68.8 44.1 5.5 FASTST M M 4 MAX(MPH)
MISC ----> 22 210 # 30 360
================================================================================
NOTES:
# LAST OF SEVERAL OCCURRENCES
COLUMN 17 PEAK WIND IN M.P.H.
PRELIMINARY LOCAL CLIMATOLOGICAL DATA (WS FORM: F-6) , PAGE 2
STATION: FREDERICKSBURG
MONTH: NOVEMBER
YEAR: 2021
LATITUDE: 30 15 N
LONGITUDE: 98 55 W
[TEMPERATURE DATA] [PRECIPITATION DATA] SYMBOLS USED IN COLUMN 16
AVERAGE MONTHLY: 56.5 TOTAL FOR MONTH: 1.16 1 = FOG OR MIST
DPTR FM NORMAL: 0.0 DPTR FM NORMAL: M 2 = FOG REDUCING VISIBILITY
HIGHEST: 79 ON 17 GRTST 24HR 0.93 ON 3- 3 TO 1/4 MILE OR LESS
LOWEST: 31 ON 23 3 = THUNDER
SNOW, ICE PELLETS, HAIL 4 = ICE PELLETS
TOTAL MONTH: M 5 = HAIL
GRTST 24HR M ON M 6 = FREEZING RAIN OR DRIZZLE
GRTST DEPTH: M ON M 7 = DUSTSTORM OR SANDSTORM:
VSBY 1/2 MILE OR LESS
8 = SMOKE OR HAZE
[NO. OF DAYS WITH] [WEATHER - DAYS WITH] 9 = BLOWING SNOW
X = TORNADO
MAX 32 OR BELOW: 0 0.01 INCH OR MORE: 3
MAX 90 OR ABOVE: 0 0.10 INCH OR MORE: 2
MIN 32 OR BELOW: 2 0.50 INCH OR MORE: 1
MIN 0 OR BELOW: 0 1.00 INCH OR MORE: 0
[HDD (BASE 65) ]
TOTAL THIS MO. 257 CLEAR (SCALE 0-3) 17
DPTR FM NORMAL M PTCLDY (SCALE 4-7) 9
TOTAL FM JUL 1 302 CLOUDY (SCALE 8-10) 4
DPTR FM NORMAL M
[CDD (BASE 65) ]
TOTAL THIS MO. 5
DPTR FM NORMAL M [PRESSURE DATA]
TOTAL FM JAN 1 2211 HIGHEST SLP M ON M
DPTR FM NORMAL M LOWEST SLP M ON M
[REMARKS]
#FINAL-11-21#