000
CXUS55 KPUB 011210
CF6TAD
PRELIMINARY LOCAL CLIMATOLOGICAL DATA (WS FORM: F-6)
STATION: TRINIDAD CO
MONTH: JUNE
YEAR: 2022
LATITUDE: 37 16 N
LONGITUDE: 104 20 W
TEMPERATURE IN F: :PCPN: SNOW: WIND :SUNSHINE: SKY :PK WND
================================================================================
1 2 3 4 5 6A 6B 7 8 9 10 11 12 13 14 15 16 17 18
12Z AVG MX 2MIN
DY MAX MIN AVG DEP HDD CDD WTR SNW DPTH SPD SPD DIR MIN PSBL S-S WX SPD DR
================================================================================
1 51 44 48 -18 17 0 0.05 M M 5.9 15 350 M M 10 1 19 40
2 76 47 62 -4 3 0 0.08 M M 5.0 21 40 M M 6 3 29 50
3 80 50 65 -1 0 0 T M M 7.0 23 140 M M 3 3 43 190
4 89 57 73 6 0 8 0.00 M M 11.0 24 250 M M 0 35 250
5 90 55 73 6 0 8 0.00 M M 9.4 20 340 M M 0 28 310
6 87 53 70 2 0 5 0.14 M M 9.9 31 30 M M 1 3 45 20
7 86 54 70 2 0 5 0.28 M M 7.9 23 320 M M 3 3 33 320
8 83 53 68 0 0 3 0.06 M M 11.1 25 330 M M 5 13 35 360
9 91 57 74 6 0 9 0.25 M M 11.7 29 240 M M 1 3 47 230
10 93 55 74 5 0 9 0.00 M M 9.6 22 250 M M 0 29 270
11 98 64 81 12 0 16 0.00 M M 10.0 28 240 M M 0 42 220
12 97 63 80 11 0 15 T M M 11.1 41 260 M M 1 65 260
13 98 61 80 10 0 15 0.00 M M 18.8 35 230 M M 1 53 210
14 95 58 77 7 0 12 0.00 M M 10.5 23 270 M M 0 31 240
15 94 51 73 3 0 8 0.00 M M 10.5 28 140 M M 0 39 80
16 98 57 78 8 0 13 0.00 M M 10.1 22 150 M M 0 31 140
17 95 69 82 11 0 17 0.00 M M 12.7 29 180 M M 0 40 160
18 91 68 80 9 0 15 0.01 M M 16.0 37 200 M M 2 3 50 200
19 89 60 75 4 0 10 0.01 M M 13.6 40 160 M M 3 3 56 170
20 92 66 79 7 0 14 T M M 14.9 29 180 M M 2 58 200
21 71 52 62 -10 3 0 T M M 8.8 26 310 M M 6 35 320
22 71 48 60 -12 5 0 0.15 M M 9.9 22 240 M M 5 29 240
23 M 60 M M M M M M M M M M M M 3 M M
24 93 M M M M M T M M M 22 310 M M 2 36 300
25 77 59 68 -5 0 3 T M M 9.2 21 50 M M 4 26 50
26 61 54 58 -15 7 0 0.42 M M 6.6 17 110 M M 10 1 23 120
27 76 54 65 -8 0 0 0.29 M M 5.9 13 230 M M 5 1 16 230
28 87 53 70 -3 0 5 0.00 M M 9.5 18 240 M M 0 23 200
29 92 60 76 2 0 11 0.00 M M 12.2 26 200 M M 0 38 200
30 95 59 77 3 0 12 T M M 9.7 31 330 M M 2 3 42 310
================================================================================
SM 2496 1641 35 213 1.74 M 288.5 M 75
================================================================================
AV 86.1 56.6 10.3 FASTST M M 3 MAX(MPH)
MISC ----> 41 260 65 260
================================================================================
NOTES:
# LAST OF SEVERAL OCCURRENCES
COLUMN 17 PEAK WIND IN M.P.H.
PRELIMINARY LOCAL CLIMATOLOGICAL DATA (WS FORM: F-6) , PAGE 2
STATION: TRINIDAD CO
MONTH: JUNE
YEAR: 2022
LATITUDE: 37 16 N
LONGITUDE: 104 20 W
[TEMPERATURE DATA] [PRECIPITATION DATA] SYMBOLS USED IN COLUMN 16
AVERAGE MONTHLY: 71.3 TOTAL FOR MONTH: 1.74 1 = FOG OR MIST
DPTR FM NORMAL: 1.2 DPTR FM NORMAL: 0.55 2 = FOG REDUCING VISIBILITY
HIGHEST: 98 ON 16,13 GRTST 24HR 0.53 ON 26-27 TO 1/4 MILE OR LESS
LOWEST: 44 ON 1 3 = THUNDER
SNOW, ICE PELLETS, HAIL 4 = ICE PELLETS
TOTAL MONTH: M 5 = HAIL
GRTST 24HR M ON M 6 = FREEZING RAIN OR DRIZZLE
GRTST DEPTH: M ON M 7 = DUSTSTORM OR SANDSTORM:
VSBY 1/2 MILE OR LESS
8 = SMOKE OR HAZE
[NO. OF DAYS WITH] [WEATHER - DAYS WITH] 9 = BLOWING SNOW
X = TORNADO
MAX 32 OR BELOW: 0 0.01 INCH OR MORE: 11
MAX 90 OR ABOVE: 15 0.10 INCH OR MORE: 6
MIN 32 OR BELOW: 0 0.50 INCH OR MORE: 0
MIN 0 OR BELOW: 0 1.00 INCH OR MORE: 0
[HDD (BASE 65) ]
TOTAL THIS MO. 35 CLEAR (SCALE 0-3) 22
DPTR FM NORMAL 8 PTCLDY (SCALE 4-7) 6
TOTAL FM JUL 1 4878 CLOUDY (SCALE 8-10) 2
DPTR FM NORMAL -392
[CDD (BASE 65) ]
TOTAL THIS MO. 213
DPTR FM NORMAL 33 [PRESSURE DATA]
TOTAL FM JAN 1 274 HIGHEST SLP M ON M
DPTR FM NORMAL 57 LOWEST SLP 29.40 ON 13
[REMARKS]
#FINAL-06-22#