233
CXUS54 KBMX 011110
CF6TCL
PRELIMINARY LOCAL CLIMATOLOGICAL DATA (WS FORM: F-6)
STATION: TUSCALOOSA
MONTH: OCTOBER
YEAR: 2020
LATITUDE: 33 13 N
LONGITUDE: 87 37 W
TEMPERATURE IN F: :PCPN: SNOW: WIND :SUNSHINE: SKY :PK WND
================================================================================
1 2 3 4 5 6A 6B 7 8 9 10 11 12 13 14 15 16 17 18
12Z AVG MX 2MIN
DY MAX MIN AVG DEP HDD CDD WTR SNW DPTH SPD SPD DIR MIN PSBL S-S WX SPD DR
================================================================================
1 83 51 67 -3 0 2 0.00 0.0 M 3.0 16 320 M M 0 1 20 320
2 74 46 60 -9 5 0 0.00 0.0 M 3.5 16 360 M M 0 22 350
3 77 44 61 -8 4 0 0.00 0.0 M 1.7 10 40 M M 0 13 40
4 79 49 64 -5 1 0 0.00 0.0 M 2.3 8 330 M M 0 12 200
5 81 54 68 0 0 3 0.00 0.0 M 3.9 9 40 M M 0 12 40
6 85 53 69 1 0 4 0.00 0.0 M 1.6 10 50 M M 0 1 12 50
7 89 56 73 5 0 8 0.00 0.0 M 1.7 9 10 M M 0 1 12 350
8 83 58 71 4 0 6 T 0.0 M 2.0 9 360 M M 0 1 12 360
9 81 67 74 7 0 9 0.32 0.0 M 6.4 14 80 M M 7 1 19 60
10 82 70 76 10 0 11 0.69 0.0 M 10.8 21 190 M M 9 1 27 120
11 78 69 74 8 0 9 0.05 0.0 M 5.6 13 300 M M 10 18 15 290
12 86 70 78 12 0 13 0.00 0.0 M 3.3 13 200 M M 6 1 19 180
13 81 53 67 2 0 2 0.00 0.0 M 6.9 16 360 M M 0 20 360
14 82 48 65 0 0 0 0.00 0.0 0 2.0 8 230 M M 0 1 13 210
15 82 52 67 2 0 2 0.00 0.0 0 3.3 14 360 M M 1 1 19 360
16 71 45 58 -6 7 0 T 0.0 M 8.4 23 360 M M 4 29 30
17 73 39 56 -8 9 0 0.00 0.0 0 2.5 12 100 M M 0 8 18 60
18 81 52 67 3 0 2 0.00 0.0 0 5.3 14 140 M M 2 8 21 140
19 85 60 73 10 0 8 0.00 0.0 0 3.2 13 200 M M 1 8 15 190
20 86 57 72 9 0 7 0.00 0.0 M 3.4 12 70 M M 1 1 16 40
21 87 61 74 11 0 9 0.00 0.0 0 3.6 10 60 M M 1 14 100
22 87 65 76 14 0 11 0.00 0.0 0 5.3 13 110 M M 2 17 120
23 87 67 77 15 0 12 0.00 0.0 M 3.4 12 180 M M 1 14 190
24 77 61 69 7 0 4 0.98 0.0 M 6.9 15 360 M M 9 13 19 310
25 71 61 66 4 0 1 0.00 0.0 0 3.8 9 310 M M 10 12 310
26 81 61 71 10 0 6 0.00 0.0 M 3.2 10 350 M M 6 18 13 350
27 79 62 71 10 0 6 0.17 0.0 0 5.5 9 80 M M 9 1 14 80
28 78 72 75 14 0 10 1.88 0.0 0 7.3 28 30 M M 9 1 35 60
29 74 51 63 3 2 0 0.24 0.0 0 11.8 28 360 M M 7 1 36 290
30 64 45 55 -5 10 0 0.00 0.0 0 8.2 17 20 M M 5 23 20
31 74 42 58 -2 7 0 0.00 0.0 0 2.7 12 90 M M 0 16 110
================================================================================
SM 2478 1741 45 145 4.33 0.0 142.5 M 100
================================================================================
AV 79.9 56.2 4.6 FASTST M M 3 MAX(MPH)
MISC ----> # 28 30 36 290
================================================================================
NOTES:
# LAST OF SEVERAL OCCURRENCES
COLUMN 17 PEAK WIND IN M.P.H.
PRELIMINARY LOCAL CLIMATOLOGICAL DATA (WS FORM: F-6) , PAGE 2
STATION: TUSCALOOSA
MONTH: OCTOBER
YEAR: 2020
LATITUDE: 33 13 N
LONGITUDE: 87 37 W
[TEMPERATURE DATA] [PRECIPITATION DATA] SYMBOLS USED IN COLUMN 16
AVERAGE MONTHLY: 68.0 TOTAL FOR MONTH: 4.33 1 = FOG OR MIST
DPTR FM NORMAL: 3.5 DPTR FM NORMAL: 0.82 2 = FOG REDUCING VISIBILITY
HIGHEST: 89 ON 7 GRTST 24HR 1.94 ON 28-29 TO 1/4 MILE OR LESS
LOWEST: 39 ON 17 3 = THUNDER
SNOW, ICE PELLETS, HAIL 4 = ICE PELLETS
TOTAL MONTH: 0.0 INCH 5 = HAIL
GRTST 24HR 0.0 6 = FREEZING RAIN OR DRIZZLE
GRTST DEPTH: 0 7 = DUSTSTORM OR SANDSTORM:
VSBY 1/2 MILE OR LESS
8 = SMOKE OR HAZE
[NO. OF DAYS WITH] [WEATHER - DAYS WITH] 9 = BLOWING SNOW
X = TORNADO
MAX 32 OR BELOW: 0 0.01 INCH OR MORE: 7
MAX 90 OR ABOVE: 0 0.10 INCH OR MORE: 6
MIN 32 OR BELOW: 0 0.50 INCH OR MORE: 3
MIN 0 OR BELOW: 0 1.00 INCH OR MORE: 1
[HDD (BASE 65) ]
TOTAL THIS MO. 45 CLEAR (SCALE 0-3) 19
DPTR FM NORMAL -65 PTCLDY (SCALE 4-7) 6
TOTAL FM JUL 1 46 CLOUDY (SCALE 8-10) 6
DPTR FM NORMAL -70
[CDD (BASE 65) ]
TOTAL THIS MO. 145
DPTR FM NORMAL 51 [PRESSURE DATA]
TOTAL FM JAN 1 2324 HIGHEST SLP 30.34 ON 17
DPTR FM NORMAL 173 LOWEST SLP 29.25 ON 29
[REMARKS]
#FINAL-10-20#