000
CXUS55 KCYS 011530
CLMTOR
CLIMATE REPORT
NATIONAL WEATHER SERVICE CHEYENNE WY
930 AM MDT FRI SEP 01 2023
...................................
...THE TORRINGTON WY AIRPORT CLIMATE SUMMARY FOR THE MONTH OF AUGUST 2023...
CLIMATE NORMAL PERIOD 1991 TO 2020
CLIMATE RECORD PERIOD 1998 TO 2023
WEATHER OBSERVED NORMAL DEPART LAST YEAR`S
VALUE DATE(S) VALUE FROM VALUE DATE(S)
NORMAL
................................................................
TEMPERATURE (F)
RECORD
HIGH 104 08/13/2007
LOW 20 08/15/2010
HIGHEST 103 08/22 MM MM 104
LOWEST 46 08/14 MM MM 49
AVG. MAXIMUM 89.5 88.1 1.4 92.1
AVG. MINIMUM 56.2 55.5 0.7 58.7
MEAN 72.9 71.8 1.1 75.4
DAYS MAX >= 90 15 15.9 -0.9 19
DAYS MAX <= 32 0 0.0 0.0 0
DAYS MIN <= 32 0 0.0 0.0 0
DAYS MIN <= 0 0 0.0 0.0 0
PRECIPITATION (INCHES)
RECORD
MAXIMUM 1.84 2021
TOTALS 0.88R 0.97 -0.09 0.90
DAYS >= .01 10 7.2 2.8 5
DAYS >= .10 2 2.2 -0.2 3
DAYS >= .50 1 0.4 0.6 0
DAYS >= 1.00 0 0.1 -0.1 0
GREATEST
24 HR. TOTAL 0.59 08/27 TO 08/28 0.49 08/12 TO 08/13
DEGREE DAYS
HEATING TOTAL 2 15 -13 0
SINCE 7/1 14 15 -1 MM
COOLING TOTAL 253 225 28 332
SINCE 1/1 577 664 -87 MM
................................................................
WIND (MPH)
AVERAGE WIND SPEED 7.7
HIGHEST WIND SPEED/DIRECTION 40/240 DATE 08/03
HIGHEST GUST SPEED/DIRECTION 57/250 DATE 08/03
SKY COVER
POSSIBLE SUNSHINE (PERCENT) MM
AVERAGE SKY COVER 0.11
NUMBER OF DAYS FAIR 28
NUMBER OF DAYS PC 3
NUMBER OF DAYS CLOUDY 0
AVERAGE RH (PERCENT) 58
WEATHER CONDITIONS. NUMBER OF DAYS WITH
THUNDERSTORM 11 MIXED PRECIP 0
HEAVY RAIN 2 RAIN 3
LIGHT RAIN 12 FREEZING RAIN 0
LT FREEZING RAIN 0 HAIL 0
HEAVY SNOW 0 SNOW 0
LIGHT SNOW 0 SLEET 0
FOG 2 FOG W/VIS <= 1/4 MILE 0
HAZE 9
- INDICATES NEGATIVE NUMBERS.
R INDICATES RECORD WAS SET OR TIED.
MM INDICATES DATA IS MISSING.
T INDICATES TRACE AMOUNT.
$$