000
CXUS54 KMRX 011503
CF6TRI
PRELIMINARY LOCAL CLIMATOLOGICAL DATA (WS FORM: F-6)
STATION: TRI-CITIES AIRPORT
MONTH: FEBRUARY
YEAR: 2022
LATITUDE: 36 28 N
LONGITUDE: 82 24 W
TEMPERATURE IN F: :PCPN: SNOW: WIND :SUNSHINE: SKY :PK WND
================================================================================
1 2 3 4 5 6A 6B 7 8 9 10 11 12 13 14 15 16 17 18
12Z AVG MX 2MIN
DY MAX MIN AVG DEP HDD CDD WTR SNW DPTH SPD SPD DIR MIN PSBL S-S WX SPD DR
================================================================================
1 60 21 41 4 24 0 0.00 0.0 0 2.6 10 180 M M 2 16 180
2 55 30 43 6 22 0 0.12 0.0 0 4.5 14 170 M M 7 1 21 140
3 61 45 53 15 12 0 1.28 0.0 0 3.1 10 180 M M 10 1 17 180
4 64 31 48 10 17 0 0.68 T 0 9.2 22 300 M M 10 1 34 300
5 36 23 30 -8 35 0 T T 0 5.2 18 250 M M 5 22 250
6 49 20 35 -3 30 0 0.00 0.0 0 1.9 8 70 M M 0 13 70
7 48 21 35 -3 30 0 0.00 0.0 0 1.0 9 220 M M 4 12 210
8 48 21 35 -3 30 0 0.00 0.0 0 3.0 12 200 M M 1 17 250
9 57 21 39 0 26 0 T 0.0 0 5.4 23 240 M M 2 30 230
10 58 27 43 4 22 0 0.00 0.0 0 5.9 25 240 M M 2 32 240
11 66 27 47 8 18 0 0.00 0.0 0 7.2 30 250 M M 2 45 240
12 56 36 46 7 19 0 0.00 0.0 0 4.9 14 320 M M 8 20 300
13 44 32 38 -2 27 0 0.04 0.3 0 7.9 20 250 M M 8 1 26 260
14 44 21 33 -7 32 0 0.00 0.0 0 9.2 23 260 M M 4 34 260
15 58 17 38 -2 27 0 0.00 0.0 0 3.1 20 220 M M 1 25 240
16 65 29 47 7 18 0 0.00 0.0 0 7.2 25 220 M M 4 35 220
17 72 45 59 19 6 0 0.82 0.0 0 9.7 26 190 M M 8 1 42 190
18 60 28 44 3 21 0 T 0.0 0 10.3 24 280 M M 9 34 230
19 48 20 34 -7 31 0 0.00 0.0 0 7.1 21 270 M M 0 29 260
20 57 18 38 -3 27 0 0.00 0.0 0 1.8 10 230 M M 1 15 240
21 67 26 47 5 18 0 0.00 0.0 0 2.3 14 180 M M 7 19 190
22 69 49 59 17 6 0 0.85 0.0 0 4.2 23 230 M M 9 1 31 230
23 70 47 59 17 6 0 0.75 0.0 0 3.0 10 350 M M 8 1 15 10
24 61 47 54 12 11 0 1.53 0.0 0 3.2 12 200 M M 10 1 15 340
25 62 38 50 8 15 0 0.57 0.0 0 8.4 29 290 M M 7 12 45 300
26 45 35 40 -3 25 0 0.02 0.0 0 3.6 10 260 M M 10 13 270
27 47 29 38 -5 27 0 0.12 T 0 2.3 9 220 M M 7 14 11 210
28 57 25 41 -2 24 0 0.00 0.0 0 0.9 7 200 M M 3 12 10 210
================================================================================
SM 1584 829 606 0 6.78 0.3 138.1 M 149
================================================================================
AV 56.6 29.6 4.9 FASTST M M 5 MAX(MPH)
MISC ----> 30 250 # 45 240
================================================================================
NOTES:
# LAST OF SEVERAL OCCURRENCES
COLUMN 17 PEAK WIND IN M.P.H.
PRELIMINARY LOCAL CLIMATOLOGICAL DATA (WS FORM: F-6) , PAGE 2
STATION: TRI-CITIES AIRPORT
MONTH: FEBRUARY
YEAR: 2022
LATITUDE: 36 28 N
LONGITUDE: 82 24 W
[TEMPERATURE DATA] [PRECIPITATION DATA] SYMBOLS USED IN COLUMN 16
AVERAGE MONTHLY: 43.1 TOTAL FOR MONTH: 6.78 1 = FOG OR MIST
DPTR FM NORMAL: 3.1 DPTR FM NORMAL: 2.97 2 = FOG REDUCING VISIBILITY
HIGHEST: 72 ON 17 GRTST 24HR 1.53 ON 24-24 TO 1/4 MILE OR LESS
LOWEST: 17 ON 15 3 = THUNDER
SNOW, ICE PELLETS, HAIL 4 = ICE PELLETS
TOTAL MONTH: 0.3 INCH 5 = HAIL
GRTST 24HR 0.3 ON 13-13 6 = FREEZING RAIN OR DRIZZLE
GRTST DEPTH: 0 7 = DUSTSTORM OR SANDSTORM:
VSBY 1/2 MILE OR LESS
8 = SMOKE OR HAZE
[NO. OF DAYS WITH] [WEATHER - DAYS WITH] 9 = BLOWING SNOW
X = TORNADO
MAX 32 OR BELOW: 0 0.01 INCH OR MORE: 11
MAX 90 OR ABOVE: 0 0.10 INCH OR MORE: 9
MIN 32 OR BELOW: 20 0.50 INCH OR MORE: 7
MIN 0 OR BELOW: 0 1.00 INCH OR MORE: 2
[HDD (BASE 65) ]
TOTAL THIS MO. 606 CLEAR (SCALE 0-3) 10
DPTR FM NORMAL -93 PTCLDY (SCALE 4-7) 10
TOTAL FM JUL 1 2910 CLOUDY (SCALE 8-10) 8
DPTR FM NORMAL -322
[CDD (BASE 65) ]
TOTAL THIS MO. 0
DPTR FM NORMAL 0 [PRESSURE DATA]
TOTAL FM JAN 1 1 HIGHEST SLP 30.52 ON 15
DPTR FM NORMAL 1 LOWEST SLP 29.60 ON 17
[REMARKS]
#FINAL-02-22#