000
CXUS56 KSGX 011045
CF6TRM
PRELIMINARY LOCAL CLIMATOLOGICAL DATA (WS FORM: F-6)
STATION: THERMAL AIRPORT CA
MONTH: OCTOBER
YEAR: 2022
LATITUDE: 33 37 N
LONGITUDE: 116 10 W
TEMPERATURE IN F: :PCPN: SNOW: WIND :SUNSHINE: SKY :PK WND
================================================================================
1 2 3 4 5 6A 6B 7 8 9 10 11 12 13 14 15 16 17 18
12Z AVG MX 2MIN
DY MAX MIN AVG DEP HDD CDD WTR SNW DPTH SPD SPD DIR MIN PSBL S-S WX SPD DR
================================================================================
1 96 67 82 2 0 17 0.00 M M 5.6 13 150 M M 0 20 150
2 97 71 84 5 0 19 0.00 M M 4.5 13 150 M M 0 17 160
3 100 76 88 9 0 23 0.00 M M 4.9 13 140 M M 0 16 130
4 100 69 85 7 0 20 0.00 M M 4.0 13 150 M M 0 15 140
5 98 70 84 6 0 19 0.00 M M 5.5 14 130 M M 0 18 140
6 98 68 83 5 0 18 0.01 M M 6.0 33 140 M M 3 8 43 140
7 95 69 82 5 0 17 0.00 M M 5.1 15 120 M M 6 8 20 120
8 94 67 81 4 0 16 0.00 M M 5.5 15 130 M M 0 3 20 130
9 95 68 82 5 0 17 0.01 M M 4.3 15 240 M M 0 17 130
10 98 65 82 6 0 17 0.00 M M 4.3 14 130 M M 0 18 140
11 97 69 83 7 0 18 0.00 M M 6.9 15 290 M M 0 19 290
12 97 70 84 9 0 19 0.00 M M 5.5 17 340 M M 0 21 340
13 100 63 82 7 0 17 0.00 M M 5.7 14 140 M M 0 18 160
14 99 68 84 9 0 19 0.00 M M 7.8 17 330 M M 0 8 22 330
15 88 65 77 3 0 12 0.52 M M 7.5 25 70 M M 3 13 38 90
16 82 69 76 2 0 11 0.00 M M 4.4 8 130 M M 0 M M
17 90 61 76 2 0 11 0.00 M M 3.6 13 130 M M 0 15 130
18 95 62 79 6 0 14 0.00 M M 3.1 12 30 M M 0 15 60
19 92 60 76 3 0 11 0.00 M M 3.3 9 170 M M 0 14 170
20 93 58 76 4 0 11 0.00 M M 3.7 12 130 M M 0 13 140
21 93 60 77 5 0 12 0.00 M M 4.3 12 150 M M 0 14 130
22 88 58 73 1 0 8 0.00 M M 9.4 31 270 M M 1 8 47 260
23 81 61 71 0 0 6 0.00 M M 8.3 18 330 M M 2 24 330
24 78 50 64 -7 1 0 0.00 M M 7.3 18 310 M M 0 8 24 300
25 79 43 61 -9 4 0 0.00 M M 3.8 9 130 M M 0 13 140
26 81 45 63 -7 2 0 0.00 M M 3.7 9 300 M M 0 12 290
27 83 52 68 -2 0 3 0.00 M M 4.3 14 330 M M 0 18 330
28 82 43 63 -6 2 0 0.00 M M 4.2 9 130 M M 0 12 150
29 87 44 66 -3 0 1 0.00 M M 3.4 8 320 M M 0 10 270
30 90 46 68 0 0 3 0.00 M M 6.3 12 260 M M 0 16 270
31 86 49 68 0 0 3 0.00 M M 4.6 13 130 M M 0 16 140
================================================================================
SM 2832 1886 9 362 0.54 M 160.8 M 15
================================================================================
AV 91.4 60.8 5.2 FASTST M M 0 MAX(MPH)
MISC ----> 33 140 47 260
================================================================================
NOTES:
# LAST OF SEVERAL OCCURRENCES
COLUMN 17 PEAK WIND IN M.P.H.
PRELIMINARY LOCAL CLIMATOLOGICAL DATA (WS FORM: F-6) , PAGE 2
STATION: THERMAL AIRPORT CA
MONTH: OCTOBER
YEAR: 2022
LATITUDE: 33 37 N
LONGITUDE: 116 10 W
[TEMPERATURE DATA] [PRECIPITATION DATA] SYMBOLS USED IN COLUMN 16
AVERAGE MONTHLY: 76.1 TOTAL FOR MONTH: 0.54 1 = FOG OR MIST
DPTR FM NORMAL: 2.2 DPTR FM NORMAL: 0.35 2 = FOG REDUCING VISIBILITY
HIGHEST: 100 ON 13, 4 GRTST 24HR 0.52 ON 15-15 TO 1/4 MILE OR LESS
LOWEST: 43 ON 28,25 3 = THUNDER
SNOW, ICE PELLETS, HAIL 4 = ICE PELLETS
TOTAL MONTH: M 5 = HAIL
GRTST 24HR M ON M 6 = FREEZING RAIN OR DRIZZLE
GRTST DEPTH: M ON M 7 = DUSTSTORM OR SANDSTORM:
VSBY 1/2 MILE OR LESS
8 = SMOKE OR HAZE
[NO. OF DAYS WITH] [WEATHER - DAYS WITH] 9 = BLOWING SNOW
X = TORNADO
MAX 32 OR BELOW: 0 0.01 INCH OR MORE: 3
MAX 90 OR ABOVE: 20 0.10 INCH OR MORE: 1
MIN 32 OR BELOW: 0 0.50 INCH OR MORE: 1
MIN 0 OR BELOW: 0 1.00 INCH OR MORE: 0
[HDD (BASE 65) ]
TOTAL THIS MO. 9 CLEAR (SCALE 0-3) 30
DPTR FM NORMAL 0 PTCLDY (SCALE 4-7) 1
TOTAL FM JUL 1 9 CLOUDY (SCALE 8-10) 0
DPTR FM NORMAL 2
[CDD (BASE 65) ]
TOTAL THIS MO. 362
DPTR FM NORMAL 77 [PRESSURE DATA]
TOTAL FM JAN 1 4357 HIGHEST SLP 30.20 ON 24
DPTR FM NORMAL 520 LOWEST SLP 29.54 ON 22
[REMARKS]
#FINAL-10-22#