264
CXUS56 KSGX 031017
CF6TRM
PRELIMINARY LOCAL CLIMATOLOGICAL DATA (WS FORM: F-6)
STATION: THERMAL AIRPORT CA
MONTH: AUGUST
YEAR: 2020
LATITUDE: 33 37 N
LONGITUDE: 116 10 W
TEMPERATURE IN F: :PCPN: SNOW: WIND :SUNSHINE: SKY :PK WND
================================================================================
1 2 3 4 5 6A 6B 7 8 9 10 11 12 13 14 15 16 17 18
12Z AVG MX 2MIN
DY MAX MIN AVG DEP HDD CDD WTR SNW DPTH SPD SPD DIR MIN PSBL S-S WX SPD DR
================================================================================
1 111 85 98 7 0 33 0.00 0.0 0 5.7 14 100 M M 0 19 120
2 112 75 94 3 0 29 T 0.0 0 7.6 23 340 M M 0 29 330
3 113 75 94 3 0 29 0.00 0.0 0 7.9 20 330 M M 0 8 26 330
4 113 76 95 4 0 30 0.00 0.0 0 8.0 23 340 M M 0 8 30 340
5 109 68 89 -1 0 24 0.00 0.0 0 8.2 26 330 M M 0 33 320
6 105 69 87 -3 0 22 0.00 0.0 0 7.8 21 330 M M 0 28 330
7 106 64 85 -5 0 20 0.00 0.0 0 6.2 21 310 M M 0 29 310
8 110 81 96 6 0 31 0.00 0.0 0 8.1 21 330 M M 0 27 320
9 111 83 97 7 0 32 0.00 0.0 0 8.7 16 310 M M 0 22 320
10 111 80 96 6 0 31 0.00 0.0 0 7.9 16 130 M M 0 21 130
11 111 69 90 0 0 25 0.00 0.0 0 5.4 15 330 M M 0 8 19 330
12 111 75 93 3 0 28 0.00 0.0 0 6.2 14 320 M M 0 18 320
13 117 89 103 13 0 38 0.00 0.0 0 8.1 16 330 M M 0 8 23 320
14 119 89 104 14 0 39 0.00 0.0 0 8.0 17 320 M M 0 22 320
15 113 80 97 7 0 32 0.00 0.0 0 4.1 12 150 M M 0 16 140
16 117 87 102 12 0 37 0.00 0.0 0 5.8 17 140 M M 0 8 23 150
17 114 85 100 10 0 35 0.00 0.0 0 6.1 20 330 M M 0 25 330
18 114 86 100 10 0 35 0.00 0.0 0 5.9 20 130 M M 0 24 130
19 111 82 97 7 0 32 0.00 0.0 0 5.6 13 140 M M 0 16 150
20 110 80 95 5 0 30 0.00 0.0 0 5.4 14 130 M M 0 19 140
21 104 85 95 6 0 30 T 0.0 0 7.5 18 140 M M 0 8 26 130
22 108 82 95 6 0 30 0.00 0.0 0 5.3 14 140 M M 0 19 150
23 111 86 99 10 0 34 0.00 0.0 0 7.4 15 320 M M 0 20 330
24 117 89 103 14 0 38 0.00 0.0 0 8.7 21 330 M M 0 26 340
25 116 89 103 14 0 38 0.00 0.0 0 8.9 21 330 M M 0 26 330
26 117 94 106 17 0 41 0.00 0.0 0 10.1 21 330 M M 0 29 330
27 117 87 102 13 0 37 0.00 0.0 0 9.8 17 340 M M 0 22 330
28 114 86 100 11 0 35 0.00 0.0 0 10.0 18 330 M M 0 24 330
29 110 75 93 5 0 28 0.00 0.0 0 6.6 17 330 M M 0 24 330
30 105 77 91 3 0 26 0.00 0.0 0 6.9 18 130 M M 0 25 130
31 103 80 92 4 0 27 0.00 0.0 0 5.2 7 140 M M 1 20 140
================================================================================
SM 3460 2508 0 976 T 0.0 223.1 M 1
================================================================================
AV111.6 80.9 7.2 FASTST M M 0 MAX(MPH)
MISC ----> # 26 330 # 33 320
================================================================================
NOTES:
# LAST OF SEVERAL OCCURRENCES
COLUMN 17 PEAK WIND IN M.P.H.
PRELIMINARY LOCAL CLIMATOLOGICAL DATA (WS FORM: F-6) , PAGE 2
STATION: THERMAL AIRPORT CA
MONTH: AUGUST
YEAR: 2020
LATITUDE: 33 37 N
LONGITUDE: 116 10 W
[TEMPERATURE DATA] [PRECIPITATION DATA] SYMBOLS USED IN COLUMN 16
AVERAGE MONTHLY: 96.3 TOTAL FOR MONTH: T 1 = FOG OR MIST
DPTR FM NORMAL: 6.6 DPTR FM NORMAL: -0.19 2 = FOG REDUCING VISIBILITY
HIGHEST: 119 ON 14 GRTST 24HR T ON 21-21 TO 1/4 MILE OR LESS
LOWEST: 64 ON 7 3 = THUNDER
SNOW, ICE PELLETS, HAIL 4 = ICE PELLETS
TOTAL MONTH: 0.0 INCH 5 = HAIL
GRTST 24HR 0.0 6 = FREEZING RAIN OR DRIZZLE
GRTST DEPTH: 0 7 = DUSTSTORM OR SANDSTORM:
VSBY 1/2 MILE OR LESS
8 = SMOKE OR HAZE
[NO. OF DAYS WITH] [WEATHER - DAYS WITH] 9 = BLOWING SNOW
X = TORNADO
MAX 32 OR BELOW: 0 0.01 INCH OR MORE: 0
MAX 90 OR ABOVE: 31 0.10 INCH OR MORE: 0
MIN 32 OR BELOW: 0 0.50 INCH OR MORE: 0
MIN 0 OR BELOW: 0 1.00 INCH OR MORE: 0
[HDD (BASE 65) ]
TOTAL THIS MO. 0 CLEAR (SCALE 0-3) 31
DPTR FM NORMAL 0 PTCLDY (SCALE 4-7) 0
TOTAL FM JUL 1 0 CLOUDY (SCALE 8-10) 0
DPTR FM NORMAL 0
[CDD (BASE 65) ]
TOTAL THIS MO. 976
DPTR FM NORMAL 210 [PRESSURE DATA]
TOTAL FM JAN 1 3445 HIGHEST SLP M ON M
DPTR FM NORMAL 612 LOWEST SLP 29.50 ON M
[REMARKS]
#FINAL-08-20#