000
CXUS56 KSGX 011045
CF6TRM
PRELIMINARY LOCAL CLIMATOLOGICAL DATA (WS FORM: F-6)
STATION: THERMAL AIRPORT CA
MONTH: JULY
YEAR: 2023
LATITUDE: 33 37 N
LONGITUDE: 116 10 W
TEMPERATURE IN F: :PCPN: SNOW: WIND :SUNSHINE: SKY :PK WND
================================================================================
1 2 3 4 5 6A 6B 7 8 9 10 11 12 13 14 15 16 17 18
12Z AVG MX 2MIN
DY MAX MIN AVG DEP HDD CDD WTR SNW DPTH SPD SPD DIR MIN PSBL S-S WX SPD DR
================================================================================
1 115 66 91 1 0 26 0.00 M M 7.8 16 140 M M 0 8 20 120
2 112 78 95 5 0 30 0.00 M M 8.2 20 330 M M 0 24 320
3 115 71 93 3 0 28 0.00 M M 7.8 20 270 M M 0 8 27 280
4 113 77 95 5 0 30 0.00 M M 9.5 23 340 M M 0 8 31 330
5 107 63 85 -5 0 20 0.00 M M 8.1 20 320 M M 0 8 26 320
6 108 79 94 4 0 29 0.00 M M 12.4 26 330 M M 0 8 34 330
7 106 77 92 1 0 27 0.00 M M 9.0 23 320 M M 0 8 32 330
8 105 78 92 1 0 27 0.00 M M 8.5 17 320 M M 0 8 24 320
9 106 67 87 -4 0 22 0.00 M M 7.9 16 330 M M 0 21 320
10 107 71 89 -2 0 24 0.00 M M 5.6 14 140 M M 0 22 130
11 111 69 90 -1 0 25 0.00 M M 7.0 22 330 M M 0 8 28 330
12 113 88 101 10 0 36 0.00 M M 10.6 28 340 M M 0 8 36 340
13 114 89 102 11 0 37 0.00 M M 12.1 28 330 M M 0 8 36 320
14 114 86 100 9 0 35 0.00 M M 8.1 18 320 M M 0 8 26 320
15 115 74 95 3 0 30 0.00 M M 5.7 15 140 M M 0 8 20 140
16 114 77 96 4 0 31 0.00 M M 4.7 16 130 M M 0 8 22 120
17 112 83 98 6 0 33 0.00 M M 7.0 17 340 M M 0 23 350
18 116 92 104 12 0 39 0.00 M M 10.5 24 330 M M 0 8 29 320
19 114 90 102 10 0 37 0.00 M M 9.2 21 330 M M 0 26 340
20 118 92 105 13 0 40 0.00 M M 10.2 21 340 M M 0 8 26 330
21 118 84 101 9 0 36 0.00 M M 8.8 21 330 M M 0 8 26 330
22 113 84 99 7 0 34 0.00 M M 7.6 22 150 M M 0 8 28 150
23 107 83 95 3 0 30 T M M 5.5 20 110 M M 3 38 26 120
24 113 79 96 4 0 31 0.00 M M 5.9 15 130 M M 0 8 23 130
25 117 88 103 11 0 38 0.00 M M 8.5 16 120 M M 0 8 21 120
26 116 87 102 10 0 37 0.00 M M 9.2 18 330 M M 1 8 25 330
27 114 86 100 8 0 35 0.00 M M 7.4 17 320 M M 0 8 22 330
28 111 78 95 3 0 30 0.00 M M 4.5 14 320 M M 0 8 22 150
29 116 79 98 6 0 33 0.00 M M 5.1 21 130 M M 0 8 23 130
30 110 77 94 2 0 29 0.00 M M 7.0 20 140 M M 0 8 26 140
31 101 81 91 -1 0 26 T M M 8.6 38 140 M M 4 38 50 140
================================================================================
SM 3471 2473 0 965 T M 248.0 M 8
================================================================================
AV112.0 79.8 8.0 FASTST M M 0 MAX(MPH)
MISC ----> 38 140 50 140
================================================================================
NOTES:
# LAST OF SEVERAL OCCURRENCES
COLUMN 17 PEAK WIND IN M.P.H.
PRELIMINARY LOCAL CLIMATOLOGICAL DATA (WS FORM: F-6) , PAGE 2
STATION: THERMAL AIRPORT CA
MONTH: JULY
YEAR: 2023
LATITUDE: 33 37 N
LONGITUDE: 116 10 W
[TEMPERATURE DATA] [PRECIPITATION DATA] SYMBOLS USED IN COLUMN 16
AVERAGE MONTHLY: 95.9 TOTAL FOR MONTH: T 1 = FOG OR MIST
DPTR FM NORMAL: 4.7 DPTR FM NORMAL: -0.13 2 = FOG REDUCING VISIBILITY
HIGHEST: 118 ON 21,20 GRTST 24HR T ON 23-23 TO 1/4 MILE OR LESS
LOWEST: 63 ON 5 3 = THUNDER
SNOW, ICE PELLETS, HAIL 4 = ICE PELLETS
TOTAL MONTH: M 5 = HAIL
GRTST 24HR M ON M 6 = FREEZING RAIN OR DRIZZLE
GRTST DEPTH: M ON M 7 = DUSTSTORM OR SANDSTORM:
VSBY 1/2 MILE OR LESS
8 = SMOKE OR HAZE
[NO. OF DAYS WITH] [WEATHER - DAYS WITH] 9 = BLOWING SNOW
X = TORNADO
MAX 32 OR BELOW: 0 0.01 INCH OR MORE: 0
MAX 90 OR ABOVE: 31 0.10 INCH OR MORE: 0
MIN 32 OR BELOW: 0 0.50 INCH OR MORE: 0
MIN 0 OR BELOW: 0 1.00 INCH OR MORE: 0
[HDD (BASE 65) ]
TOTAL THIS MO. 0 CLEAR (SCALE 0-3) 30
DPTR FM NORMAL 0 PTCLDY (SCALE 4-7) 1
TOTAL FM JUL 1 0 CLOUDY (SCALE 8-10) 0
DPTR FM NORMAL 0
[CDD (BASE 65) ]
TOTAL THIS MO. 965
DPTR FM NORMAL 151 [PRESSURE DATA]
TOTAL FM JAN 1 2220 HIGHEST SLP 29.94 ON 31
DPTR FM NORMAL 56 LOWEST SLP 29.56 ON 7
[REMARKS]
#FINAL-07-23#