000
CXUS56 KPQR 011550
CLMTTD
CLIMATE REPORT
NATIONAL WEATHER SERVICE PORTLAND OREGON
850 AM PDT SAT JUL 01 2023
...................................
...THE TROUTDALE OR CLIMATE SUMMARY FOR THE MONTH OF JUNE 2023...
CLIMATE NORMAL PERIOD 1991 TO 2020
CLIMATE RECORD PERIOD 1948 TO 2023
WEATHER OBSERVED NORMAL DEPART LAST YEAR`S
VALUE DATE(S) VALUE FROM VALUE DATE(S)
NORMAL
................................................................
TEMPERATURE (F)
HIGHEST 94 95 06/27
LOWEST 44 46 06/07
AVG. MAXIMUM 78.7 74.0 4.7 74.1
AVG. MINIMUM 52.4 53.0 -0.6 54.8
MEAN 65.6 63.5 2.1 64.5
DAYS MAX >= 90 3 2.3 0.7 3
DAYS MAX <= 32 0 0.0 0.0 0
DAYS MIN <= 32 0 0.0 0.0 0
DAYS MIN <= 0 0 0.0 0.0 0
PRECIPITATION (INCHES)
RECORD
MAXIMUM 5.12 2022
MINIMUM 1.51 2021
TOTALS 1.54 2.11 -0.57 5.12
DAYS >= .01 3 9.8 -6.8 14
DAYS >= .10 3 5.5 -2.5 10
DAYS >= .50 1 1.1 -0.1 3
DAYS >= 1.00 1 0.2 0.8 1
GREATEST
24 HR. TOTAL 1.23 06/18 TO 06/19
DEGREE DAYS
HEATING TOTAL 53 91 -38 73
SINCE 7/1 4098 4154 -56 MM
COOLING TOTAL 76 46 30 65
SINCE 1/1 165 68 MM
................................................................
WIND (MPH)
AVERAGE WIND SPEED 3.5
RESULTANT WIND SPEED/DIRECTION 0/120
HIGHEST WIND SPEED/DIRECTION 20/220 DATE 06/19
HIGHEST GUST SPEED/DIRECTION 24/220 DATE 06/19
SKY COVER
POSSIBLE SUNSHINE (PERCENT) MM
AVERAGE SKY COVER 0.28
NUMBER OF DAYS FAIR 22
NUMBER OF DAYS PC 3
NUMBER OF DAYS CLOUDY 5
AVERAGE RH (PERCENT) 58
WEATHER CONDITIONS. NUMBER OF DAYS WITH
THUNDERSTORM 1 MIXED PRECIP 0
HEAVY RAIN 1 RAIN 1
LIGHT RAIN 5 FREEZING RAIN 0
LT FREEZING RAIN 0 HAIL 0
HEAVY SNOW 0 SNOW 0
LIGHT SNOW 0 SLEET 0
FOG 3 FOG W/VIS <= 1/4 MILE 0
HAZE 2
- INDICATES NEGATIVE NUMBERS.
R INDICATES RECORD WAS SET OR TIED.
MM INDICATES DATA IS MISSING.
T INDICATES TRACE AMOUNT.
$$