000
CXUS54 KTSA 011336
CF6TUL
PRELIMINARY LOCAL CLIMATOLOGICAL DATA (WS FORM: F-6)
STATION: TULSA OKLAHOMA
MONTH: NOVEMBER
YEAR: 2022
LATITUDE: 36 12 N
LONGITUDE: 95 54 W
TEMPERATURE IN F: :PCPN: SNOW: WIND :SUNSHINE: SKY :PK WND
================================================================================
1 2 3 4 5 6A 6B 7 8 9 10 11 12 13 14 15 16 17 18
12Z AVG MX 2MIN
DY MAX MIN AVG DEP HDD CDD WTR SNW DPTH SPD SPD DIR MIN PSBL S-S WX SPD DR
================================================================================
1 79 45 62 6 3 0 0.00 0.0 0 7.1 16 140 M M 1 21 160
2 73 56 65 9 0 0 0.00 0.0 0 13.6 23 180 M M 2 29 170
3 78 61 70 15 0 5 0.00 0.0 0 16.1 26 170 M M 9 35 170
4 76 43 60 5 5 0 1.01 0.0 0 16.7 32 170 M M 10 123 44 170
5 62 41 52 -2 13 0 0.00 0.0 0 12.5 23 280 M M 4 30 170
6 75 50 63 9 2 0 0.00 0.0 0 6.6 16 170 M M 7 21 160
7 73 49 61 7 4 0 0.00 0.0 0 6.1 13 70 M M 6 19 60
8 73 58 66 13 0 1 0.12 0.0 0 7.0 13 160 M M 9 1 18 140
9 78 62 70 17 0 5 0.00 0.0 0 11.8 24 170 M M 7 1 32 170
10 78 45 62 10 3 0 0.49 0.0 0 14.0 24 340 M M 7 13 33 340
11 45 33 39 -13 26 0 0.17 T 0 17.1 26 350 M M 9 1 35 350
12 46 26 36 -16 29 0 0.00 0.0 0 7.1 16 340 M M 2 25 320
13 51 24 38 -13 27 0 0.00 0.0 0 6.4 14 140 M M 3 21 140
14 42 34 38 -13 27 0 0.10 T 0 7.2 15 150 M M 9 1 19 150
15 47 31 39 -11 26 0 0.00 0.0 0 7.6 17 340 M M 6 1 23 350
16 46 26 36 -14 29 0 0.00 0.0 0 7.9 23 320 M M 2 30 330
17 55 25 40 -10 25 0 T T 0 7.5 23 10 M M 3 1 30 20
18 35 27 31 -18 34 0 0.01 0.3 0 9.2 18 340 M M 9 1 25 10
19 48 25 37 -12 28 0 0.00 0.0 0 6.5 20 280 M M 3 26 330
20 50 19 35 -14 30 0 0.00 0.0 0 4.3 14 190 M M 0 19 180
21 57 31 44 -4 21 0 0.00 0.0 0 8.2 18 190 M M 0 24 190
22 62 35 49 1 16 0 0.00 0.0 0 7.6 15 170 M M 1 23 200
23 58 40 49 1 16 0 0.02 0.0 0 9.7 22 170 M M 8 1 28 160
24 54 43 49 2 16 0 0.30 0.0 0 5.8 14 330 M M 9 1 18 340
25 56 37 47 0 18 0 0.00 0.0 0 8.2 16 350 M M 5 24 10
26 51 37 44 -2 21 0 0.55 0.0 0 5.4 14 260 M M 9 12 17 40
27 54 38 46 0 19 0 0.03 0.0 0 9.1 18 310 M M 8 1 25 320
28 61 32 47 1 18 0 0.00 0.0 0 10.4 23 150 M M 3 33 140
29 72 32 52 7 13 0 0.00 0.0 0 19.9 30 190 M M 5 42 190
30 45 22 34 -11 31 0 0.00 0.0 0 5.7 17 340 M M 3 22 330
================================================================================
SM 1780 1127 500 11 2.80 0.3 282.3 M 159
================================================================================
AV 59.3 37.6 9.4 FASTST M M 5 MAX(MPH)
MISC ----> 32 170 44 170
================================================================================
NOTES:
# LAST OF SEVERAL OCCURRENCES
COLUMN 17 PEAK WIND IN M.P.H.
PRELIMINARY LOCAL CLIMATOLOGICAL DATA (WS FORM: F-6) , PAGE 2
STATION: TULSA OKLAHOMA
MONTH: NOVEMBER
YEAR: 2022
LATITUDE: 36 12 N
LONGITUDE: 95 54 W
[TEMPERATURE DATA] [PRECIPITATION DATA] SYMBOLS USED IN COLUMN 16
AVERAGE MONTHLY: 48.4 TOTAL FOR MONTH: 2.80 1 = FOG OR MIST
DPTR FM NORMAL: -2.0 DPTR FM NORMAL: 0.14 2 = FOG REDUCING VISIBILITY
HIGHEST: 79 ON 1 GRTST 24HR 1.01 ON 4- 4 TO 1/4 MILE OR LESS
LOWEST: 19 ON 20 3 = THUNDER
SNOW, ICE PELLETS, HAIL 4 = ICE PELLETS
TOTAL MONTH: 0.3 INCH 5 = HAIL
GRTST 24HR 0.3 ON 18-18 6 = FREEZING RAIN OR DRIZZLE
GRTST DEPTH: 0 7 = DUSTSTORM OR SANDSTORM:
VSBY 1/2 MILE OR LESS
8 = SMOKE OR HAZE
[NO. OF DAYS WITH] [WEATHER - DAYS WITH] 9 = BLOWING SNOW
X = TORNADO
MAX 32 OR BELOW: 0 0.01 INCH OR MORE: 10
MAX 90 OR ABOVE: 0 0.10 INCH OR MORE: 7
MIN 32 OR BELOW: 12 0.50 INCH OR MORE: 2
MIN 0 OR BELOW: 0 1.00 INCH OR MORE: 1
[HDD (BASE 65) ]
TOTAL THIS MO. 500 CLEAR (SCALE 0-3) 9
DPTR FM NORMAL 54 PTCLDY (SCALE 4-7) 12
TOTAL FM JUL 1 625 CLOUDY (SCALE 8-10) 9
DPTR FM NORMAL 2
[CDD (BASE 65) ]
TOTAL THIS MO. 11
DPTR FM NORMAL 3 [PRESSURE DATA]
TOTAL FM JAN 1 2534 HIGHEST SLP 30.58 ON 18
DPTR FM NORMAL 407 LOWEST SLP 29.52 ON 29
[REMARKS]
#FINAL-11-22#