000
CXUS54 KTSA 011434
CF6TUL
PRELIMINARY LOCAL CLIMATOLOGICAL DATA (WS FORM: F-6)
STATION: TULSA OKLAHOMA
MONTH: SEPTEMBER
YEAR: 2020
LATITUDE: 36 12 N
LONGITUDE: 95 54 W
TEMPERATURE IN F: :PCPN: SNOW: WIND :SUNSHINE: SKY :PK WND
================================================================================
1 2 3 4 5 6A 6B 7 8 9 10 11 12 13 14 15 16 17 18
12Z AVG MX 2MIN
DY MAX MIN AVG DEP HDD CDD WTR SNW DPTH SPD SPD DIR MIN PSBL S-S WX SPD DR
================================================================================
1 80 72 76 -3 0 11 0.30 0.0 0 7.8 22 170 M M 8 13 27 180
2 84 71 78 0 0 13 0.04 0.0 0 4.7 10 170 M M 7 1 13 160
3 92 73 83 5 0 18 0.00 0.0 0 5.2 10 160 M M 3 14 180
4 91 71 81 3 0 16 0.00 0.0 0 4.4 13 180 M M 4 16 170
5 91 72 82 5 0 17 0.00 0.0 0 6.6 14 170 M M 2 18 210
6 91 75 83 6 0 18 0.00 0.0 0 13.0 23 180 M M 1 35 210
7 93 75 84 7 0 19 0.00 0.0 0 14.3 22 180 M M 2 31 170
8 90 65 78 2 0 13 1.18 0.0 0 11.8 26 340 M M 5 13 35 350
9 73 59 66 -10 0 1 0.52 0.0 0 10.7 17 320 M M 8 13 23 350
10 64 57 61 -14 4 0 0.21 0.0 0 8.6 14 320 M M 10 1 19 340
11 67 60 64 -11 1 0 0.06 0.0 0 3.4 10 330 M M 10 1 12 310
12 77 63 70 -5 0 5 0.00 0.0 0 2.3 8 170 M M 8 11 180
13 82 60 71 -3 0 6 0.00 0.0 0 5.9 14 360 M M 5 12 21 350
14 82 57 70 -4 0 5 0.00 0.0 0 5.5 9 40 M M 6 18 340
15 86 64 75 2 0 10 0.00 0.0 0 2.5 8 360 M M 6 13 360
16 88 64 76 3 0 11 T 0.0 0 5.0 12 350 M M 3 16 20
17 85 60 73 1 0 8 0.00 0.0 0 7.5 17 350 M M 1 23 330
18 82 55 69 -3 0 4 0.00 0.0 0 5.8 13 10 M M 1 18 10
19 79 55 67 -5 0 2 0.00 0.0 0 3.1 13 140 M M 0 17 120
20 79 55 67 -4 0 2 0.00 0.0 0 6.0 13 130 M M 1 18 130
21 83 57 70 -1 0 5 0.01 0.0 0 5.5 15 150 M M 3 1 21 150
22 69 65 67 -3 0 2 1.30 0.0 0 5.8 13 110 M M 10 1 17 110
23 76 63 70 0 0 5 0.00 0.0 0 3.3 9 40 M M 8 13 130
24 81 57 69 0 0 4 0.00 0.0 0 4.1 13 160 M M 2 12 17 160
25 83 63 73 4 0 8 0.00 0.0 0 12.7 22 170 M M 0 28 170
26 86 64 75 7 0 10 0.00 0.0 0 14.7 22 180 M M 2 30 160
27 78 56 67 -1 0 2 0.13 0.0 0 12.3 30 350 M M 8 1 48 10
28 74 52 63 -5 2 0 0.00 0.0 0 10.6 26 330 M M 3 36 310
29 79 47 63 -4 2 0 0.00 0.0 0 6.0 17 280 M M 1 24 310
30 90 55 73 6 0 8 0.00 0.0 0 6.6 18 330 M M 1 23 10
================================================================================
SM 2455 1862 9 223 3.75 0.0 215.7 M 129
================================================================================
AV 81.8 62.1 7.2 FASTST M M 4 MAX(MPH)
MISC ----> 30 350 48 10
================================================================================
NOTES:
# LAST OF SEVERAL OCCURRENCES
COLUMN 17 PEAK WIND IN M.P.H.
PRELIMINARY LOCAL CLIMATOLOGICAL DATA (WS FORM: F-6) , PAGE 2
STATION: TULSA OKLAHOMA
MONTH: SEPTEMBER
YEAR: 2020
LATITUDE: 36 12 N
LONGITUDE: 95 54 W
[TEMPERATURE DATA] [PRECIPITATION DATA] SYMBOLS USED IN COLUMN 16
AVERAGE MONTHLY: 72.0 TOTAL FOR MONTH: 3.75 1 = FOG OR MIST
DPTR FM NORMAL: -1.1 DPTR FM NORMAL: -0.51 2 = FOG REDUCING VISIBILITY
HIGHEST: 93 ON 7 GRTST 24HR 1.67 ON 8- 9 TO 1/4 MILE OR LESS
LOWEST: 47 ON 29 3 = THUNDER
SNOW, ICE PELLETS, HAIL 4 = ICE PELLETS
TOTAL MONTH: 0.0 INCH 5 = HAIL
GRTST 24HR 0.0 6 = FREEZING RAIN OR DRIZZLE
GRTST DEPTH: 0 7 = DUSTSTORM OR SANDSTORM:
VSBY 1/2 MILE OR LESS
8 = SMOKE OR HAZE
[NO. OF DAYS WITH] [WEATHER - DAYS WITH] 9 = BLOWING SNOW
X = TORNADO
MAX 32 OR BELOW: 0 0.01 INCH OR MORE: 9
MAX 90 OR ABOVE: 7 0.10 INCH OR MORE: 6
MIN 32 OR BELOW: 0 0.50 INCH OR MORE: 3
MIN 0 OR BELOW: 0 1.00 INCH OR MORE: 2
[HDD (BASE 65) ]
TOTAL THIS MO. 9 CLEAR (SCALE 0-3) 15
DPTR FM NORMAL -15 PTCLDY (SCALE 4-7) 12
TOTAL FM JUL 1 9 CLOUDY (SCALE 8-10) 3
DPTR FM NORMAL -13
[CDD (BASE 65) ]
TOTAL THIS MO. 223
DPTR FM NORMAL -41 [PRESSURE DATA]
TOTAL FM JAN 1 1957 HIGHEST SLP 30.27 ON 10
DPTR FM NORMAL -8 LOWEST SLP 29.70 ON 27
[REMARKS]
#FINAL-09-20#