000
CXUS54 KMEG 010900
CF6TUP
PRELIMINARY LOCAL CLIMATOLOGICAL DATA (WS FORM: F-6)
STATION: TUPELO
MONTH: MAY
YEAR: 2022
LATITUDE: 34 16 N
LONGITUDE: 88 46 W
TEMPERATURE IN F: :PCPN: SNOW: WIND :SUNSHINE: SKY :PK WND
================================================================================
1 2 3 4 5 6A 6B 7 8 9 10 11 12 13 14 15 16 17 18
12Z AVG MX 2MIN
DY MAX MIN AVG DEP HDD CDD WTR SNW DPTH SPD SPD DIR MIN PSBL S-S WX SPD DR
================================================================================
1 82 61 72 4 0 7 1.88 0.0 0 4.8 18 290 M M 6 13 31 290
2 85 56 71 3 0 6 0.62 0.0 0 5.0 13 180 M M 1 138 17 260
3 86 67 77 9 0 12 0.35 0.0 0 8.2 26 190 M M 3 13 36 180
4 86 65 76 8 0 11 0.00 0.0 0 4.7 13 40 M M 1 1 17 40
5 87 65 76 7 0 11 0.45 0.0 0 6.3 20 330 M M 3 13 30 320
6 75 62 69 0 0 4 0.00 0.0 0 8.5 24 250 M M 8 35 210
7 73 57 65 -4 0 0 0.00 0.0 0 7.0 17 360 M M 4 24 310
8 80 52 66 -4 0 1 0.00 0.0 0 4.5 12 140 M M 0 1 14 140
9 84 66 75 5 0 10 0.00 0.0 0 10.4 17 130 M M 4 23 150
10 84 67 76 6 0 11 0.00 0.0 0 6.0 14 180 M M 4 1 20 150
11 92 63 78 8 0 13 0.00 0.0 0 2.0 9 90 M M 1 18 12 130
12 92 71 82 11 0 17 0.07 0.0 0 2.5 16 320 M M 3 138 22 320
13 87 67 77 6 0 12 T 0.0 0 7.1 18 310 M M 3 18 29 310
14 87 64 76 5 0 11 0.00 0.0 0 2.3 12 230 M M 0 14 320
15 91 68 80 8 0 15 0.05 0.0 0 3.2 20 320 M M 3 3 26 320
16 84 61 73 1 0 8 0.00 0.0 0 5.7 15 360 M M 2 1 19 20
17 87 56 72 0 0 7 0.00 0.0 0 3.7 14 130 M M 0 17 130
18 92 63 78 6 0 13 0.00 0.0 0 6.0 21 170 M M 1 18 28 180
19 91 71 81 8 0 16 0.00 0.0 0 9.2 18 190 M M 0 26 170
20 91 71 81 8 0 16 0.00 0.0 0 12.0 25 190 M M 2 34 180
21 92 72 82 9 0 17 0.00 0.0 0 9.8 29 360 M M 3 3 36 360
22 85 67 76 2 0 11 0.06 0.0 0 9.9 23 360 M M 7 3 29 350
23 75 65 70 -4 0 5 0.00 0.0 0 8.0 16 20 M M 9 18 18 360
24 82 64 73 -1 0 8 1.32 0.0 0 6.8 18 200 M M 7 13 25 200
25 81 67 74 0 0 9 1.43 0.0 0 11.3 31 210 M M 8 123 46 200
26 81 64 73 -2 0 8 0.18 0.0 0 10.0 28 240 M M 7 13 37 260
27 77 59 68 -7 0 3 0.00 0.0 0 4.7 12 310 M M 4 17 310
28 81 57 69 -6 0 4 0.00 0.0 0 1.8 10 120 M M 2 1 13 110
29 88 59 74 -1 0 9 0.00 0.0 0 6.4 15 150 M M 0 21 180
30 91 71 81 5 0 16 0.00 0.0 0 8.6 20 180 M M 2 24 170
31 92 68 80 4 0 15 0.00 0.0 0 4.0 12 170 M M 1 17 150
================================================================================
SM 2641 1986 0 306 6.41 0.0 200.4 M 99
================================================================================
AV 85.2 64.1 6.5 FASTST M M 3 MAX(MPH)
MISC ----> 31 210 46 200
================================================================================
NOTES:
# LAST OF SEVERAL OCCURRENCES
COLUMN 17 PEAK WIND IN M.P.H.
PRELIMINARY LOCAL CLIMATOLOGICAL DATA (WS FORM: F-6) , PAGE 2
STATION: TUPELO
MONTH: MAY
YEAR: 2022
LATITUDE: 34 16 N
LONGITUDE: 88 46 W
[TEMPERATURE DATA] [PRECIPITATION DATA] SYMBOLS USED IN COLUMN 16
AVERAGE MONTHLY: 74.6 TOTAL FOR MONTH: 6.41 1 = FOG OR MIST
DPTR FM NORMAL: 2.8 DPTR FM NORMAL: 1.19 2 = FOG REDUCING VISIBILITY
HIGHEST: 92 ON 31,21 GRTST 24HR 2.68 ON 24-25 TO 1/4 MILE OR LESS
LOWEST: 52 ON 8 3 = THUNDER
SNOW, ICE PELLETS, HAIL 4 = ICE PELLETS
TOTAL MONTH: 0.0 INCH 5 = HAIL
GRTST 24HR 0.0 6 = FREEZING RAIN OR DRIZZLE
GRTST DEPTH: 0 7 = DUSTSTORM OR SANDSTORM:
VSBY 1/2 MILE OR LESS
8 = SMOKE OR HAZE
[NO. OF DAYS WITH] [WEATHER - DAYS WITH] 9 = BLOWING SNOW
X = TORNADO
MAX 32 OR BELOW: 0 0.01 INCH OR MORE: 10
MAX 90 OR ABOVE: 9 0.10 INCH OR MORE: 7
MIN 32 OR BELOW: 0 0.50 INCH OR MORE: 4
MIN 0 OR BELOW: 0 1.00 INCH OR MORE: 3
[HDD (BASE 65) ]
TOTAL THIS MO. 0 CLEAR (SCALE 0-3) 18
DPTR FM NORMAL -20 PTCLDY (SCALE 4-7) 11
TOTAL FM JUL 1 2358 CLOUDY (SCALE 8-10) 2
DPTR FM NORMAL -366
[CDD (BASE 65) ]
TOTAL THIS MO. 306
DPTR FM NORMAL 76 [PRESSURE DATA]
TOTAL FM JAN 1 407 HIGHEST SLP 30.23 ON 10
DPTR FM NORMAL 82 LOWEST SLP 29.70 ON 6
[REMARKS]
#FINAL-05-22#