000
CXUS54 KMEG 042207
CLMTUP
CLIMATE REPORT
NATIONAL WEATHER SERVICE MEMPHIS TN
507 PM CDT TUE JUL 04 2023
...................................
...THE TUPELO CLIMATE SUMMARY FOR THE MONTH OF JUNE 2023...
CLIMATE NORMAL PERIOD 1991 TO 2020
CLIMATE RECORD PERIOD 1930 TO 2023
WEATHER OBSERVED NORMAL DEPART LAST YEAR`S
VALUE DATE(S) VALUE FROM VALUE DATE(S)
NORMAL
................................................................
TEMPERATURE (F)
RECORD
HIGH 626 06/25/2022
LOW 43 06/08/1977
06/01/1972
06/03/1969
HIGHEST 100 06/30 88 12 MM
LOWEST 65 06/06 67 -2 MM
06/13
06/23
AVG. MAXIMUM 90.3 89.5 0.8 MM
AVG. MINIMUM 68.9 68.8 0.1 MM
MEAN 79.6 79.2 0.4 MM
DAYS MAX >= 90 18 14.9 3.1 MM
DAYS MAX <= 32 0 0.0 0.0 MM
DAYS MIN <= 32 0 0.0 0.0 MM
DAYS MIN <= 0 0 0.0 0.0 MM
PRECIPITATION (INCHES)
RECORD
MAXIMUM 14.44 2021
MINIMUM 0.17 1988
TOTALS 6.67 5.01 1.66 MM
DAILY AVG. 0.22 0.17 0.05 MM
DAYS >= .01 12 10.2 1.8 MM
DAYS >= .10 10 7.0 3.0 MM
DAYS >= .50 5 3.6 1.4 MM
DAYS >= 1.00 3 1.5 1.5 MM
GREATEST
24 HR. TOTAL 1.66 06/25 TO 06/25
SNOWFALL (INCHES)
RECORDS
TOTAL MM MM
TOTALS 0.0 0.0 0.0 MM
SINCE 7/1 T 1.5 -1.5 MM
SNOWDEPTH AVG. 0 MM
DAYS >= 1.0 0 0.0 0.0 MM
GREATEST
SNOW DEPTH 0 MM
24 HR TOTAL MM
DEGREE DAYS
HEATING TOTAL 0 0 0 MM
SINCE 7/1 2165 2727 -562 MM
COOLING TOTAL 444 424 20 MM
SINCE 1/1 824 749 75 MM
................................................................
WIND (MPH)
AVERAGE WIND SPEED 4.6
HIGHEST WIND SPEED/DIRECTION 32/320 DATE 06/11
HIGHEST GUST SPEED/DIRECTION 53/320 DATE 06/11
SKY COVER
POSSIBLE SUNSHINE (PERCENT) MM
AVERAGE SKY COVER 0.24
NUMBER OF DAYS FAIR 22
NUMBER OF DAYS PC 8
NUMBER OF DAYS CLOUDY 0
AVERAGE RH (PERCENT) 66
WEATHER CONDITIONS. NUMBER OF DAYS WITH
THUNDERSTORM 13 MIXED PRECIP 0
HEAVY RAIN 8 RAIN 8
LIGHT RAIN 11 FREEZING RAIN 0
LT FREEZING RAIN 0 HAIL 0
HEAVY SNOW 0 SNOW 0
LIGHT SNOW 0 SLEET 0
FOG 7 FOG W/VIS <= 1/4 MILE 0
HAZE 9
- INDICATES NEGATIVE NUMBERS.
R INDICATES RECORD WAS SET OR TIED.
MM INDICATES DATA IS MISSING.
T INDICATES TRACE AMOUNT.
$$