000
CXUS54 KJAN 011642
CF6TVR
PRELIMINARY LOCAL CLIMATOLOGICAL DATA (WS FORM: F-6)
STATION: VICKSBURG
MONTH: OCTOBER
YEAR: 2022
LATITUDE: 32 20 N
LONGITUDE: 91 2 W
TEMPERATURE IN F: :PCPN: SNOW: WIND :SUNSHINE: SKY :PK WND
================================================================================
1 2 3 4 5 6A 6B 7 8 9 10 11 12 13 14 15 16 17 18
12Z AVG MX 2MIN
DY MAX MIN AVG DEP HDD CDD WTR SNW DPTH SPD SPD DIR MIN PSBL S-S WX SPD DR
================================================================================
1 83 47 65 -8 0 0 0.00 0.0 0 3.8 13 20 M M 0 19 40
2 85 46 66 -6 0 1 0.00 0.0 0 3.6 14 20 M M 0 1 23 10
3 84 51 68 -4 0 3 0.00 0.0 0 4.5 14 30 M M 0 8 22 360
4 85 54 70 -1 0 5 0.00 0.0 0 2.2 10 50 M M 0 1 17 20
5 86 52 69 -2 0 4 0.00 0.0 0 2.4 12 40 M M 0 19 360
6 90 47 69 -2 0 4 0.00 0.0 0 2.1 13 20 M M 0 1 16 20
7 91 55 73 3 0 8 0.00 0.0 0 4.2 14 360 M M 0 8 20 340
8 82 58 70 0 0 5 0.00 0.0 0 8.0 15 10 M M 0 8 22 350
9 81 50 66 -3 0 1 0.00 0.0 0 2.5 12 110 M M 0 15 60
10 85 50 68 -1 0 3 0.00 0.0 0 2.4 10 80 M M 0 15 70
11 85 53 69 0 0 4 0.00 0.0 0 3.5 14 140 M M 0 19 130
12 91 59 75 7 0 10 T 0.0 0 3.2 12 180 M M 2 3 20 220
13 82 53 68 0 0 3 0.26 0.0 0 4.3 14 20 M M 1 13 19 10
14 86 49 68 1 0 3 0.00 0.0 0 1.7 8 180 M M 0 12 12 180
15 89 53 71 4 0 6 0.00 0.0 0 2.6 13 160 M M 0 22 190
16 83 58 71 5 0 6 0.00 0.0 0 1.4 9 190 M M 3 12 13 180
17 74 51 63 -3 2 0 0.01 0.0 0 8.6 17 10 M M 4 25 360
18 59 34 47 -19 18 0 0.00 0.0 0 9.5 21 10 M M 0 29 10
19 64 29 47 -18 18 0 0.00 0.0 0 2.1 13 10 M M 0 17 10
20 73 31 52 -13 13 0 0.00 0.0 0 3.0 13 170 M M 0 21 180
21 85 48 67 3 0 2 0.00 0.0 0 6.3 20 170 M M 0 28 170
22 85 56 71 7 0 6 0.00 0.0 0 11.3 23 170 M M 0 31 170
23 86 61 74 10 0 9 0.00 0.0 0 11.5 21 180 M M 1 30 180
24 87 60 74 11 0 9 0.00 0.0 0 10.6 22 170 M M 1 30 170
25 76 47 62 -1 3 0 0.27 0.0 0 6.6 20 170 M M 3 1 30 170
26 72 40 56 -6 9 0 0.00 0.0 0 5.6 17 10 M M 0 22 10
27 76 42 59 -3 6 0 0.00 0.0 0 2.5 9 90 M M 0 14 110
28 77 48 63 1 2 0 0.00 0.0 0 5.2 12 60 M M 0 18 150
29 76 62 69 8 0 4 1.06 0.0 0 7.4 22 150 M M 6 13 33 130
30 70 59 65 4 0 0 0.00 0.0 0 1.3 8 180 M M 9 13 210
31 78 54 66 5 0 1 0.00 0.0 0 0.7 6 190 M M 3 1 11 190
================================================================================
SM 2506 1557 71 97 1.60 0.0 144.6 M 33
================================================================================
AV 80.8 50.2 4.7 FASTST M M 1 MAX(MPH)
MISC ----> 23 170 33 130
================================================================================
NOTES:
# LAST OF SEVERAL OCCURRENCES
COLUMN 17 PEAK WIND IN M.P.H.
PRELIMINARY LOCAL CLIMATOLOGICAL DATA (WS FORM: F-6) , PAGE 2
STATION: VICKSBURG
MONTH: OCTOBER
YEAR: 2022
LATITUDE: 32 20 N
LONGITUDE: 91 2 W
[TEMPERATURE DATA] [PRECIPITATION DATA] SYMBOLS USED IN COLUMN 16
AVERAGE MONTHLY: 65.5 TOTAL FOR MONTH: 1.60 1 = FOG OR MIST
DPTR FM NORMAL: -1.1 DPTR FM NORMAL: -2.53 2 = FOG REDUCING VISIBILITY
HIGHEST: 91 ON 12, 7 GRTST 24HR 1.06 ON 29-29 TO 1/4 MILE OR LESS
LOWEST: 29 ON 19 3 = THUNDER
SNOW, ICE PELLETS, HAIL 4 = ICE PELLETS
TOTAL MONTH: 0.0 INCH 5 = HAIL
GRTST 24HR 0.0 6 = FREEZING RAIN OR DRIZZLE
GRTST DEPTH: 0 7 = DUSTSTORM OR SANDSTORM:
VSBY 1/2 MILE OR LESS
8 = SMOKE OR HAZE
[NO. OF DAYS WITH] [WEATHER - DAYS WITH] 9 = BLOWING SNOW
X = TORNADO
MAX 32 OR BELOW: 0 0.01 INCH OR MORE: 4
MAX 90 OR ABOVE: 3 0.10 INCH OR MORE: 3
MIN 32 OR BELOW: 2 0.50 INCH OR MORE: 1
MIN 0 OR BELOW: 0 1.00 INCH OR MORE: 1
[HDD (BASE 65) ]
TOTAL THIS MO. 71 CLEAR (SCALE 0-3) 28
DPTR FM NORMAL -14 PTCLDY (SCALE 4-7) 2
TOTAL FM JUL 1 71 CLOUDY (SCALE 8-10) 1
DPTR FM NORMAL -19
[CDD (BASE 65) ]
TOTAL THIS MO. 97
DPTR FM NORMAL -36 [PRESSURE DATA]
TOTAL FM JAN 1 2726 HIGHEST SLP 30.37 ON 19
DPTR FM NORMAL 217 LOWEST SLP 29.75 ON 25
[REMARKS]
#FINAL-10-22#