000
CXUS55 KBOI 011002
CF6TWF
PRELIMINARY LOCAL CLIMATOLOGICAL DATA (WS FORM: F-6)
STATION: TWIN FALLS ID
MONTH: AUGUST
YEAR: 2023
LATITUDE: 42 28 N
LONGITUDE: 114 29 W
TEMPERATURE IN F: :PCPN: SNOW: WIND :SUNSHINE: SKY :PK WND
================================================================================
1 2 3 4 5 6A 6B 7 8 9 10 11 12 13 14 15 16 17 18
12Z AVG MX 2MIN
DY MAX MIN AVG DEP HDD CDD WTR SNW DPTH SPD SPD DIR MIN PSBL S-S WX SPD DR
================================================================================
1 89 65 77 3 0 12 0.00 M M 8.1 22 140 M M 0 3 30 120
2 80 63 72 -2 0 7 T M M 13.4 25 70 M M 3 8 37 190
3 82 56 69 -5 0 4 0.00 M M 10.2 20 110 M M 1 8 26 50
4 82 60 71 -3 0 6 0.00 M M 8.4 17 50 M M 0 28 310
5 86 57 72 -2 0 7 0.02 M M 9.8 30 190 M M 2 8 50 220
6 84 54 69 -5 0 4 T M M 8.5 23 290 M M 1 31 280
7 79 55 67 -7 0 2 0.11 M M 11.4 23 280 M M 1 13 33 270
8 79 52 66 -7 0 1 0.00 M M 10.9 22 290 M M 1 29 310
9 90 54 72 -1 0 7 0.00 M M 8.2 15 210 M M 0 20 220
10 88 63 76 3 0 11 0.00 M M 10.9 17 290 M M 0 23 280
11 90 60 75 2 0 10 0.00 M M 8.8 16 210 M M 0 19 200
12 90 64 77 5 0 12 0.00 M M 13.1 18 290 M M 0 27 300
13 88 59 74 2 0 9 0.00 M M 7.9 16 220 M M 0 24 210
14 91 57 74 2 0 9 0.00 M M 10.5 16 120 M M 0 8 22 110
15 97 60 79 7 0 14 0.00 M M 6.7 15 210 M M 0 21 210
16 99 70 85 13 0 20 0.00 M M 10.0 15 210 M M 0 21 220
17 93 65 79 8 0 14 0.07 M M 10.9 26 240 M M 2 3 37 240
18 89 64 77 6 0 12 0.12 M M 9.5 18 260 M M 1 3 26 250
19 85 62 74 3 0 9 T M M 7.7 16 190 M M 0 8 22 200
20 76 62 69 -1 0 4 0.09 M M 7.0 26 180 M M 9 1 35 190
21 85 62 74 4 0 9 0.00 M M 15.6 37 180 M M 2 55 180
22 86 59 73 3 0 8 T M M 10.7 31 240 M M 1 3 46 230
23 85 55 70 0 0 5 0.00 M M 7.9 13 320 M M 1 19 340
24 89 56 73 4 0 8 0.00 M M 7.0 14 130 M M 1 19 120
25 94 58 76 7 0 11 0.03 M M 7.3 28 220 M M 1 3 39 200
26 84 55 70 1 0 5 0.41 M M 9.7 26 200 M M 2 38 38 190
27 88 59 74 6 0 9 0.01 M M 5.1 14 90 M M 1 3 18 80
28 92 55 74 6 0 9 0.00 M M 8.1 13 80 M M 0 18 70
29 99 60 80 12 0 15 0.00 M M 13.6 32 280 M M 0 8 45 290
30 74 52 63 -5 2 0 0.00 M M 12.0 20 270 M M 0 8 26 230
31 83 50 67 0 0 2 0.00 M M 9.6 16 70 M M 0 23 60
================================================================================
SM 2696 1823 2 255 0.86 M 298.5 M 30
================================================================================
AV 87.0 58.8 9.6 FASTST M M 1 MAX(MPH)
MISC ----> 37 180 55 180
================================================================================
NOTES:
# LAST OF SEVERAL OCCURRENCES
COLUMN 17 PEAK WIND IN M.P.H.
PRELIMINARY LOCAL CLIMATOLOGICAL DATA (WS FORM: F-6) , PAGE 2
STATION: TWIN FALLS ID
MONTH: AUGUST
YEAR: 2023
LATITUDE: 42 28 N
LONGITUDE: 114 29 W
[TEMPERATURE DATA] [PRECIPITATION DATA] SYMBOLS USED IN COLUMN 16
AVERAGE MONTHLY: 72.9 TOTAL FOR MONTH: 0.86 1 = FOG OR MIST
DPTR FM NORMAL: 1.6 DPTR FM NORMAL: 0.43 2 = FOG REDUCING VISIBILITY
HIGHEST: 99 ON 29,16 GRTST 24HR 0.42 ON 26-27 TO 1/4 MILE OR LESS
LOWEST: 50 ON 31 3 = THUNDER
SNOW, ICE PELLETS, HAIL 4 = ICE PELLETS
TOTAL MONTH: M 5 = HAIL
GRTST 24HR M ON M 6 = FREEZING RAIN OR DRIZZLE
GRTST DEPTH: M ON M 7 = DUSTSTORM OR SANDSTORM:
VSBY 1/2 MILE OR LESS
8 = SMOKE OR HAZE
[NO. OF DAYS WITH] [WEATHER - DAYS WITH] 9 = BLOWING SNOW
X = TORNADO
MAX 32 OR BELOW: 0 0.01 INCH OR MORE: 8
MAX 90 OR ABOVE: 10 0.10 INCH OR MORE: 3
MIN 32 OR BELOW: 0 0.50 INCH OR MORE: 0
MIN 0 OR BELOW: 0 1.00 INCH OR MORE: 0
[HDD (BASE 65) ]
TOTAL THIS MO. 2 CLEAR (SCALE 0-3) 30
DPTR FM NORMAL -15 PTCLDY (SCALE 4-7) 0
TOTAL FM JUL 1 2 CLOUDY (SCALE 8-10) 1
DPTR FM NORMAL -21
[CDD (BASE 65) ]
TOTAL THIS MO. 255
DPTR FM NORMAL 43 [PRESSURE DATA]
TOTAL FM JAN 1 681 HIGHEST SLP 30.09 ON 14
DPTR FM NORMAL 121 LOWEST SLP 29.55 ON 31
[REMARKS]
#FINAL-08-23#