000
CXUS55 KSEW 010930
CF6UIL
PRELIMINARY LOCAL CLIMATOLOGICAL DATA (WS FORM: F-6)
STATION: QUILLAYUTE WA AIRPORT
MONTH: MARCH
YEAR: 2022
LATITUDE: 47 57 N
LONGITUDE: 124 33 W
TEMPERATURE IN F: :PCPN: SNOW: WIND :SUNSHINE: SKY :PK WND
================================================================================
1 2 3 4 5 6A 6B 7 8 9 10 11 12 13 14 15 16 17 18
12Z AVG MX 2MIN
DY MAX MIN AVG DEP HDD CDD WTR SNW DPTH SPD SPD DIR MIN PSBL S-S WX SPD DR
================================================================================
1 50 47 49 6 16 0 0.26 M M 8.8 15 190 M M 10 1 29 200
2 50 39 45 2 20 0 0.38 M M 6.2 13 170 M M 10 1 23 190
3 49 39 44 1 21 0 0.34 M M 3.8 10 300 M M 10 1 16 300
4 52 32 42 -1 23 0 0.00 M M 3.6 13 340 M M 6 1 20 320
5 52 29 41 -2 24 0 0.00 M M 3.5 12 260 M M 0 12 15 270
6 53 28 41 -2 24 0 0.00 M M 2.8 13 240 M M 3 1 18 250
7 52 32 42 -1 23 0 0.00 M M 2.0 14 310 M M 6 12 21 330
8 54 34 44 1 21 0 0.04 M M 4.0 14 290 M M 7 1 18 280
9 48 28 38 -5 27 0 0.00 M M 10.1 22 30 M M 1 36 70
10 48 22 35 -8 30 0 T M M 3.2 8 80 M M 4 12 70
11 52 38 45 1 20 0 0.05 M M 5.2 13 200 M M 10 1 19 220
12 48 42 45 1 20 0 0.40 M M 8.1 20 140 M M 10 1 33 140
13 55 39 47 3 18 0 0.83 M M 7.6 18 210 M M 8 1 31 220
14 47 43 45 1 20 0 2.09 M M 11.3 18 140 M M 10 1 34 200
15 50 37 44 0 21 0 0.60 M M 6.9 16 210 M M 9 1 30 200
16 53 37 45 1 20 0 0.11 M M 4.4 14 220 M M 7 1 21 190
17 51 41 46 2 19 0 0.50 M M 4.2 10 200 M M 10 1 17 140
18 50 43 47 3 18 0 0.59 M M 6.3 16 180 M M 10 18 27 180
19 49 36 43 -1 22 0 0.16 M M 5.4 16 260 M M 8 1 27 240
20 44 36 40 -4 25 0 1.90 M M 6.0 15 140 M M 10 1 31 150
21 50 41 46 2 19 0 0.35 M M 6.4 14 140 M M 10 1 25 170
22 55 49 52 8 13 0 0.06 M M 4.1 12 190 M M 10 12 19 180
23 51 34 43 -1 22 0 0.39 M M 5.3 16 280 M M 7 1 27 300
24 57 30 44 -1 21 0 0.00 M M 3.4 10 40 M M 1 1 14 50
25 55 40 48 3 17 0 T M M 3.9 14 210 M M 8 23 160
26 57 43 50 5 15 0 0.22 M M 3.5 15 190 M M 10 1 24 190
27 53 46 50 5 15 0 0.01 M M 3.2 10 210 M M 9 12 18 150
28 53 45 49 4 16 0 0.18 M M 3.9 13 260 M M 9 12 17 330
29 50 44 47 2 18 0 0.03 M M 3.5 12 210 M M 10 1 20 210
30 52 38 45 0 20 0 0.38 M M 4.7 17 240 M M 8 1 23 230
31 51 35 43 -2 22 0 0.16 M M 4.1 14 260 M M 6 1 19 270
================================================================================
SM 1591 1167 630 0 10.03 M 159.4 M 237
================================================================================
AV 51.3 37.6 5.1 FASTST M M 8 MAX(MPH)
MISC ----> 22 30 36 70
================================================================================
NOTES:
# LAST OF SEVERAL OCCURRENCES
COLUMN 17 PEAK WIND IN M.P.H.
PRELIMINARY LOCAL CLIMATOLOGICAL DATA (WS FORM: F-6) , PAGE 2
STATION: QUILLAYUTE WA AIRPORT
MONTH: MARCH
YEAR: 2022
LATITUDE: 47 57 N
LONGITUDE: 124 33 W
[TEMPERATURE DATA] [PRECIPITATION DATA] SYMBOLS USED IN COLUMN 16
AVERAGE MONTHLY: 44.5 TOTAL FOR MONTH: 10.03 1 = FOG OR MIST
DPTR FM NORMAL: 0.6 DPTR FM NORMAL: -1.75 2 = FOG REDUCING VISIBILITY
HIGHEST: 57 ON 24,26 GRTST 24HR 2.66 ON 13-14 TO 1/4 MILE OR LESS
LOWEST: 22 ON 10 3 = THUNDER
SNOW, ICE PELLETS, HAIL 4 = ICE PELLETS
TOTAL MONTH: M 5 = HAIL
GRTST 24HR M ON M 6 = FREEZING RAIN OR DRIZZLE
GRTST DEPTH: M ON M 7 = DUSTSTORM OR SANDSTORM:
VSBY 1/2 MILE OR LESS
8 = SMOKE OR HAZE
[NO. OF DAYS WITH] [WEATHER - DAYS WITH] 9 = BLOWING SNOW
X = TORNADO
MAX 32 OR BELOW: 0 0.01 INCH OR MORE: 23
MAX 90 OR ABOVE: 0 0.10 INCH OR MORE: 18
MIN 32 OR BELOW: 7 0.50 INCH OR MORE: 6
MIN 0 OR BELOW: 0 1.00 INCH OR MORE: 2
[HDD (BASE 65) ]
TOTAL THIS MO. 630 CLEAR (SCALE 0-3) 3
DPTR FM NORMAL -23 PTCLDY (SCALE 4-7) 12
TOTAL FM JUL 1 4412 CLOUDY (SCALE 8-10) 16
DPTR FM NORMAL 9
[CDD (BASE 65) ]
TOTAL THIS MO. 0
DPTR FM NORMAL 0 [PRESSURE DATA]
TOTAL FM JAN 1 0 HIGHEST SLP M ON M
DPTR FM NORMAL 0 LOWEST SLP 29.60 ON 12
[REMARKS]
#FINAL-03-22#