000
CXUS55 KSEW 020030
CF6UIL
PRELIMINARY LOCAL CLIMATOLOGICAL DATA (WS FORM: F-6)
STATION: QUILLAYUTE WA AIRPORT
MONTH: AUGUST
YEAR: 2021
LATITUDE: 47 57 N
LONGITUDE: 124 33 W
TEMPERATURE IN F: :PCPN: SNOW: WIND :SUNSHINE: SKY :PK WND
================================================================================
1 2 3 4 5 6A 6B 7 8 9 10 11 12 13 14 15 16 17 18
12Z AVG MX 2MIN
DY MAX MIN AVG DEP HDD CDD WTR SNW DPTH SPD SPD DIR MIN PSBL S-S WX SPD DR
================================================================================
1 62 56 59 -1 6 0 0.00 M M 5.3 12 330 M M 10 1 17 320
2 73 52 63 3 2 0 0.00 M M 5.6 16 320 M M 5 1 27 310
3 74 50 62 2 3 0 0.00 M M 5.8 15 330 M M 5 1 21 330
4 76 58 67 7 0 2 0.00 M M 4.9 14 320 M M 5 1 22 300
5 74 57 66 6 0 1 0.02 M M 4.5 13 240 M M 10 1 19 250
6 69 53 61 1 4 0 0.07 M M 4.2 14 240 M M 9 1 20 240
7 64 53 59 -1 6 0 0.46 M M 5.0 14 270 M M 10 1 19 300
8 67 54 61 1 4 0 T M M 4.2 14 240 M M 8 1 19 290
9 71 50 61 1 4 0 0.00 M M 4.5 13 330 M M 3 19 290
10 78 56 67 7 0 2 0.00 M M 4.3 12 250 M M 4 1 15 310
11 87 54 71 11 0 6 0.00 M M 3.5 13 240 M M 0 16 250
12 87 57 72 12 0 7 0.00 M M 3.6 15 250 M M 2 19 250
13 81 58 70 10 0 5 0.00 M M 3.9 9 220 M M 2 1 14 220
14 69 59 64 4 1 0 0.00 M M 5.2 13 230 M M 10 1 19 170
15 70 58 64 4 1 0 0.00 M M 3.4 14 280 M M 9 1 17 280
16 63 56 60 0 5 0 0.07 M M 4.7 16 240 M M 9 12 22 230
17 69 54 62 2 3 0 0.00 M M 5.0 17 240 M M 5 22 230
18 68 54 61 1 4 0 0.00 M M 4.2 14 250 M M 8 1 20 260
19 63 55 59 -1 6 0 0.00 M M 3.6 13 260 M M 10 1 17 260
20 62 54 58 -2 7 0 0.00 M M 4.6 12 240 M M 9 1 16 130
21 71 53 62 2 3 0 0.00 M M 3.7 14 260 M M 10 1 19 250
22 65 53 59 -1 6 0 0.00 M M 6.6 15 260 M M 8 22 270
23 67 46 57 -3 8 0 0.00 M M 4.7 12 240 M M 5 18 220
24 72 41 57 -3 8 0 0.00 M M 4.4 14 240 M M 0 1 19 270
25 64 44 54 -6 11 0 T M M 3.3 13 240 M M 6 1 17 260
26 60 56 58 -2 7 0 0.14 M M 3.8 15 200 M M 10 1 23 200
27 66 51 59 -1 6 0 T M M 3.7 13 280 M M 8 1 18 260
28 72 50 61 2 4 0 0.00 M M 5.2 15 310 M M 5 12 20 310
29 66 45 56 -3 9 0 0.00 M M 4.2 14 310 M M 6 1 20 310
30 63 42 53 -6 12 0 0.01 M M 4.2 16 240 M M 7 18 20 270
31 62 43 53 -6 12 0 0.03 M M 4.2 13 250 M M 6 12 19 290
================================================================================
SM 2155 1622 142 23 0.80 M 138.0 M 204
================================================================================
AV 69.5 52.3 4.5 FASTST M M 7 MAX(MPH)
MISC ----> 17 240 27 310
================================================================================
NOTES:
# LAST OF SEVERAL OCCURRENCES
COLUMN 17 PEAK WIND IN M.P.H.
PRELIMINARY LOCAL CLIMATOLOGICAL DATA (WS FORM: F-6) , PAGE 2
STATION: QUILLAYUTE WA AIRPORT
MONTH: AUGUST
YEAR: 2021
LATITUDE: 47 57 N
LONGITUDE: 124 33 W
[TEMPERATURE DATA] [PRECIPITATION DATA] SYMBOLS USED IN COLUMN 16
AVERAGE MONTHLY: 60.9 TOTAL FOR MONTH: 0.80 1 = FOG OR MIST
DPTR FM NORMAL: 0.9 DPTR FM NORMAL: -1.84 2 = FOG REDUCING VISIBILITY
HIGHEST: 87 ON 12,11 GRTST 24HR 0.53 ON 6- 7 TO 1/4 MILE OR LESS
LOWEST: 41 ON 24 3 = THUNDER
SNOW, ICE PELLETS, HAIL 4 = ICE PELLETS
TOTAL MONTH: M 5 = HAIL
GRTST 24HR M ON M 6 = FREEZING RAIN OR DRIZZLE
GRTST DEPTH: M ON M 7 = DUSTSTORM OR SANDSTORM:
VSBY 1/2 MILE OR LESS
8 = SMOKE OR HAZE
[NO. OF DAYS WITH] [WEATHER - DAYS WITH] 9 = BLOWING SNOW
X = TORNADO
MAX 32 OR BELOW: 0 0.01 INCH OR MORE: 7
MAX 90 OR ABOVE: 0 0.10 INCH OR MORE: 2
MIN 32 OR BELOW: 0 0.50 INCH OR MORE: 0
MIN 0 OR BELOW: 0 1.00 INCH OR MORE: 0
[HDD (BASE 65) ]
TOTAL THIS MO. 142 CLEAR (SCALE 0-3) 5
DPTR FM NORMAL -21 PTCLDY (SCALE 4-7) 13
TOTAL FM JUL 1 292 CLOUDY (SCALE 8-10) 13
DPTR FM NORMAL -56
[CDD (BASE 65) ]
TOTAL THIS MO. 23
DPTR FM NORMAL 15 [PRESSURE DATA]
TOTAL FM JAN 1 60 HIGHEST SLP 30.20 ON 2
DPTR FM NORMAL 41 LOWEST SLP 29.85 ON 21
[REMARKS]
#FINAL-08-21#
CORRECTED