000
CXUS53 KLSX 011647
CF6UIN

PRELIMINARY LOCAL CLIMATOLOGICAL DATA (WS FORM: F-6)

                                          STATION:   QUINCY IL
                                          MONTH:     JUNE
                                          YEAR:      2013
                                          LATITUDE:   39 57 N
                                          LONGITUDE:  91 12 W

  TEMPERATURE IN F:       :PCPN:    SNOW:  WIND      :SUNSHINE: SKY     :PK WND
================================================================================
1   2   3   4   5  6A  6B    7    8   9   10  11  12  13   14  15   16   17  18
                                     12Z  AVG MX 2MIN
DY MAX MIN AVG DEP HDD CDD  WTR  SNW DPTH SPD SPD DIR MIN PSBL S-S WX    SPD DR
================================================================================

 1  75  61  68   0   0   3    T  0.0    0 11.4 22 260   M    M   5        30 270
 2  64  56  60  -8   5   0 0.00  0.0    0  9.6 18 320   M    M  10        22 330
 3  69  50  60  -8   5   0 0.00  0.0    0  5.0 10 110   M    M   4        14 120
 4  73  53  63  -6   2   0 0.00  0.0    0  7.0 16 120   M    M   1        21 170
 5  76  56  66  -3   0   1    T  0.0    0  3.9 10 210   M    M   3 1      14 220
 6  75  59  67  -2   0   2 0.00  0.0    0  8.3 17 320   M    M   5 1      23 340
 7  74  57  66  -4   0   1 0.00  0.0    0  7.2 16  10   M    M   5 18     21  20
 8  78  56  67  -3   0   2 0.00  0.0    0  5.2 13 190   M    M   2        22 180
 9  74  62  68  -2   0   3 0.32  0.0    0  8.4 16 200   M    M   5 13     22 250
10  76  62  69  -2   0   4    T  0.0    0  5.8 14 310   M    M   6 1      17 310
11  89  60  75   4   0  10 0.00  0.0    0  7.9 17 190   M    M   1 3      23 210
12  95  71  83  12   0  18 0.00  0.0    0 13.1 29 210   M    M   2        39 210
13  84  65  75   3   0  10    T  0.0    0 10.3 30 300   M    M   3 1      38 310
14  80  63  72   0   0   7 0.03  0.0    0  7.2 14 170   M    M   1        17 160
15  89  67  78   6   0  13 0.58  0.0    0  8.3 24 300   M    M   4 3      31 220
16  82  66  74   2   0   9 0.01  0.0    0  4.1 15 180   M    M   6        21 180
17  83  65  74   1   0   9 0.00  0.0    0  4.4 12 190   M    M   0 1      16 190
18  83  65  74   1   0   9 0.00  0.0    0  8.4 17 330   M    M   0 1      21 320
19  83  62  73   0   0   8 0.00  0.0    0  4.9  9 100   M    M   0        13 130
20  89  67  78   4   0  13 0.00  0.0    0  7.9 16 190   M    M   1        21 160
21  91  75  83   9   0  18 0.00  0.0    0  9.9 20 200   M    M   1 3      24 180
22  91  72  82   8   0  17    T  0.0    0 10.8 22 160   M    M   1        29 170
23  88  69  79   5   0  14 0.51  0.0    0  9.2 46 320   M    M   1 123    61 310
24  90  69  80   6   0  15 0.00  0.0    0  9.0 17 180   M    M   1        24 180
25  90  75  83   8   0  18    T  0.0    0  9.9 21 210   M    M   1        25 210
26  89  71  80   5   0  15    T  0.0    0  8.2 23 210   M    M   4 38     35 200
27  89  70  80   5   0  15 0.00  0.0    0  7.4 16 280   M    M   0        20 280
28  87  69  78   3   0  13 0.00  0.0    0 12.6 28 310   M    M   2        36 310
29  79  63  71  -4   0   6 0.16  0.0    0 12.2 33 340   M    M   2 13     40 330
30  78  63  71  -5   0   6 0.17  0.0    0 11.1 28  50   M    M   8        35  40
================================================================================
SM 2463 1919        12 259  1.78     0.0 248.6          M       85
================================================================================
AV 82.1 64.0                               8.3 FASTST   M    M   3    MAX(MPH)
                                 MISC ---->  # 46 320               # 61  310
================================================================================
NOTES:
# LAST OF SEVERAL OCCURRENCES

COLUMN 17 PEAK WIND IN M.P.H.

PRELIMINARY LOCAL CLIMATOLOGICAL DATA (WS FORM: F-6) , PAGE 2

                                          STATION:  QUINCY IL
                                          MONTH:    JUNE
                                          YEAR:     2013
                                          LATITUDE:   39 57 N
                                          LONGITUDE:  91 12 W

[TEMPERATURE DATA]      [PRECIPITATION DATA]       SYMBOLS USED IN COLUMN 16

AVERAGE MONTHLY: 73.1   TOTAL FOR MONTH:   1.78    1 = FOG OR MIST
DPTR FM NORMAL:   1.0   DPTR FM NORMAL:   -2.21    2 = FOG REDUCING VISIBILITY
HIGHEST:    95 ON 12    GRTST 24HR  1.72 ON 31- 1      TO 1/4 MILE OR LESS
LOWEST:     50 ON  3                               3 = THUNDER
                        SNOW, ICE PELLETS, HAIL    4 = ICE PELLETS
                        TOTAL MONTH:   0.0 INCH    5 = HAIL
                        GRTST 24HR     0.0         6 = FREEZING RAIN OR DRIZZLE
                        GRTST DEPTH:   0           7 = DUSTSTORM OR SANDSTORM:
                                                       VSBY 1/2 MILE OR LESS
                                                   8 = SMOKE OR HAZE
[NO. OF DAYS WITH]      [WEATHER - DAYS WITH]      9 = BLOWING SNOW
                                                   X = TORNADO
MAX 32 OR BELOW:   0    0.01 INCH OR MORE:   7
MAX 90 OR ABOVE:   5    0.10 INCH OR MORE:   5
MIN 32 OR BELOW:   0    0.50 INCH OR MORE:   2
MIN  0 OR BELOW:   0    1.00 INCH OR MORE:   0

[HDD (BASE 65) ]
TOTAL THIS MO.    12    CLEAR  (SCALE 0-3)  19
DPTR FM NORMAL    -4    PTCLDY (SCALE 4-7)  10
TOTAL FM JUL 1  5638    CLOUDY (SCALE 8-10)  1
DPTR FM NORMAL    56

[CDD (BASE 65) ]
TOTAL THIS MO.   259
DPTR FM NORMAL    32    [PRESSURE DATA]
TOTAL FM JAN 1   371    HIGHEST SLP 30.12 ON 20
DPTR FM NORMAL    58    LOWEST  SLP 29.64 ON 29

[REMARKS]
#FINAL-06-13#
