000
CXUS53 KLSX 011723
CF6UIN

PRELIMINARY LOCAL CLIMATOLOGICAL DATA (WS FORM: F-6)

                                          STATION:   QUINCY IL
                                          MONTH:     JULY
                                          YEAR:      2013
                                          LATITUDE:   39 57 N
                                          LONGITUDE:  91 12 W

  TEMPERATURE IN F:       :PCPN:    SNOW:  WIND      :SUNSHINE: SKY     :PK WND
================================================================================
1   2   3   4   5  6A  6B    7    8   9   10  11  12  13   14  15   16   17  18
                                     12Z  AVG MX 2MIN
DY MAX MIN AVG DEP HDD CDD  WTR  SNW DPTH SPD SPD DIR MIN PSBL S-S WX    SPD DR
================================================================================

 1  81  59  70  -6   0   5 0.00  0.0    0 11.5 22  20   M    M   0        26  20
 2  79  58  69  -7   0   4 0.00  0.0    0  8.5 21  30   M    M   1        26  30
 3  82  61  72  -4   0   7 0.00  0.0    0  4.5 10 180   M    M   2 8      13 170
 4  85  61  73  -3   0   8 0.00  0.0    0  5.5 12 170   M    M   0 1      15 170
 5  86  64  75  -1   0  10 0.00  0.0    0  6.5 12 180   M    M   0 8      17 170
 6  87  66  77   1   0  12 0.00  0.0    0  7.0 13 160   M    M   0 18     18 160
 7  90  70  80   4   0  15    T  0.0    0  8.6 15 230   M    M   3        20 240
 8  87  74  81   5   0  16    M  0.0    0  6.6 15 210   M    M   3        20 210
 9  93  76  85   9   0  20 0.02  0.0    0  7.9 17 210   M    M   2        22 190
10  88  65  77   1   0  12    T  0.0    0  8.7 18 310   M    M   3 3      24 330
11  84  60  72  -4   0   7 0.00  0.0    0  5.0 13  80   M    M   1        18  80
12  84  60  72  -4   0   7 0.00  0.0    0  6.6 15 120   M    M   0        20 160
13  84  60  72  -4   0   7 0.00  0.0    0  5.8 14 110   M    M   0        16 100
14  88  66  77   1   0  12 0.00  0.0    0  7.3 16 140   M    M   1        20 140
15  90  69  80   4   0  15    T  0.0    0  5.4 15 100   M    M   1        18 110
16  92  73  83   7   0  18 0.00  0.0    0  5.9 12 150   M    M   2 18     15 200
17  95  74  85   9   0  20 0.00  0.0    0  3.9 10 210   M    M   1        13 210
18  95  74  85   9   0  20 0.00  0.0    0  5.8 14 190   M    M   1 1      20 170
19  97  74  86  10   0  21 0.00  0.0    0  8.4 16 220   M    M   0        23 250
20  89  69  79   3   0  14 0.00  0.0    0  5.7 13  30   M    M   1        16  30
21  82  68  75  -1   0  10 0.23  0.0    0  4.4 14 140   M    M   4 12     18 210
22  89  65  77   1   0  12 0.00  0.0    0  4.0 14  20   M    M   5 123    18  10
23  86  63  75  -1   0  10    T  0.0    0  8.1 18 350   M    M   1 3      22 350
24  79  61  70  -6   0   5    T  0.0    0  6.4 14 110   M    M   2        18  30
25  83  57  70  -6   0   5 0.00  0.0    0  3.6 12 200   M    M   1        14 190
26  80  60  70  -6   0   5 0.25  0.0    0  7.2 18 290   M    M   7 13     23 290
27  73  53  63 -13   2   0 0.00  0.0    0  9.1 20 340   M    M   1        26 320
28  78  49  64 -12   1   0 0.00  0.0    0  7.3 17 310   M    M   0        23 290
29  78  50  64 -12   1   0 0.02  0.0    0  5.1 10 140   M    M   5 1      16 170
30  78  65  72  -4   0   7 0.55  0.0    0  6.4 15  70   M    M  10 18     17 170
31  77  64  71  -5   0   6    T  0.0    0  5.7 12 330   M    M   7 128    15 310
================================================================================
SM 2639 1988         4 310  1.07     0.0 202.4          M       65
================================================================================
AV 85.1 64.1                               6.5 FASTST   M    M   2    MAX(MPH)
                                 MISC ---->  # 22  20               # 26   20
================================================================================
NOTES:
# LAST OF SEVERAL OCCURRENCES

COLUMN 17 PEAK WIND IN M.P.H.

PRELIMINARY LOCAL CLIMATOLOGICAL DATA (WS FORM: F-6) , PAGE 2

                                          STATION:  QUINCY IL
                                          MONTH:    JULY
                                          YEAR:     2013
                                          LATITUDE:   39 57 N
                                          LONGITUDE:  91 12 W

[TEMPERATURE DATA]      [PRECIPITATION DATA]       SYMBOLS USED IN COLUMN 16

AVERAGE MONTHLY: 74.6   TOTAL FOR MONTH:   1.07    1 = FOG OR MIST
DPTR FM NORMAL:  -1.5   DPTR FM NORMAL:   -2.97    2 = FOG REDUCING VISIBILITY
HIGHEST:    97 ON 19    GRTST 24HR  0.57 ON 29-30      TO 1/4 MILE OR LESS
LOWEST:     49 ON 28                               3 = THUNDER
                        SNOW, ICE PELLETS, HAIL    4 = ICE PELLETS
                        TOTAL MONTH:   0.0 INCH    5 = HAIL
                        GRTST 24HR     0.0         6 = FREEZING RAIN OR DRIZZLE
                        GRTST DEPTH:   0           7 = DUSTSTORM OR SANDSTORM:
                                                       VSBY 1/2 MILE OR LESS
                                                   8 = SMOKE OR HAZE
[NO. OF DAYS WITH]      [WEATHER - DAYS WITH]      9 = BLOWING SNOW
                                                   X = TORNADO
MAX 32 OR BELOW:   0    0.01 INCH OR MORE:   5
MAX 90 OR ABOVE:   7    0.10 INCH OR MORE:   3
MIN 32 OR BELOW:   0    0.50 INCH OR MORE:   1
MIN  0 OR BELOW:   0    1.00 INCH OR MORE:   0

[HDD (BASE 65) ]
TOTAL THIS MO.     4    CLEAR  (SCALE 0-3)  25
DPTR FM NORMAL     4    PTCLDY (SCALE 4-7)   5
TOTAL FM JUL 1     4    CLOUDY (SCALE 8-10)  1
DPTR FM NORMAL     4

[CDD (BASE 65) ]
TOTAL THIS MO.   310
DPTR FM NORMAL   -33    [PRESSURE DATA]
TOTAL FM JAN 1   681    HIGHEST SLP 30.32 ON 17
DPTR FM NORMAL    25    LOWEST  SLP 29.75 ON 22

[REMARKS]
#FINAL-07-13#
