000
CXUS53 KLSX 221210
CF6UIN
PRELIMINARY LOCAL CLIMATOLOGICAL DATA (WS FORM: F-6)

                                          STATION:   QUINCY IL
                                          MONTH:     APRIL
                                          YEAR:      2013
                                          LATITUDE:   39 57 N
                                          LONGITUDE:  91 12 W

  TEMPERATURE IN F:       :PCPN:    SNOW:  WIND      :SUNSHINE: SKY     :PK WND
================================================================================
1   2   3   4   5  6A  6B    7    8   9   10  11  12  13   14  15   16   17  18
                                     12Z  AVG MX 2MIN
DY MAX MIN AVG DEP HDD CDD  WTR  SNW DPTH SPD SPD DIR MIN PSBL S-S WX    SPD DR
================================================================================

 1  44  29  37 -11  28   0 0.00  0.0    0 11.5 23 340   M    M   3        30 340
 2  48  22  35 -14  30   0 0.00  0.0    0  5.7 15 320   M    M   0        22 310
 3  50  24  37 -12  28   0 0.00  0.0    0  6.0 14  70   M    M   0        18 110
 4  59  32  46  -3  19   0 0.00  0.0    0  3.6  9 300   M    M   0 8      13 280
 5  63  34  49  -1  16   0 0.00  0.0    0  7.0 14 150   M    M   0 18     20 150
 6  73  49  61  11   4   0 0.00  0.0    0 14.2 31 220   M    M   2 8      41 210
 7  74  44  59   9   6   0 0.05  0.0    0  6.3 17 140   M    M   1 138    22 150
 8  73  54  64  13   1   0 0.74  0.0    0  6.7 16 210   M    M   6 13     21 210
 9  77  61  69  18   0   4 0.00  0.0    0 10.8 25 190   M    M   7        35 190
10  69  47  58   7   7   0 1.39  0.0    0 11.9 30 330   M    M   9 13     36 270
11  50  37  44  -8  21   0 0.03  0.0    0 12.3 21 240   M    M  10 1      26 240
12  43  36  40 -12  25   0    T    T    0 11.7 20 260   M    M  10        29 270
13  55  34  45  -7  20   0 0.02  0.0    0  9.5 21 290   M    M   5 38     23 290
14  78  46  62   9   3   0 0.36  0.0    0 13.6 30 280   M    M   2 13      M 360
15  57  42  50  -3  15   0 0.25  0.0    0  7.8 20  10   M    M   9 13     24  10
16  50  39  45  -9  20   0 0.16  0.0    0 10.5 17  40   M    M   8 13     21  30
17  59  45  52  -2  13   0    M  0.0    0 14.6 46 260   M    M   9 138    77 260
18  63  38  51  -3  14   0 2.69  0.0    0 15.8 35 240   M    M   9 13     52 240
19  47  33  40 -15  25   0 0.00  0.0    0 16.2 30 290   M    M   8        37 280
20  51  27  39 -16  26   0 0.00  0.0    0  5.3 12 130   M    M   1        16 120
21  62  40  51  -4  14   0 0.00  0.0    0 12.9 21 150   M    M   3        28 140
22  69  44  57   1   8   0    T  0.0    0  8.3 17 150   M    M   4        24 120
23  58  37  48  -8  17   0 0.44  0.0    0 11.9 21 340   M    M  10 1      26 340
24  51  35  43 -13  22   0 0.03  0.0    0 10.9 18 300   M    M   4 8      23 330
25  60  39  50  -6  15   0 0.00  0.0    0  8.5 21 320   M    M   0        25 320
26  61  46  54  -3  11   0 0.00  0.0    0 11.0 23 200   M    M   6        30 190
27  53  46  50  -7  15   0 0.07  0.0    0  5.7 10 110   M    M   7 1      14 110
28  63  50  57   0   8   0 0.00  0.0    0  6.8 10 180   M    M   7 1      15 180
29  81  47  64   6   1   0 0.00  0.0    0 11.5 21 160   M    M   0        26 160
30  84  65  75  17   0  10 0.00  0.0    0 12.1 24 210   M    M   0        31 210
================================================================================
SM 1825 1222       432  14  6.23    T    300.6          M      140
================================================================================
AV 60.8 40.7                              10.0 FASTST   M    M   5    MAX(MPH)
                                 MISC ---->  # 46 260               # 77  260
================================================================================
NOTES:
# LAST OF SEVERAL OCCURRENCES

COLUMN 17 PEAK WIND IN M.P.H.

PRELIMINARY LOCAL CLIMATOLOGICAL DATA (WS FORM: F-6) , PAGE 2

                                          STATION:  QUINCY IL
                                          MONTH:    APRIL
                                          YEAR:     2013
                                          LATITUDE:   39 57 N
                                          LONGITUDE:  91 12 W

[TEMPERATURE DATA]      [PRECIPITATION DATA]       SYMBOLS USED IN COLUMN 16

AVERAGE MONTHLY: 50.8   TOTAL FOR MONTH:   6.23    1 = FOG OR MIST
DPTR FM NORMAL:  -2.4   DPTR FM NORMAL:    2.54    2 = FOG REDUCING VISIBILITY
HIGHEST:    84 ON 30    GRTST 24HR  3.00 ON 17-18      TO 1/4 MILE OR LESS
LOWEST:     22 ON  2                               3 = THUNDER
                        SNOW, ICE PELLETS, HAIL    4 = ICE PELLETS
                        TOTAL MONTH:    T          5 = HAIL
                        GRTST 24HR    T  ON 12-12  6 = FREEZING RAIN OR DRIZZLE
                        GRTST DEPTH:   0           7 = DUSTSTORM OR SANDSTORM:
                                                       VSBY 1/2 MILE OR LESS
                                                   8 = SMOKE OR HAZE
[NO. OF DAYS WITH]      [WEATHER - DAYS WITH]      9 = BLOWING SNOW
                                                   X = TORNADO
MAX 32 OR BELOW:   0    0.01 INCH OR MORE:  12
MAX 90 OR ABOVE:   0    0.10 INCH OR MORE:   7
MIN 32 OR BELOW:   5    0.50 INCH OR MORE:   3
MIN  0 OR BELOW:   0    1.00 INCH OR MORE:   2

[HDD (BASE 65) ]
TOTAL THIS MO.   432    CLEAR  (SCALE 0-3)  13
DPTR FM NORMAL    62    PTCLDY (SCALE 4-7)   8
TOTAL FM JUL 1  5485    CLOUDY (SCALE 8-10)  9
DPTR FM NORMAL    55

[CDD (BASE 65) ]
TOTAL THIS MO.    14
DPTR FM NORMAL    -2    [PRESSURE DATA]
TOTAL FM JAN 1    14    HIGHEST SLP 30.44 ON  3
DPTR FM NORMAL    -4    LOWEST  SLP 29.45 ON 18

[REMARKS]
#FINAL-04-13#
