000
CXUS53 KLSX 011647 CCA
CF6UIN

PRELIMINARY LOCAL CLIMATOLOGICAL DATA (WS FORM: F-6)

                                          STATION:   QUINCY IL
                                          MONTH:     AUGUST
                                          YEAR:      2013
                                          LATITUDE:   39 57 N
                                          LONGITUDE:  91 12 W

  TEMPERATURE IN F:       :PCPN:    SNOW:  WIND      :SUNSHINE: SKY     :PK WND
================================================================================
1   2   3   4   5  6A  6B    7    8   9   10  11  12  13   14  15   16   17  18
                                     12Z  AVG MX 2MIN
DY MAX MIN AVG DEP HDD CDD  WTR  SNW DPTH SPD SPD DIR MIN PSBL S-S WX    SPD DR
================================================================================

 1  86  62  74  -2   0   9 0.00  0.0    0  4.3 10 330   M    M   1 1      17 280
 2  84  68  76   0   0  11 0.00  0.0    0  7.3 18 190   M    M   4 1      23 200
 3  83  65  74  -2   0   9 0.00  0.0    0  5.5 13  10   M    M   2 12     22  20
 4  80  58  69  -7   0   4 0.00  0.0    0  4.3  9 140   M    M   1        12 190
 5  79  64  72  -4   0   7 0.00  0.0    0  7.2 16 190   M    M   7 1      21 160
 6  87  67  77   2   0  12 0.00  0.0    0  5.8 14 200   M    M   4 12     17 200
 7  84  68  76   1   0  11 0.01  0.0    0  4.7 15  10   M    M   3 3      17  10
 8  83  61  72  -3   0   7 0.00  0.0    0  5.5 10  30   M    M   2        13  10
 9  81  65  73  -2   0   8 0.00  0.0    0  2.8  7 320   M    M   1 1      10  60
10  83  62  73  -2   0   8 0.00  0.0    0  5.9 16  30   M    M   1        22  20
11  86  60  73  -2   0   8 0.00  0.0    0  3.8 10 210   M    M   0        15 170
12  83  64  74  -1   0   9 0.00  0.0    0  4.5 14 320   M    M   1 3      17 320
13  79  57  68  -7   0   3 0.00  0.0    0  6.2 16  30   M    M   0        18  30
14  76  50  63 -12   2   0 0.00  0.0    0  3.2 12  50   M    M   2        15  50
15  75  54  65 -10   0   0 0.00  0.0    0  2.6 10  80   M    M   3        15 140
16  79  58  69  -6   0   4 0.00  0.0    0  5.0 14  80   M    M   4        20  90
17  80  56  68  -7   0   3 0.00  0.0    0  4.8 13  70   M    M   1        16  80
18  83  55  69  -6   0   4 0.00  0.0    0  3.9  9  90   M    M   1        13  90
19  86  63  75   1   0  10 0.00  0.0    0  4.0 13 190   M    M   1 1      18 190
20  89  65  77   3   0  12 0.00  0.0    0  6.2 14 180   M    M   1 18     18 180
21  91  66  79   5   0  14 0.00  0.0    0  6.4 16 190   M    M   0 18     21 190
22  88  67  78   4   0  13 0.00  0.0    0  5.8 12  50   M    M   1        16 310
23  90  68  79   5   0  14 0.00  0.0    0  6.4 14  80   M    M   1        16  80
24  89  66  78   4   0  13 0.00  0.0    0  7.0 12 140   M    M   1        18 120
25  92  69  81   7   0  16 0.00  0.0    0  7.2 14 210   M    M   0        17 160
26  95  66  81   8   0  16 0.00  0.0    0  7.2 16 210   M    M   0 18     22 200
27  96  71  84  11   0  19 0.00  0.0    0  9.5 20 260   M    M   0        25 240
28  98  70  84  11   0  19 0.00  0.0    0  7.4 16 290   M    M   0        23 250
29  97  70  84  11   0  19 0.00  0.0    0  5.0 12 320   M    M   1 1      17 340
30 100  74  87  15   0  22 0.00  0.0    0  7.7 16 250   M    M   0 1      22 240
31  97  74  86  14   0  21 0.00  0.0    0  6.6 14 320   M    M   1        17 320
================================================================================
SM 2679 1983         2 325  0.01     0.0 173.7          M       45
================================================================================
AV 86.4 64.0                               5.6 FASTST   M    M   1    MAX(MPH)
                                 MISC ---->  # 20 260               # 25  240
================================================================================
NOTES:
# LAST OF SEVERAL OCCURRENCES

COLUMN 17 PEAK WIND IN M.P.H.

PRELIMINARY LOCAL CLIMATOLOGICAL DATA (WS FORM: F-6) , PAGE 2

                                          STATION:  QUINCY IL
                                          MONTH:    AUGUST
                                          YEAR:     2013
                                          LATITUDE:   39 57 N
                                          LONGITUDE:  91 12 W

[TEMPERATURE DATA]      [PRECIPITATION DATA]       SYMBOLS USED IN COLUMN 16

AVERAGE MONTHLY: 75.2   TOTAL FOR MONTH:   0.01    1 = FOG OR MIST
DPTR FM NORMAL:   0.8   DPTR FM NORMAL:   -3.62    2 = FOG REDUCING VISIBILITY
HIGHEST:   100 ON 30    GRTST 24HR  0.01 ON  7-7       TO 1/4 MILE OR LESS
LOWEST:     50 ON 14                               3 = THUNDER
                        SNOW, ICE PELLETS, HAIL    4 = ICE PELLETS
                        TOTAL MONTH:   0.0 INCH    5 = HAIL
                        GRTST 24HR     0.0         6 = FREEZING RAIN OR DRIZZLE
                        GRTST DEPTH:   0           7 = DUSTSTORM OR SANDSTORM:
                                                       VSBY 1/2 MILE OR LESS
                                                   8 = SMOKE OR HAZE
[NO. OF DAYS WITH]      [WEATHER - DAYS WITH]      9 = BLOWING SNOW
                                                   X = TORNADO
MAX 32 OR BELOW:   0    0.01 INCH OR MORE:   1
MAX 90 OR ABOVE:   9    0.10 INCH OR MORE:   0
MIN 32 OR BELOW:   0    0.50 INCH OR MORE:   0
MIN  0 OR BELOW:   0    1.00 INCH OR MORE:   0

[HDD (BASE 65) ]
TOTAL THIS MO.     2    CLEAR  (SCALE 0-3)  27
DPTR FM NORMAL    -3    PTCLDY (SCALE 4-7)   4
TOTAL FM JUL 1     6    CLOUDY (SCALE 8-10)  0
DPTR FM NORMAL     1

[CDD (BASE 65) ]
TOTAL THIS MO.   325
DPTR FM NORMAL    28    [PRESSURE DATA]
TOTAL FM JAN 1  1006    HIGHEST SLP 30.24 ON 25
DPTR FM NORMAL    53    LOWEST  SLP 29.73 ON 31

[REMARKS]
#FINAL-08-13#
