000
CXUS53 KLSX 012026
CF6UIN
PRELIMINARY LOCAL CLIMATOLOGICAL DATA (WS FORM: F-6)
STATION: QUINCY IL
MONTH: MARCH
YEAR: 2023
LATITUDE: 39 57 N
LONGITUDE: 91 12 W
TEMPERATURE IN F: :PCPN: SNOW: WIND :SUNSHINE: SKY :PK WND
================================================================================
1 2 3 4 5 6A 6B 7 8 9 10 11 12 13 14 15 16 17 18
12Z AVG MX 2MIN
DY MAX MIN AVG DEP HDD CDD WTR SNW DPTH SPD SPD DIR MIN PSBL S-S WX SPD DR
================================================================================
1 60 33 47 11 18 0 0.00 0.0 0 8.3 17 340 M M 0 1 23 300
2 46 31 39 2 26 0 0.00 0.0 0 10.1 20 20 M M 4 24 80
3 45 30 38 1 27 0 0.15 0.0 0 11.8 26 360 M M 7 1 35 360
4 57 28 43 6 22 0 0.00 0.0 0 8.1 20 260 M M 3 1 26 270
5 61 35 48 10 17 0 0.00 0.0 0 13.2 25 130 M M 3 35 130
6 65 39 52 14 13 0 0.00 0.0 0 14.7 24 310 M M 2 32 310
7 51 36 44 5 21 0 0.00 0.0 0 14.2 23 10 M M 6 29 40
8 45 37 41 2 24 0 0.07 0.0 0 13.0 21 110 M M 10 31 100
9 42 36 39 0 26 0 0.25 0.0 0 9.2 21 100 M M 10 1 29 100
10 43 29 36 -4 29 0 0.00 0.0 0 12.6 22 330 M M 7 33 310
11 42 29 36 -4 29 0 0.18 M M 10.9 23 120 M M 5 1 29 130
12 41 29 35 -5 30 0 0.01 M M 13.3 24 310 M M 10 12 31 310
13 33 28 31 -10 34 0 0.00 0.0 0 14.1 22 310 M M 10 28 310
14 41 28 35 -6 30 0 0.00 0.0 0 5.2 13 340 M M 5 15 320
15 59 29 44 2 21 0 0.00 0.0 0 12.3 22 160 M M 1 31 160
16 56 32 44 2 21 0 0.49 M 0 13.7 29 320 M M 9 1 40 290
17 39 24 32 -10 33 0 T M 0 18.4 32 310 M M 4 1 42 320
18 28 14 21 -22 44 0 0.00 0.0 0 17.5 31 300 M M 8 41 310
19 41 15 28 -15 37 0 0.00 0.0 0 9.2 16 220 M M 0 21 220
20 59 27 43 -1 22 0 0.00 0.0 0 15.4 29 200 M M 0 40 210
21 51 41 46 2 19 0 T 0.0 0 10.9 20 190 M M 9 1 28 190
22 52 41 47 3 18 0 0.23 0.0 0 8.0 20 10 M M 10 123 23 10
23 48 39 44 -1 21 0 0.16 0.0 0 11.9 21 10 M M 9 138 26 10
24 48 36 42 -3 23 0 0.26 0.0 0 12.0 21 60 M M 5 18 28 60
25 55 33 44 -2 21 0 0.03 M M 10.5 20 300 M M 5 1 24 300
26 59 37 48 2 17 0 0.01 0.0 0 12.4 24 260 M M 1 33 250
27 52 32 42 -4 23 0 0.00 0.0 0 6.4 14 30 M M 4 1 19 10
28 52 36 44 -3 21 0 0.00 0.0 0 7.8 15 310 M M 5 23 320
29 51 33 42 -5 23 0 0.00 0.0 0 8.8 16 20 M M 0 24 10
30 70 36 53 6 12 0 T M M 13.5 23 160 M M 4 3 39 190
31 75 44 60 12 5 0 0.11 M M 17.1 38 270 M M 6 3 55 280
================================================================================
SM 1567 997 727 0 1.95 M 364.5 M 162
================================================================================
AV 50.5 32.2 11.8 FASTST M M 5 MAX(MPH)
MISC ----> 38 270 55 280
================================================================================
NOTES:
# LAST OF SEVERAL OCCURRENCES
COLUMN 17 PEAK WIND IN M.P.H.
PRELIMINARY LOCAL CLIMATOLOGICAL DATA (WS FORM: F-6) , PAGE 2
STATION: QUINCY IL
MONTH: MARCH
YEAR: 2023
LATITUDE: 39 57 N
LONGITUDE: 91 12 W
[TEMPERATURE DATA] [PRECIPITATION DATA] SYMBOLS USED IN COLUMN 16
AVERAGE MONTHLY: 41.4 TOTAL FOR MONTH: 1.95 1 = FOG OR MIST
DPTR FM NORMAL: -0.7 DPTR FM NORMAL: -0.34 2 = FOG REDUCING VISIBILITY
HIGHEST: 75 ON 31 GRTST 24HR 0.49 ON 16 TO 1/4 MILE OR LESS
LOWEST: 14 ON 18 3 = THUNDER
SNOW, ICE PELLETS, HAIL 4 = ICE PELLETS
TOTAL MONTH: M 5 = HAIL
GRTST 24HR M 6 = FREEZING RAIN OR DRIZZLE
GRTST DEPTH: M 7 = DUSTSTORM OR SANDSTORM:
VSBY 1/2 MILE OR LESS
8 = SMOKE OR HAZE
[NO. OF DAYS WITH] [WEATHER - DAYS WITH] 9 = BLOWING SNOW
X = TORNADO
MAX 32 OR BELOW: 1 0.01 INCH OR MORE: 12
MAX 90 OR ABOVE: 0 0.10 INCH OR MORE: 8
MIN 32 OR BELOW: 15 0.50 INCH OR MORE: 0
MIN 0 OR BELOW: 0 1.00 INCH OR MORE: 0
[HDD (BASE 65) ]
TOTAL THIS MO. 727 CLEAR (SCALE 0-3) 9
DPTR FM NORMAL 13 PTCLDY (SCALE 4-7) 13
TOTAL FM JUL 1 4576 CLOUDY (SCALE 8-10) 9
DPTR FM NORMAL -401
[CDD (BASE 65) ]
TOTAL THIS MO. 0
DPTR FM NORMAL -2 [PRESSURE DATA]
TOTAL FM JAN 1 0 HIGHEST SLP 30.46 ON 19
DPTR FM NORMAL -2 LOWEST SLP 29.25 ON 31
[REMARKS]
#FINAL-03-23#