000
CXUS53 KLSX 012251 CCA
CF6UIN

PRELIMINARY LOCAL CLIMATOLOGICAL DATA (WS FORM: F-6)

                                          STATION:   QUINCY IL
                                          MONTH:     NOVEMBER
                                          YEAR:      2015
                                          LATITUDE:   39 57 N
                                          LONGITUDE:  91 12 W

  TEMPERATURE IN F:       :PCPN:    SNOW:  WIND      :SUNSHINE: SKY     :PK WND
================================================================================
1   2   3   4   5  6A  6B    7    8   9   10  11  12  13   14  15   16   17  18
                                     12Z  AVG MX 2MIN
DY MAX MIN AVG DEP HDD CDD  WTR  SNW DPTH SPD SPD DIR MIN PSBL S-S WX    SPD DR
================================================================================

 1  70  40  55   6  10   0 0.00  0.0    0  8.8 14 210   M    M   0 12     16 210
 2  73  47  60  11   5   0 0.00  0.0    0  7.5 13 180   M    M   0        17 190
 3  66  47  57   8   8   0 0.00  0.0    0  6.9 14 160   M    M   5 128    18 160
 4  66  54  60  12   5   0 0.00  0.0    0  8.9 16 200   M    M   7 12     21 200
 5  65  57  61  13   4   0 0.07  0.0    0 14.1 25 320   M    M   7 1      36 330
 6  59  40  50   3  15   0 0.00  0.0    0 10.9 24 300   M    M   1 8      32 290
 7  58  34  46  -1  19   0 0.00  0.0    0  8.0 20 340   M    M   0        25 330
 8  54  30  42  -4  23   0 0.00  0.0    0  5.8 15 140   M    M   0 8      18 160
 9  56  30  43  -3  22   0 0.00  0.0    0  3.5  8 190   M    M   0        10 140
10  62  34  48   3  17   0 0.00  0.0    0  7.9 14 130   M    M   1        18 160
11  68  46  57  12   8   0 0.09  0.0    0 16.8 39 240   M    M   6 1      53 240
12  57  44  51   7  14   0 0.00  0.0    0 20.1 35 250   M    M   4        48 280
13  54  34  44   0  21   0 0.00  0.0    0  8.7 24 310   M    M   0        31 300
14  67  35  51   8  14   0 0.00  0.0    0 10.3 21 210   M    M   0        24 210
15  67  42  55  12  10   0 0.00  0.0    0 11.5 22 190   M    M   2        27 220
16  55  48  52  10  13   0 0.18  0.0    0 13.7 22 180   M    M  10 1      30 180
17  64  53  59  17   6   0 2.31  0.0    0 15.1 31 120   M    M  10 13     38 130
18  64  43  54  13  11   0 0.03  0.0    0 16.7 35 210   M    M   6 1      43 210
19  49  33  41   0  24   0    T  0.0    0 13.7 29 280   M    M   2        36 290
20  45  28  37  -3  28   0    T  0.0    0  9.5 28 130   M    M   5        36 160
21  42  18  30 -10  35   0    M    M    0 14.4 36 340   M    M   5 12     43 340
22  40  17  29 -10  36   0 0.00  0.0    0  9.4 18 190   M    M   3        23 190
23  56  31  44   5  21   0 0.00  0.0    0  7.0 14 250   M    M   0        18 260
24  58  34  46   8  19   0 0.00  0.0    0  9.3 15 170   M    M   1        22 180
25  59  45  52  14  13   0    T  0.0    0 14.6 21 170   M    M   8        29 180
26  69  42  56  19   9   0    M  0.0    0 15.1 24 310   M    M   8 1      31 180
27  42  33  38   1  27   0    M  0.0    0 16.2 23  20   M    M  10 1      28  20
28  36  33  35  -1  30   0    T  0.0    0 13.3 20  20   M    M  10 1      23  20
29  38  33  36   0  29   0    M  0.0    0  9.9 15  40   M    M   9 1      19  40
30  43  35  39   4  26   0    M  0.0    0  8.4 18 260   M    M  10 1      25 260
================================================================================
SM 1702 1140       522   0  2.68     0.0 336.0          M      130
================================================================================
AV 56.7 38.0                              11.2 FASTST   M    M   4    MAX(MPH)
                                 MISC ---->  # 39 240               # 53  240
================================================================================
NOTES:
# LAST OF SEVERAL OCCURRENCES

COLUMN 17 PEAK WIND IN M.P.H.

PRELIMINARY LOCAL CLIMATOLOGICAL DATA (WS FORM: F-6) , PAGE 2

                                          STATION:  QUINCY IL
                                          MONTH:    NOVEMBER
                                          YEAR:     2015
                                          LATITUDE:   39 57 N
                                          LONGITUDE:  91 12 W

[TEMPERATURE DATA]      [PRECIPITATION DATA]       SYMBOLS USED IN COLUMN 16

AVERAGE MONTHLY: 47.4   TOTAL FOR MONTH:   2.68    1 = FOG OR MIST
DPTR FM NORMAL:   4.9   DPTR FM NORMAL:   -0.34    2 = FOG REDUCING VISIBILITY
HIGHEST:    73 ON  2    GRTST 24HR  2.31 ON 17-17      TO 1/4 MILE OR LESS
LOWEST:     17 ON 22                               3 = THUNDER
                        SNOW, ICE PELLETS, HAIL    4 = ICE PELLETS
                        TOTAL MONTH:    M          5 = HAIL
                        GRTST 24HR      M          6 = FREEZING RAIN OR DRIZZLE
                        GRTST DEPTH:    M          7 = DUSTSTORM OR SANDSTORM:
                                                       VSBY 1/2 MILE OR LESS
                                                   8 = SMOKE OR HAZE
[NO. OF DAYS WITH]      [WEATHER - DAYS WITH]      9 = BLOWING SNOW
                                                   X = TORNADO
MAX 32 OR BELOW:   0    0.01 INCH OR MORE:   M
MAX 90 OR ABOVE:   0    0.10 INCH OR MORE:   M
MIN 32 OR BELOW:   6    0.50 INCH OR MORE:   M
MIN  0 OR BELOW:   0    1.00 INCH OR MORE:   M

[HDD (BASE 65) ]
TOTAL THIS MO.   522    CLEAR  (SCALE 0-3)  14
DPTR FM NORMAL  -154    PTCLDY (SCALE 4-7)   8
TOTAL FM JUL 1   818    CLOUDY (SCALE 8-10)  8
DPTR FM NORMAL  -282

[CDD (BASE 65) ]
TOTAL THIS MO.     0
DPTR FM NORMAL    -1    [PRESSURE DATA]
TOTAL FM JAN 1  1219    HIGHEST SLP 30.47 ON  8
DPTR FM NORMAL   125    LOWEST  SLP 29.32 ON 11

[REMARKS]
#FINAL-11-15#
