000
CXUS53 KLSX 011731
CF6UIN

PRELIMINARY LOCAL CLIMATOLOGICAL DATA (WS FORM: F-6)

                                          STATION:   QUINCY IL
                                          MONTH:     JANUARY
                                          YEAR:      2013
                                          LATITUDE:   39 57 N
                                          LONGITUDE:  91 12 W

  TEMPERATURE IN F:       :PCPN:    SNOW:  WIND      :SUNSHINE: SKY     :PK WND
================================================================================
1   2   3   4   5  6A  6B    7    8   9   10  11  12  13   14  15   16   17  18
                                     12Z  AVG MX 2MIN
DY MAX MIN AVG DEP HDD CDD  WTR  SNW DPTH SPD SPD DIR MIN PSBL S-S WX    SPD DR
================================================================================

 1  20   6  13 -14  52   0 0.00  0.0    M  6.0 14 360   M    M   3        17  10
 2  28   3  16 -11  49   0 0.00  0.0    M  9.2 15 190   M    M   1        17 190
 3  34  14  24  -3  41   0 0.00  0.0    M  7.6 20 300   M    M   8 1      23 300
 4  34   8  21  -6  44   0 0.00  0.0    M  9.2 20 230   M    M   0        24 220
 5  37  23  30   4  35   0 0.01    M    M 11.2 17 210   M    M   6 18     23 300
 6  36  20  28   2  37   0 0.00  0.0    M 11.1 23 310   M    M   4 8      31 300
 7  43  21  32   6  33   0 0.00  0.0    M 10.4 17 200   M    M   0        23 200
 8  47  31  39  13  26   0 0.00  0.0    0  8.9 14 190   M    M   1        17 190
 9  50  32  41  15  24   0 0.00  0.0    0  6.9 13 320   M    M   0        17 250
10  44  33  39  13  26   0 0.36  0.0    0 10.7 20 120   M    M   6 12     24 130
11  59  43  51  25  14   0    T  0.0    0 13.7 23 200   M    M   4 12     32 190
12  55  24  40  14  25   0 0.09    M    0 13.3 22 210   M    M   5 16     28 200
13  24  13  19  -7  46   0 0.01    M    M 10.5 20 300   M    M   5 8      23 300
14  25   9  17  -9  48   0 0.00  0.0    M  3.9  8 360   M    M   0         9 340
15  28  10  19  -7  46   0 0.00  0.0    M  3.3  8  90   M    M   1        12 100
16  40  13  27   1  38   0 0.00  0.0    M  9.6 21 240   M    M   1        26 230
17  36  25  31   5  34   0 0.00  0.0    M  8.3 17 360   M    M   1        21 350
18  50  23  37  11  28   0 0.00  0.0    0 14.9 24 210   M    M   0        32 200
19  55  37  46  20  19   0 0.00  0.0    0 14.9 30 320   M    M   0        38 320
20  37  16  27   1  38   0 0.00  0.0    0 10.8 26 340   M    M   4        36 320
21  16   9  13 -13  52   0 0.00  0.0    0 13.8 28 310   M    M   1        33 300
22  16   5  11 -15  54   0 0.00  0.0    0  4.6 14 330   M    M   7        17 330
23  38  10  24  -2  41   0 0.00  0.0    0  9.8 22 360   M    M   0        28 350
24  24  10  17 -10  48   0 0.00  0.0    0 12.6 22 130   M    M   1        26 140
25  41  24  33   6  32   0 0.00  0.0    0  9.2 17  10   M    M   4        22 270
26  36  12  24  -3  41   0 0.00  0.0    0  6.9 15  10   M    M   0        18  10
27  49  26  38  11  27   0 0.14  0.0    0 12.5 23 130   M    M   7 136    30 140
28  66  48  57  30   8   0    T  0.0    0  8.7 18 180   M    M   7 13     25 180
29  63  38  51  24  14   0 2.12  0.0    0  8.7 25 200   M    M   6 13     32 200
30  38  23  31   4  34   0 0.20    M    0 17.7 36 310   M    M  10 1      45 300
31  25   6  16 -11  49   0    T    M    M 17.9 29 310   M    M   9        37 300
================================================================================
SM 1194  615      1103   0  2.93     0.0 316.8          M      102
================================================================================
AV 38.5 19.8                              10.2 FASTST   M    M   3    MAX(MPH)
                                 MISC ---->  # 36 310               # 45  300
================================================================================
NOTES:
# LAST OF SEVERAL OCCURRENCES

COLUMN 17 PEAK WIND IN M.P.H.

PRELIMINARY LOCAL CLIMATOLOGICAL DATA (WS FORM: F-6) , PAGE 2

                                          STATION:  QUINCY IL
                                          MONTH:    JANUARY
                                          YEAR:     2013
                                          LATITUDE:   39 57 N
                                          LONGITUDE:  91 12 W

[TEMPERATURE DATA]      [PRECIPITATION DATA]       SYMBOLS USED IN COLUMN 16

AVERAGE MONTHLY: 29.2   TOTAL FOR MONTH:   2.93    1 = FOG OR MIST
DPTR FM NORMAL:   2.7   DPTR FM NORMAL:    1.41    2 = FOG REDUCING VISIBILITY
HIGHEST:    66 ON 28    GRTST 24HR  2.20 ON 29-30      TO 1/4 MILE OR LESS
LOWEST:      3 ON  2                               3 = THUNDER
                        SNOW, ICE PELLETS, HAIL    4 = ICE PELLETS
                        TOTAL MONTH:   0.0 INCH    5 = HAIL
                        GRTST 24HR     0.0         6 = FREEZING RAIN OR DRIZZLE
                        GRTST DEPTH:   0           7 = DUSTSTORM OR SANDSTORM:
                                                       VSBY 1/2 MILE OR LESS
                                                   8 = SMOKE OR HAZE
[NO. OF DAYS WITH]      [WEATHER - DAYS WITH]      9 = BLOWING SNOW
                                                   X = TORNADO
MAX 32 OR BELOW:   9    0.01 INCH OR MORE:   7
MAX 90 OR ABOVE:   0    0.10 INCH OR MORE:   4
MIN 32 OR BELOW:  26    0.50 INCH OR MORE:   1
MIN  0 OR BELOW:   0    1.00 INCH OR MORE:   1

[HDD (BASE 65) ]
TOTAL THIS MO.  1103    CLEAR  (SCALE 0-3)  16
DPTR FM NORMAL   -92    PTCLDY (SCALE 4-7)  12
TOTAL FM JUL 1  3151    CLOUDY (SCALE 8-10)  3
DPTR FM NORMAL  -235

[CDD (BASE 65) ]
TOTAL THIS MO.     0
DPTR FM NORMAL     0    [PRESSURE DATA]
TOTAL FM JAN 1     0    HIGHEST SLP 30.65 ON 24
DPTR FM NORMAL     0    LOWEST  SLP 29.33 ON 30

[REMARKS]
#FINAL-01-13#
