000
CXUS53 KLSX 031511 CCA
CF6UIN

PRELIMINARY LOCAL CLIMATOLOGICAL DATA (WS FORM: F-6)

                                          STATION:   QUINCY IL
                                          MONTH:     MAY
                                          YEAR:      2013
                                          LATITUDE:   39 57 N
                                          LONGITUDE:  91 12 W

  TEMPERATURE IN F:       :PCPN:    SNOW:  WIND      :SUNSHINE: SKY     :PK WND
================================================================================
1   2   3   4   5  6A  6B    7    8   9   10  11  12  13   14  15   16   17  18
                                     12Z  AVG MX 2MIN
DY MAX MIN AVG DEP HDD CDD  WTR  SNW DPTH SPD SPD DIR MIN PSBL S-S WX    SPD DR
================================================================================

 1  82  58  70  12   0   5 0.00  0.0    0  8.6 16 360   M    M   1        21 160
 2  58  38  48 -11  17   0 0.35  0.0    0 14.3 22 340   M    M   9 1      26 330
 3  46  37  42 -17  23   0 1.97    M    0 13.6 20 340   M    M  10 1      26 340
 4  50  40  45 -14  20   0 0.03  0.0    0  3.4 12 180   M    M  10 12     15 190
 5  70  45  58  -2   7   0    T  0.0    0  7.4 18  10   M    M   9 123    22  10
 6  74  52  63   3   2   0 0.00  0.0    0  8.0 21  20   M    M   8        26  20
 7  78  53  66   6   0   1 0.00  0.0    0  3.1 10  50   M    M   2        15  40
 8  79  55  67   7   0   2 0.08  0.0    0  4.3 16 230   M    M   3        22 230
 9  69  58  64   3   1   0 0.40  0.0    0  8.1 15 180   M    M   8 13     20 180
10  59  49  54  -7  11   0 0.00  0.0    0  8.9 17 340   M    M   8 1      21 340
11  62  41  52  -9  13   0 0.00  0.0    0 12.9 30 310   M    M   2 12     37 320
12  59  36  48 -14  17   0 0.00  0.0    0  6.9 17 300   M    M   0        29 290
13  72  37  55  -7  10   0 0.00  0.0    0  7.5 14 180   M    M   0        20 210
14  88  56  72  10   0   7 0.00  0.0    0 12.7 22 220   M    M   0        31 230
15  85  67  76  13   0  11 0.00  0.0    0  9.2 21 250   M    M   0 3      26 240
16  84  63  74  11   0   9 0.00  0.0    0  5.9 18 150   M    M   1 13     26 160
17  78  59  69   6   0   4    T  0.0    0  6.2 15 120   M    M   7 1      20 170
18  81  62  72   9   0   7 0.00  0.0    0  7.8 15 150   M    M   3 18     20 130
19  88  68  78  14   0  13 0.15  0.0    0 10.7 20 160   M    M   3 138    28 170
20  82  62  72   8   0   7 1.32  0.0    0 14.1 37 300   M    M   4 13     45 290
21  78  62  70   6   0   5 0.00  0.0    0 10.4 20 230   M    M   1        26 240
22  70  58  64  -1   1   0    T  0.0    0  8.6 17 260   M    M   8        23 240
23  68  54  61  -4   4   0 0.01  0.0    0 10.0 21 290   M    M   7 1      25  20
24  68  46  57  -8   8   0 0.00  0.0    0  6.9 14 120   M    M   0 1      17 140
25  65  52  59  -7   6   0 0.48  0.0    0 10.9 21 140   M    M   8 13     28 150
26  75  53  64  -2   1   0 0.04  0.0    0 10.6 18 110   M    M   5 13     22 110
27  73  63  68   2   0   3 2.12  0.0    0  8.5 29 170   M    M   6 13     37 160
28  76  62  69   3   0   4 1.72  0.0    0 11.5 40 340   M    M   7 13     51 340
29  86  62  74   7   0   9    T  0.0    0 11.6 26 290   M    M   2        33 290
30  83  63  73   6   0   8 1.00  0.0    0 15.4 32 240   M    M   6 13     41 240
31  73  62  68   1   0   3 1.72  0.0    0  8.0 18 190   M    M   3 13     24 200
================================================================================
SM 2259 1673       141  98 11.39   M     286.0          M      141
================================================================================
AV 72.9 54.0                               9.2 FASTST   M    M   5    MAX(MPH)
                                 MISC ---->  # 40 340               # 51  340
================================================================================
NOTES:
# LAST OF SEVERAL OCCURRENCES

COLUMN 17 PEAK WIND IN M.P.H.

PRELIMINARY LOCAL CLIMATOLOGICAL DATA (WS FORM: F-6) , PAGE 2

                                          STATION:  QUINCY IL
                                          MONTH:    MAY
                                          YEAR:     2013
                                          LATITUDE:   39 57 N
                                          LONGITUDE:  91 12 W

[TEMPERATURE DATA]      [PRECIPITATION DATA]       SYMBOLS USED IN COLUMN 16

AVERAGE MONTHLY: 63.5   TOTAL FOR MONTH:  11.39    1 = FOG OR MIST
DPTR FM NORMAL:   0.7   DPTR FM NORMAL:    6.85    2 = FOG REDUCING VISIBILITY
HIGHEST:    88 ON 19,14 GRTST 24HR  2.68 ON 30-31      TO 1/4 MILE OR LESS
LOWEST:     36 ON 12                               3 = THUNDER
                        SNOW, ICE PELLETS, HAIL    4 = ICE PELLETS
                        TOTAL MONTH:   M           5 = HAIL
                        GRTST 24HR     M           6 = FREEZING RAIN OR DRIZZLE
                        GRTST DEPTH:   M           7 = DUSTSTORM OR SANDSTORM:
                                                       VSBY 1/2 MILE OR LESS
                                                   8 = SMOKE OR HAZE
[NO. OF DAYS WITH]      [WEATHER - DAYS WITH]      9 = BLOWING SNOW
                                                   X = TORNADO
MAX 32 OR BELOW:   0    0.01 INCH OR MORE:  14
MAX 90 OR ABOVE:   0    0.10 INCH OR MORE:  10
MIN 32 OR BELOW:   0    0.50 INCH OR MORE:   6
MIN  0 OR BELOW:   0    1.00 INCH OR MORE:   6

[HDD (BASE 65) ]
TOTAL THIS MO.   141    CLEAR  (SCALE 0-3)  15
DPTR FM NORMAL     5    PTCLDY (SCALE 4-7)   7
TOTAL FM JUL 1  5626    CLOUDY (SCALE 8-10)  9
DPTR FM NORMAL    60

[CDD (BASE 65) ]
TOTAL THIS MO.    98
DPTR FM NORMAL    30    [PRESSURE DATA]
TOTAL FM JAN 1   112    HIGHEST SLP 30.41 ON 24
DPTR FM NORMAL    26    LOWEST  SLP 29.62 ON 20

[REMARKS]
#FINAL-05-13#
