000
CXUS53 KLSX 012028 CCB
CF6UIN

PRELIMINARY LOCAL CLIMATOLOGICAL DATA (WS FORM: F-6)

                                          STATION:   QUINCY IL
                                          MONTH:     MARCH
                                          YEAR:      2013
                                          LATITUDE:   39 57 N
                                          LONGITUDE:  91 12 W

  TEMPERATURE IN F:       :PCPN:    SNOW:  WIND      :SUNSHINE: SKY     :PK WND
================================================================================
1   2   3   4   5  6A  6B    7    8   9   10  11  12  13   14  15   16   17  18
                                     12Z  AVG MX 2MIN
DY MAX MIN AVG DEP HDD CDD  WTR  SNW DPTH SPD SPD DIR MIN PSBL S-S WX    SPD DR
================================================================================

 1  30  25  28  -8  37   0 0.07    M    M 10.7 18  30   M    M  10 18     20  20
 2  30  15  23 -13  42   0    T    T    M  8.2 18 310   M    M   3 1      21 310
 3  32  11  22 -15  43   0 0.00  0.0    M  5.2 13 120   M    M   7 18     17 140
 4  40  30  35  -2  30   0 0.01    M    M 13.8 18 120   M    M   4 6      24 120
 5  34  29  32  -6  33   0 0.11    M    M 18.7 33 340   M    M  10 168    40 330
 6  30  19  25 -13  40   0 0.00  0.0    M 11.8 26 340   M    M   6        31 330
 7  36  16  26 -12  39   0 0.00  0.0    M  5.6 14 120   M    M   1 1      20 130
 8  43  26  35  -4  30   0 0.00  0.0    M 10.5 16 130   M    M   1 18     21 150
 9  52  36  44   5  21   0 1.06  0.0    M 10.8 18 140   M    M   9 1      23 140
10  50  37  44   4  21   0 0.78  0.0    0  8.0 24 120   M    M  10 12     30 120
11  37  29  33  -7  32   0    T  0.0    0 13.5 20 280   M    M  10 16     28 280
12  40  24  32  -8  33   0    T    M    0 14.1 28 310   M    M   5 18     37 280
13  37  23  30 -11  35   0 0.00  0.0    0 11.3 25 310   M    M   2        31 300
14  54  26  40  -1  25   0    T    M    0  7.4 18 180   M    M   4        24 180
15  66  32  49   7  16   0 0.00  0.0    0  5.2 13 140   M    M   0 1      16 140
16  45  33  39  -3  26   0 0.00  0.0    0 11.4 20 350   M    M   8 18     23  10
17  38  31  35  -7  30   0 0.06    M    0 12.7 18 100   M    M  10 1      22 110
18  48  29  39  -4  26   0 0.02    M    0 13.2 30 290   M    M   6 1      40 290
19  43  24  34  -9  31   0 0.00  0.0    0 11.4 22 310   M    M   0        26 310
20  32  18  25 -19  40   0 0.00  0.0    0 15.4 26 320   M    M   3        32 310
21  36  14  25 -19  40   0 0.00  0.0    0  3.5 13  10   M    M   0        15  10
22  39  20  30 -14  35   0 0.00  0.0    0  3.5 12 140   M    M   7        14 130
23  50  33  42  -3  23   0 0.04    M    0  8.9 20  20   M    M   8 1      29  30
24  32  29  31 -14  34   0    M    M    M 18.6 25  10   M    M  10 126    30  10
25  33  26  30 -16  35   0    M    M    M 13.6 21 310   M    M   9 1      25 320
26  37  25  31 -15  34   0 0.00  0.0    M  8.9 18 310   M    M   4        22 310
27  41  22  32 -14  33   0 0.00  0.0    M  2.6  8 110   M    M   2        14 160
28  50  30  40  -7  25   0 0.00  0.0    M  7.6 14 140   M    M   2        17 140
29  59  33  46  -1  19   0 0.00  0.0    0  6.1 10  50   M    M   0        15  70
30  53  37  45  -2  20   0 0.00  0.0    0  9.0 23 170   M    M   6 18     30 160
31  62  40  51   3  14   0 0.00  0.0    0 12.1 23 350   M    M   6 128    29 340
================================================================================
SM 1309  822       942   0    M    M    313.3          M      163
================================================================================
AV 42.2 26.5                              10.1 FASTST   M    M   5    MAX(MPH)
                                 MISC ---->  # 33 340               # 40  330
================================================================================
NOTES:
# LAST OF SEVERAL OCCURRENCES

COLUMN 17 PEAK WIND IN M.P.H.

PRELIMINARY LOCAL CLIMATOLOGICAL DATA (WS FORM: F-6) , PAGE 2

                                          STATION:  QUINCY IL
                                          MONTH:    MARCH
                                          YEAR:     2013
                                          LATITUDE:   39 57 N
                                          LONGITUDE:  91 12 W

[TEMPERATURE DATA]      [PRECIPITATION DATA]       SYMBOLS USED IN COLUMN 16

AVERAGE MONTHLY: 34.4   TOTAL FOR MONTH:      M    1 = FOG OR MIST
DPTR FM NORMAL:  -7.5   DPTR FM NORMAL:       M    2 = FOG REDUCING VISIBILITY
HIGHEST:    66 ON 15    GRTST 24HR  1.06 ON  9- 9      TO 1/4 MILE OR LESS
LOWEST:     11 ON  3                               3 = THUNDER
                        SNOW, ICE PELLETS, HAIL    4 = ICE PELLETS
                        TOTAL MONTH:    M          5 = HAIL
                        GRTST 24HR      M          6 = FREEZING RAIN OR DRIZZLE
                        GRTST DEPTH:    M          7 = DUSTSTORM OR SANDSTORM:
                                                       VSBY 1/2 MILE OR LESS
                                                   8 = SMOKE OR HAZE
[NO. OF DAYS WITH]      [WEATHER - DAYS WITH]      9 = BLOWING SNOW
                                                   X = TORNADO
MAX 32 OR BELOW:   6    0.01 INCH OR MORE:   M
MAX 90 OR ABOVE:   0    0.10 INCH OR MORE:   M
MIN 32 OR BELOW:  24    0.50 INCH OR MORE:   M
MIN  0 OR BELOW:   0    1.00 INCH OR MORE:   M

[HDD (BASE 65) ]
TOTAL THIS MO.   942    CLEAR  (SCALE 0-3)  11
DPTR FM NORMAL   224    PTCLDY (SCALE 4-7)  10
TOTAL FM JUL 1  5053    CLOUDY (SCALE 8-10) 10
DPTR FM NORMAL    -7

[CDD (BASE 65) ]
TOTAL THIS MO.     0
DPTR FM NORMAL    -2    [PRESSURE DATA]
TOTAL FM JAN 1     0    HIGHEST SLP 30.44 ON 13
DPTR FM NORMAL    -2    LOWEST  SLP 29.53 ON 10

[REMARKS]
#FINAL-03-13#
