000
CXUS53 KLSX 011802 CCA
CF6UIN

PRELIMINARY LOCAL CLIMATOLOGICAL DATA (WS FORM: F-6)

                                          STATION:   QUINCY IL
                                          MONTH:     FEBRUARY
                                          YEAR:      2013
                                          LATITUDE:   39 57 N
                                          LONGITUDE:  91 12 W

  TEMPERATURE IN F:       :PCPN:    SNOW:  WIND      :SUNSHINE: SKY     :PK WND
================================================================================
1   2   3   4   5  6A  6B    7    8   9   10  11  12  13   14  15   16   17  18
                                     12Z  AVG MX 2MIN
DY MAX MIN AVG DEP HDD CDD  WTR  SNW DPTH SPD SPD DIR MIN PSBL S-S WX    SPD DR
================================================================================

 1  26   3  15 -12  50   0    T    M    M 10.7 23 290   M    M   4 8      29 290
 2  32  23  28   0  37   0 0.01    M    M 10.5 21 310   M    M   8 1      26 300
 3  34  24  29   1  36   0 0.00  0.0    M 11.6 28 330   M    M   4 18     36 330
 4  42  26  34   6  31   0 0.00  0.0    0 10.1 20  10   M    M   5        24 320
 5  47  26  37   9  28   0 0.00  0.0    0  9.0 21 320   M    M   5 18     26 320
 6  50  25  38  10  27   0 0.00  0.0    0  8.0 16 190   M    M   1 1      20 200
 7  44  33  39  10  26   0 0.35  0.0    0 10.9 24 330   M    M  10 1      30 320
 8  34  29  32   3  33   0 0.00  0.0    0  8.6 20 330   M    M  10 1      25 330
 9  39  27  33   4  32   0 0.05  0.0    0 11.5 17 160   M    M   7 1      24 150
10  59  36  48  19  17   0 0.25  0.0    0 18.8 35 250   M    M   8 1      47 240
11  44  28  36   6  29   0 0.00  0.0    0 16.8 33 260   M    M   5        46 260
12  40  24  32   2  33   0 0.00  0.0    0  3.0  9 320   M    M   0 18     10 310
13  47  25  36   6  29   0 0.00  0.0    0  8.4 17 260   M    M   0        24 250
14  48  33  41  11  24   0 0.00  0.0    0 12.2 24 310   M    M   3        31 300
15  36  21  29  -2  36   0 0.00  0.0    0 12.7 21 330   M    M   3        25 330
16  33  15  24  -7  41   0 0.00  0.0    0  7.4 17 310   M    M   0        24 300
17  43  20  32   1  33   0 0.00  0.0    0 11.9 18 120   M    M   2        25 140
18  55  26  41   9  24   0 0.49    M    0 17.4 33 330   M    M   6 13     44 340
19  26  18  22 -10  43   0 0.00  0.0    0 18.3 30 290   M    M   5        40 280
20  21   7  14 -18  51   0 0.00  0.0    0  8.3 17  10   M    M   1        21  10
21  29  16  23 -10  42   0 0.91    M    0 13.7 24 100   M    M   6 1236   46  60
22  31  22  27  -6  38   0    T    M    M 11.2 21 250   M    M  10 18     29 240
23  28   8  18 -16  47   0 0.00  0.0    M  5.7  9 220   M    M   0 1      13 240
24  38  11  25  -9  40   0 0.00  0.0    M  6.0 12 120   M    M   0 18     15 130
25  40  22  31  -3  34   0 0.00  0.0    M 10.5 29  80   M    M   2 18     36  80
26  37  31  34  -1  31   0 0.42    M    M 17.3 30  70   M    M  10 128    36  70
27  33  30  32  -3  33   0 0.01    M    M 14.0 20 300   M    M  10 16     24 300
28  32  28  30  -6  35   0 0.05    M    M 13.2 18 310   M    M  10 18     23 300
================================================================================
SM 1068  637       960   0  2.54     0.0 317.7          M      135
================================================================================
AV 38.1 22.8                              11.3 FASTST   M    M   5    MAX(MPH)
                                 MISC ---->  # 35 250               # 47  240
================================================================================
NOTES:
# LAST OF SEVERAL OCCURRENCES

COLUMN 17 PEAK WIND IN M.P.H.

PRELIMINARY LOCAL CLIMATOLOGICAL DATA (WS FORM: F-6) , PAGE 2

                                          STATION:  QUINCY IL
                                          MONTH:    FEBRUARY
                                          YEAR:     2013
                                          LATITUDE:   39 57 N
                                          LONGITUDE:  91 12 W

[TEMPERATURE DATA]      [PRECIPITATION DATA]       SYMBOLS USED IN COLUMN 16

AVERAGE MONTHLY: 30.5   TOTAL FOR MONTH:   2.54    1 = FOG OR MIST
DPTR FM NORMAL:  -0.4   DPTR FM NORMAL:    0.66    2 = FOG REDUCING VISIBILITY
HIGHEST:    59 ON 10    GRTST 24HR  0.91 ON 21-21      TO 1/4 MILE OR LESS
LOWEST:      3 ON  1                               3 = THUNDER
                        SNOW, ICE PELLETS, HAIL    4 = ICE PELLETS
                        TOTAL MONTH:   0.0 INCH    5 = HAIL
                        GRTST 24HR     0.0         6 = FREEZING RAIN OR DRIZZLE
                        GRTST DEPTH:   0           7 = DUSTSTORM OR SANDSTORM:
                                                       VSBY 1/2 MILE OR LESS
                                                   8 = SMOKE OR HAZE
[NO. OF DAYS WITH]      [WEATHER - DAYS WITH]      9 = BLOWING SNOW
                                                   X = TORNADO
MAX 32 OR BELOW:   8    0.01 INCH OR MORE:   9
MAX 90 OR ABOVE:   0    0.10 INCH OR MORE:   5
MIN 32 OR BELOW:  25    0.50 INCH OR MORE:   1
MIN  0 OR BELOW:   0    1.00 INCH OR MORE:   0

[HDD (BASE 65) ]
TOTAL THIS MO.   960    CLEAR  (SCALE 0-3)  11
DPTR FM NORMAL     4    PTCLDY (SCALE 4-7)   9
TOTAL FM JUL 1  4111    CLOUDY (SCALE 8-10)  8
DPTR FM NORMAL  -231

[CDD (BASE 65) ]
TOTAL THIS MO.     0
DPTR FM NORMAL     0    [PRESSURE DATA]
TOTAL FM JAN 1     0    HIGHEST SLP 30.49 ON  1
DPTR FM NORMAL     0    LOWEST  SLP 29.43 ON 10

[REMARKS]
#FINAL-02-13#
