000
CXUS53 KLSX 011503
CF6UIN
PRELIMINARY LOCAL CLIMATOLOGICAL DATA (WS FORM: F-6)
STATION: QUINCY IL
MONTH: SEPTEMBER
YEAR: 2022
LATITUDE: 39 57 N
LONGITUDE: 91 12 W
TEMPERATURE IN F: :PCPN: SNOW: WIND :SUNSHINE: SKY :PK WND
================================================================================
1 2 3 4 5 6A 6B 7 8 9 10 11 12 13 14 15 16 17 18
12Z AVG MX 2MIN
DY MAX MIN AVG DEP HDD CDD WTR SNW DPTH SPD SPD DIR MIN PSBL S-S WX SPD DR
================================================================================
1 86 61 74 2 0 9 0.00 0.0 0 6.4 13 190 M M 0 19 150
2 81 66 74 2 0 9 0.00 0.0 0 6.9 15 180 M M 2 20 180
3 86 62 74 3 0 9 0.01 0.0 0 3.7 12 360 M M 3 12 17 360
4 79 66 73 2 0 8 0.00 0.0 0 9.6 17 10 M M 7 128 23 360
5 78 66 72 1 0 7 0.00 0.0 0 9.2 14 40 M M 10 1 23 10
6 83 63 73 3 0 8 0.00 0.0 0 4.7 10 20 M M 6 1 15 10
7 84 61 73 3 0 8 0.00 0.0 0 6.0 15 30 M M 1 20 40
8 84 60 72 2 0 7 0.00 0.0 0 4.0 10 120 M M 1 14 210
9 84 59 72 3 0 7 0.00 0.0 0 6.4 14 190 M M 0 20 160
10 86 60 73 4 0 8 0.00 0.0 0 6.2 18 350 M M 2 24 340
11 73 53 63 -6 2 0 1.00 0.0 0 12.0 24 350 M M 6 1 33 330
12 76 51 64 -4 1 0 0.00 0.0 0 7.7 23 320 M M 2 31 270
13 80 50 65 -3 0 0 0.00 0.0 0 3.9 10 320 M M 0 15 330
14 85 55 70 2 0 5 0.00 0.0 0 5.8 13 200 M M 0 17 190
15 84 59 72 5 0 7 0.00 0.0 0 7.2 13 190 M M 0 19 200
16 85 61 73 6 0 8 0.00 0.0 0 7.0 15 200 M M 2 19 210
17 86 67 77 10 0 12 0.01 0.0 0 8.3 22 300 M M 4 28 310
18 88 65 77 11 0 12 2.74 0.0 0 10.8 31 360 M M 3 13 43 340
19 87 68 78 12 0 13 0.00 0.0 0 6.7 13 130 M M 2 1 17 140
20 94 71 83 17 0 18 0.00 0.0 0 8.5 20 230 M M 0 8 27 210
21 86 62 74 9 0 9 0.00 0.0 0 10.2 22 320 M M 3 27 310
22 68 52 60 -5 5 0 0.00 0.0 0 8.6 16 10 M M 0 23 10
23 57 51 54 -10 11 0 0.42 0.0 0 8.2 17 140 M M 7 1 24 150
24 82 49 66 2 0 1 0.00 0.0 0 6.3 15 240 M M 2 12 19 280
25 76 53 65 1 0 0 0.00 0.0 0 12.0 24 300 M M 1 36 320
26 69 48 59 -4 6 0 0.00 0.0 0 10.3 26 310 M M 0 8 38 310
27 70 46 58 -5 7 0 0.00 0.0 0 6.7 15 340 M M 2 8 21 20
28 64 38 51 -11 14 0 0.00 0.0 0 6.1 14 30 M M 0 19 20
29 67 42 55 -7 10 0 0.00 0.0 0 7.0 13 120 M M 0 18 80
30 71 45 58 -4 7 0 0.00 0.0 0 5.9 12 110 M M 0 16 110
================================================================================
SM 2379 1710 63 165 4.18 0.0 222.3 M 66
================================================================================
AV 79.3 57.0 7.4 FASTST M M 2 MAX(MPH)
MISC ----> 31 360 43 340
================================================================================
NOTES:
# LAST OF SEVERAL OCCURRENCES
COLUMN 17 PEAK WIND IN M.P.H.
PRELIMINARY LOCAL CLIMATOLOGICAL DATA (WS FORM: F-6) , PAGE 2
STATION: QUINCY IL
MONTH: SEPTEMBER
YEAR: 2022
LATITUDE: 39 57 N
LONGITUDE: 91 12 W
[TEMPERATURE DATA] [PRECIPITATION DATA] SYMBOLS USED IN COLUMN 16
AVERAGE MONTHLY: 68.2 TOTAL FOR MONTH: 4.18 1 = FOG OR MIST
DPTR FM NORMAL: 1.2 DPTR FM NORMAL: 1.09 2 = FOG REDUCING VISIBILITY
HIGHEST: 94 ON 20 GRTST 24HR 2.75 ON 17-18 TO 1/4 MILE OR LESS
LOWEST: 38 ON 28 3 = THUNDER
SNOW, ICE PELLETS, HAIL 4 = ICE PELLETS
TOTAL MONTH: 0.0 INCH 5 = HAIL
GRTST 24HR 0.0 6 = FREEZING RAIN OR DRIZZLE
GRTST DEPTH: 0 7 = DUSTSTORM OR SANDSTORM:
VSBY 1/2 MILE OR LESS
8 = SMOKE OR HAZE
[NO. OF DAYS WITH] [WEATHER - DAYS WITH] 9 = BLOWING SNOW
X = TORNADO
MAX 32 OR BELOW: 0 0.01 INCH OR MORE: 5
MAX 90 OR ABOVE: 1 0.10 INCH OR MORE: 3
MIN 32 OR BELOW: 0 0.50 INCH OR MORE: 2
MIN 0 OR BELOW: 0 1.00 INCH OR MORE: 2
[HDD (BASE 65) ]
TOTAL THIS MO. 63 CLEAR (SCALE 0-3) 24
DPTR FM NORMAL -10 PTCLDY (SCALE 4-7) 5
TOTAL FM JUL 1 63 CLOUDY (SCALE 8-10) 1
DPTR FM NORMAL -15
[CDD (BASE 65) ]
TOTAL THIS MO. 165
DPTR FM NORMAL 32 [PRESSURE DATA]
TOTAL FM JAN 1 1348 HIGHEST SLP 30.50 ON 28
DPTR FM NORMAL 219 LOWEST SLP 29.83 ON 24
[REMARKS]
#FINAL-09-22#