000
CXUS53 KLSX 011600
CF6UIN
PRELIMINARY LOCAL CLIMATOLOGICAL DATA (WS FORM: F-6)

                                          STATION:   QUINCY IL
                                          MONTH:     JUNE
                                          YEAR:      2016
                                          LATITUDE:   39 57 N
                                          LONGITUDE:  91 12 W

  TEMPERATURE IN F:       :PCPN:    SNOW:  WIND      :SUNSHINE: SKY     :PK WND
================================================================================
1   2   3   4   5  6A  6B    7    8   9   10  11  12  13   14  15   16   17  18
                                     12Z  AVG MX 2MIN
DY MAX MIN AVG DEP HDD CDD  WTR  SNW DPTH SPD SPD DIR MIN PSBL S-S WX    SPD DR
================================================================================

 1  81  66  74   6   0   9 0.14  0.0    0  4.9 13 330   M    M   2 13     15  10
 2  83  60  72   4   0   7 0.00  0.0    0  3.7 13 330   M    M   0        16 330
 3  83  61  72   4   0   7 0.00  0.0    0  6.8 17 190   M    M   1        21 180
 4  83  64  74   5   0   9    T  0.0    0  9.2 17 310   M    M   4 1      23 300
 5  81  61  71   2   0   6 0.00  0.0    0 10.7 20 310   M    M   2        25 320
 6  87  61  74   5   0   9 0.00  0.0    0 12.9 25 310   M    M   0        33 290
 7  76  54  65  -5   0   0 0.00  0.0    0  8.6 20 330   M    M   0        26 340
 8  81  52  67  -3   0   2 0.00  0.0    0  5.0 10 200   M    M   0        14 210
 9  92  64  78   8   0  13 0.00  0.0    0  9.9 20 200   M    M   0        25 200
10  93  71  82  11   0  17 0.00  0.0    0 10.2 20 210   M    M   0        25 220
11  93  69  81  10   0  16 0.00  0.0    0  7.9 16 230   M    M   1        21 250
12  93  72  83  12   0  18 0.07  0.0    0  6.2 33  80   M    M   4 3      42  80
13  92  68  80   8   0  15 0.00  0.0    0  6.1 12 230   M    M   2        15 220
14  93  72  83  11   0  18 0.00  0.0    0  8.6 17 190   M    M   3        22 200
15  97  74  86  14   0  21 0.19  0.0    0  7.7 17 280   M    M   1 13     21 250
16  91  70  81   9   0  16 0.00  0.0    0  6.1 13  60   M    M   0 8      17  60
17  85  65  75   2   0  10 0.00  0.0    0  7.9 16  70   M    M   0        20  90
18  88  62  75   2   0  10 0.00  0.0    0  7.8 16 110   M    M   0        20  70
19  92  66  79   6   0  14 0.00  0.0    0  8.1 16 190   M    M   1        20 190
20  95  71  83   9   0  18 0.17  0.0    0 10.5 22 220   M    M   2 13     29 220
21  85  69  77   3   0  12    T  0.0    0  4.3 14 150   M    M   5 3      16 160
22  96  71  84  10   0  19 0.00  0.0    0 13.5 24  50   M    M   1        31 210
23  90  66  78   4   0  13 0.00  0.0    0  9.2 18 320   M    M   1        22 320
24  88  61  75   1   0  10 0.00  0.0    0  4.8  9 100   M    M   0 1       M  M
25  93  71  82   7   0  17 0.00  0.0    0  8.7 20 160   M    M   1        26 160
26  92  70  81   6   0  16 0.04  0.0    0  5.8 18 330   M    M   1 123    23 330
27  94  65  80   5   0  15 0.00  0.0    0  3.5 12 330   M    M   2 123    15 310
28  84  62  73  -2   0   8 0.00  0.0    0  8.2 15  40   M    M   2        20  10
29  80  58  69  -6   0   4 0.00  0.0    0  5.2 12 130   M    M   1        14 120
30  83  63  73  -3   0   8 0.41  0.0    0  8.1 25 360   M    M   3 1      33  20
================================================================================
SM 2644 1959         0 357  1.02     0.0 230.1          M       40
================================================================================
AV 88.1 65.3                               7.7 FASTST   M    M   1    MAX(MPH)
                                 MISC ---->  # 33  80               # 42   80
================================================================================
NOTES:
# LAST OF SEVERAL OCCURRENCES

COLUMN 17 PEAK WIND IN M.P.H.

PRELIMINARY LOCAL CLIMATOLOGICAL DATA (WS FORM: F-6) , PAGE 2

                                          STATION:  QUINCY IL
                                          MONTH:    JUNE
                                          YEAR:     2016
                                          LATITUDE:   39 57 N
                                          LONGITUDE:  91 12 W

[TEMPERATURE DATA]      [PRECIPITATION DATA]       SYMBOLS USED IN COLUMN 16

AVERAGE MONTHLY: 76.7   TOTAL FOR MONTH:   1.02    1 = FOG OR MIST
DPTR FM NORMAL:   4.6   DPTR FM NORMAL:   -2.97    2 = FOG REDUCING VISIBILITY
HIGHEST:    97 ON 15    GRTST 24HR  0.41 ON 30-30      TO 1/4 MILE OR LESS
LOWEST:     52 ON  8                               3 = THUNDER
                        SNOW, ICE PELLETS, HAIL    4 = ICE PELLETS
                        TOTAL MONTH:   0.0 INCH    5 = HAIL
                        GRTST 24HR     0.0         6 = FREEZING RAIN OR DRIZZLE
                        GRTST DEPTH:   0           7 = DUSTSTORM OR SANDSTORM:
                                                       VSBY 1/2 MILE OR LESS
                                                   8 = SMOKE OR HAZE
[NO. OF DAYS WITH]      [WEATHER - DAYS WITH]      9 = BLOWING SNOW
                                                   X = TORNADO
MAX 32 OR BELOW:   0    0.01 INCH OR MORE:   6
MAX 90 OR ABOVE:  15    0.10 INCH OR MORE:   4
MIN 32 OR BELOW:   0    0.50 INCH OR MORE:   0
MIN  0 OR BELOW:   0    1.00 INCH OR MORE:   0

[HDD (BASE 65) ]
TOTAL THIS MO.     0    CLEAR  (SCALE 0-3)  27
DPTR FM NORMAL   -16    PTCLDY (SCALE 4-7)   3
TOTAL FM JUL 1  4592    CLOUDY (SCALE 8-10)  0
DPTR FM NORMAL  -990

[CDD (BASE 65) ]
TOTAL THIS MO.   357
DPTR FM NORMAL   130    [PRESSURE DATA]
TOTAL FM JAN 1   461    HIGHEST SLP 30.21 ON 19
DPTR FM NORMAL   148    LOWEST  SLP 29.68 ON 14

[REMARKS]
#FINAL-06-16#
