000
CXUS53 KLSX 011600
CF6UIN
PRELIMINARY LOCAL CLIMATOLOGICAL DATA (WS FORM: F-6)

                                          STATION:   QUINCY IL
                                          MONTH:     MARCH
                                          YEAR:      2014
                                          LATITUDE:   39 57 N
                                          LONGITUDE:  91 12 W

  TEMPERATURE IN F:       :PCPN:    SNOW:  WIND      :SUNSHINE: SKY     :PK WND
================================================================================
1   2   3   4   5  6A  6B    7    8   9   10  11  12  13   14  15   16   17  18
                                     12Z  AVG MX 2MIN
DY MAX MIN AVG DEP HDD CDD  WTR  SNW DPTH SPD SPD DIR MIN PSBL S-S WX    SPD DR
================================================================================

 1  38  12  25 -11  40   0 0.01    M    0 13.8 21  10   M    M  10 18     24  10
 2  12  -1   6 -30  59   0    M    M    M 15.3 21 350   M    M   6 89     25 360
 3  16  -9   4 -33  61   0 0.00  0.0    M  5.4 17 350   M    M   0        20 350
 4  36  10  23 -14  42   0 0.00  0.0    M  6.8 14 190   M    M   1        16 190
 5  37  24  31  -7  34   0 0.00  0.0    M 11.4 20  70   M    M   2 8      24  70
 6  42  21  32  -6  33   0 0.00  0.0    M  6.3 13 110   M    M   3 18     16 100
 7  58  30  44   6  21   0 0.00  0.0    M  9.6 16  10   M    M   0 18     21 220
 8  36  28  32  -7  33   0 0.01  0.0    0  9.0 16  10   M    M   9 18     20  10
 9  52  23  38  -1  27   0 0.00  0.0    0 10.0 22 210   M    M   0 18     26 190
10  63  41  52  12  13   0 0.00  0.0    0  9.3 21 240   M    M   0        24 240
11  71  33  52  12  13   0 0.18    M    0 13.4 33  30   M    M   2 18     39  20
12  39  27  33  -7  32   0 0.01    M    0 17.0 28 350   M    M   7 1      35 330
13  59  24  42   1  23   0 0.00  0.0    0  8.5 18 200   M    M   1        23 210
14  61  36  49   8  16   0 0.00  0.0    0 14.7 30 290   M    M   0        38 280
15  61  31  46   4  19   0 0.00  0.0    0 11.2 26  50   M    M   0        36  50
16  37  17  27 -15  38   0    T    M    M 17.9 29  50   M    M   6 1      37  50
17  44  14  29 -13  36   0 0.00  0.0    0  6.9 13 180   M    M   0        18 190
18  60  30  45   2  20   0    T  0.0    0 14.3 26 140   M    M   2        38 140
19  50  27  39  -4  26   0    T  0.0    0 13.9 28 310   M    M   6 18     34 300
20  64  28  46   2  19   0 0.00  0.0    0  7.2 18  90   M    M   3        22  90
21  68  31  50   6  15   0 0.00  0.0    0 12.5 26 320   M    M   1        33 340
22  42  28  35  -9  30   0 0.00  0.0    0 14.9 22 340   M    M   7        26 340
23  37  21  29 -16  36   0 0.00  0.0    0 10.5 18 350   M    M   2        23 350
24  39  23  31 -14  34   0 0.00  0.0    0  5.6 21 300   M    M   7        25 290
25  35  20  28 -18  37   0    T    M    M 13.1 28 330   M    M   4 1      35 320
26  49  18  34 -12  31   0 0.03  0.0    0 12.9 24 200   M    M   2        36 180
27  56  38  47   1  18   0 0.44  0.0    0 17.3 26 250   M    M   9 13     34 260
28  45  37  41  -6  24   0 0.00  0.0    0  8.6 22 270   M    M  10 8      31 250
29  48  34  41  -6  24   0 0.00  0.0    0  8.5 15 320   M    M   7 8      22 340
30  65  30  48   1  17   0 0.00  0.0    0 11.0 18 180   M    M   0 18     24 190
31  70  46  58  10   7   0    T  0.0    0 17.2 35 200   M    M   2        42 200
================================================================================
SM 1490  772       878   0  0.68     0.0 354.0          M      109
================================================================================
AV 48.1 24.9                              11.4 FASTST   M    M   4    MAX(MPH)
                                 MISC ---->  # 35 200               # 42  200
================================================================================
NOTES:
# LAST OF SEVERAL OCCURRENCES

COLUMN 17 PEAK WIND IN M.P.H.

PRELIMINARY LOCAL CLIMATOLOGICAL DATA (WS FORM: F-6) , PAGE 2

                                          STATION:  QUINCY IL
                                          MONTH:    MARCH
                                          YEAR:     2014
                                          LATITUDE:   39 57 N
                                          LONGITUDE:  91 12 W

[TEMPERATURE DATA]      [PRECIPITATION DATA]       SYMBOLS USED IN COLUMN 16

AVERAGE MONTHLY: 36.5   TOTAL FOR MONTH:   0.68    1 = FOG OR MIST
DPTR FM NORMAL:  -5.4   DPTR FM NORMAL:   -1.78    2 = FOG REDUCING VISIBILITY
HIGHEST:    71 ON 11    GRTST 24HR  0.44 ON 27-27      TO 1/4 MILE OR LESS
LOWEST:     -9 ON  3                               3 = THUNDER
                        SNOW, ICE PELLETS, HAIL    4 = ICE PELLETS
                        TOTAL MONTH:   0.0 INCH    5 = HAIL
                        GRTST 24HR     0.0         6 = FREEZING RAIN OR DRIZZLE
                        GRTST DEPTH:   0           7 = DUSTSTORM OR SANDSTORM:
                                                       VSBY 1/2 MILE OR LESS
                                                   8 = SMOKE OR HAZE
[NO. OF DAYS WITH]      [WEATHER - DAYS WITH]      9 = BLOWING SNOW
                                                   X = TORNADO
MAX 32 OR BELOW:   2    0.01 INCH OR MORE:   6
MAX 90 OR ABOVE:   0    0.10 INCH OR MORE:   2
MIN 32 OR BELOW:  24    0.50 INCH OR MORE:   0
MIN  0 OR BELOW:   2    1.00 INCH OR MORE:   0

[HDD (BASE 65) ]
TOTAL THIS MO.   878    CLEAR  (SCALE 0-3)  19
DPTR FM NORMAL   160    PTCLDY (SCALE 4-7)   8
TOTAL FM JUL 1  5772    CLOUDY (SCALE 8-10)  4
DPTR FM NORMAL   712

[CDD (BASE 65) ]
TOTAL THIS MO.     0
DPTR FM NORMAL    -2    [PRESSURE DATA]
TOTAL FM JAN 1     0    HIGHEST SLP 30.59 ON  3
DPTR FM NORMAL    -2    LOWEST  SLP 29.43 ON 27

[REMARKS]
#FINAL-03-14#
