000
CXUS53 KLSX 041705 CCB
CF6UIN

PRELIMINARY LOCAL CLIMATOLOGICAL DATA (WS FORM: F-6)

                                          STATION:   QUINCY IL
                                          MONTH:     JANUARY
                                          YEAR:      2016
                                          LATITUDE:   39 57 N
                                          LONGITUDE:  91 12 W

  TEMPERATURE IN F:       :PCPN:    SNOW:  WIND      :SUNSHINE: SKY     :PK WND
================================================================================
1   2   3   4   5  6A  6B    7    8   9   10  11  12  13   14  15   16   17  18
                                     12Z  AVG MX 2MIN
DY MAX MIN AVG DEP HDD CDD  WTR  SNW DPTH SPD SPD DIR MIN PSBL S-S WX    SPD DR
================================================================================

 1  37  22  30   3  35   0 0.00  0.0    0 11.8 22 250   M    M   0        26 260
 2  39  23  31   4  34   0 0.00  0.0    0  9.4 15 240   M    M   0        19 250
 3  31  22  27   0  38   0 0.00  0.0    0 11.3 17  10   M    M   4        23 360
 4  35  21  28   1  37   0 0.00  0.0    0  6.7 13 340   M    M   4        17 320
 5  38  20  29   3  36   0 0.00  0.0    0  8.6 20 190   M    M   0        25 180
 6  39  27  33   7  32   0    T    M    0  8.1 13 190   M    M   5 4      20 190
 7  43  36  40  14  25   0 0.13  0.0    0  8.9 15 120   M    M  10 1      19 130
 8  48  37  43  17  22   0 0.07  0.0    0  9.2 16 250   M    M  10 1      22 260
 9  37   4  21  -5  44   0    M    M    0 17.4 30 310   M    M  10 1289   37 320
10  13   0   7 -19  58   0 0.00  0.0    M 13.6 28 310   M    M   1 8      33 310
11  33   8  21  -5  44   0 0.00  0.0    M 11.2 28 280   M    M   7        35 290
12  33   6  20  -6  45   0    T    M    M 13.0 36 330   M    M   3 189    44 290
13  37   5  21  -5  44   0 0.00  0.0    M  9.9 17 210   M    M   3        23 210
14  52  30  41  15  24   0 0.00  0.0    M 13.2 22 200   M    M   0        29 200
15  46  25  36  10  29   0 0.00  0.0    0 15.4 24 310   M    M   8 18     31 290
16  28  18  23  -3  42   0 0.00  0.0    0 11.1 20 310   M    M   5        23 310
17  18   1  10 -16  55   0    T    M    0 13.0 22 320   M    M   3 1      28 330
18  12  -2   5 -21  60   0 0.00  0.0    0  8.1 17 300   M    M   5        21 300
19  21   6  14 -12  51   0 0.20    M    M  7.1 14 110   M    M   7 1      17 110
20  21  10  16 -10  49   0    T    M    M  4.1 12 110   M    M   5 128    14 110
21  25   9  17  -9  48   0 0.00  0.0    M  9.3 16  70   M    M   5 1      18  70
22  25  17  21  -5  44   0 0.00  0.0    M 12.1 17  10   M    M   6 18     20  10
23  29  10  20  -6  45   0 0.00  0.0    M  6.3 12 170   M    M   2 12     13 160
24  42  20  31   4  34   0 0.00  0.0    0  9.2 14 210   M    M   0        18 200
25  47  33  40  13  25   0    T    M    0 12.4 26 280   M    M   7 1      34 240
26  33  29  31   4  34   0 0.00  0.0    0 13.6 25 290   M    M  10        35 290
27  39  26  33   6  32   0 0.00  0.0    0  9.8 20 210   M    M   5        23 210
28  46  30  38  11  27   0 0.00  0.0    0 12.0 22 320   M    M   5        26 320
29  46  24  35   8  30   0 0.00  0.0    0  9.6 18 190   M    M   2        24 190
30  52  35  44  17  21   0 0.00  0.0    0  5.6 15 190   M    M   0        21 190
31  52  33  43  16  22   0 0.00  0.0    0  9.4 23 310   M    M   1        27 310
================================================================================
SM 1097  585      1166   0  0.40     0.0 320.4          M      133
================================================================================
AV 35.4 18.9                              10.3 FASTST   M    M   4    MAX(MPH)
                                 MISC ---->  # 36 330               # 44  290
================================================================================
NOTES:
# LAST OF SEVERAL OCCURRENCES

COLUMN 17 PEAK WIND IN M.P.H.

PRELIMINARY LOCAL CLIMATOLOGICAL DATA (WS FORM: F-6) , PAGE 2

                                          STATION:  QUINCY IL
                                          MONTH:    JANUARY
                                          YEAR:     2016
                                          LATITUDE:   39 57 N
                                          LONGITUDE:  91 12 W

[TEMPERATURE DATA]      [PRECIPITATION DATA]       SYMBOLS USED IN COLUMN 16

AVERAGE MONTHLY: 27.1   TOTAL FOR MONTH:   0.40    1 = FOG OR MIST
DPTR FM NORMAL:   0.6   DPTR FM NORMAL:   -1.12    2 = FOG REDUCING VISIBILITY
HIGHEST:    52 ON 31,30 GRTST 24HR  0.20 ON 19         TO 1/4 MILE OR LESS
LOWEST:     -2 ON 18                               3 = THUNDER
                        SNOW, ICE PELLETS, HAIL    4 = ICE PELLETS
                        TOTAL MONTH:     M         5 = HAIL
                        GRTST 24HR       M         6 = FREEZING RAIN OR DRIZZLE
                        GRTST DEPTH:     M         7 = DUSTSTORM OR SANDSTORM:
                                                       VSBY 1/2 MILE OR LESS
                                                   8 = SMOKE OR HAZE
[NO. OF DAYS WITH]      [WEATHER - DAYS WITH]      9 = BLOWING SNOW
                                                   X = TORNADO
MAX 32 OR BELOW:  10    0.01 INCH OR MORE:   3
MAX 90 OR ABOVE:   0    0.10 INCH OR MORE:   2
MIN 32 OR BELOW:  26    0.50 INCH OR MORE:   0
MIN  0 OR BELOW:   2    1.00 INCH OR MORE:   0

[HDD (BASE 65) ]
TOTAL THIS MO.  1166    CLEAR  (SCALE 0-3)  13
DPTR FM NORMAL   -29    PTCLDY (SCALE 4-7)  13
TOTAL FM JUL 1  2727    CLOUDY (SCALE 8-10)  5
DPTR FM NORMAL  -659

[CDD (BASE 65) ]
TOTAL THIS MO.     0
DPTR FM NORMAL     0    [PRESSURE DATA]
TOTAL FM JAN 1     0    HIGHEST SLP 30.55 ON  4
DPTR FM NORMAL     0    LOWEST  SLP 29.44 ON 15

[REMARKS]
#FINAL-01-16#
