000
CXUS53 KLSX 021639 CCA
CF6UIN

PRELIMINARY LOCAL CLIMATOLOGICAL DATA (WS FORM: F-6)

                                          STATION:   QUINCY IL
                                          MONTH:     JUNE
                                          YEAR:      2014
                                          LATITUDE:   39 57 N
                                          LONGITUDE:  91 12 W

  TEMPERATURE IN F:       :PCPN:    SNOW:  WIND      :SUNSHINE: SKY     :PK WND
================================================================================
1   2   3   4   5  6A  6B    7    8   9   10  11  12  13   14  15   16   17  18
                                     12Z  AVG MX 2MIN
DY MAX MIN AVG DEP HDD CDD  WTR  SNW DPTH SPD SPD DIR MIN PSBL S-S WX    SPD DR
================================================================================

 1  88  69  79  11   0  14 0.08  0.0    0 11.2 21 180   M    M   2 138    27 190
 2  85  72  79  11   0  14 0.00  0.0    0 12.6 28 240   M    M   2        39 240
 3  89  66  78  10   0  13 1.88  0.0    0  6.4 53 320   M    M   1 123    62 330
 4  80  65  73   4   0   8 1.23  0.0    0 10.6 23 330   M    M   6 13     28 330
 5  74  62  68  -1   0   3 0.00  0.0    0  7.9 23 120   M    M   5        29 120
 6  81  59  70   1   0   5 0.00  0.0    0  3.4 10 200   M    M   2        13 150
 7  73  61  67  -3   0   2 0.96  0.0    0 10.9 30  10   M    M   6 138    38  10
 8  74  58  66  -4   0   1 0.00  0.0    0  7.0 13 360   M    M   5 18     16 340
 9  78  57  68  -2   0   3 0.05  0.0    0 10.2 21 100   M    M   3        25 100
10  68  60  64  -7   1   0 0.11  0.0    0 12.2 26  80   M    M  10 1      34  80
11  73  62  68  -3   0   3 0.00  0.0    0  7.1 14 310   M    M   8 18     16 300
12  75  57  66  -5   0   1 0.04  0.0    0  7.7 20 290   M    M   3 1      27 290
13  74  50  62 -10   3   0 0.00  0.0    0  4.7 15  40   M    M   0        17  40
14  78  55  67  -5   0   2 0.00  0.0    0 11.7 22 150   M    M   0        30 140
15  83  63  73   1   0   8 0.00  0.0    0 11.3 22 220   M    M   2        28 220
16  87  67  77   5   0  12 0.29  0.0    0  9.6 21 200   M    M   2 138    29 190
17  88  69  79   6   0  14 0.01  0.0    0 12.2 25 200   M    M   2 3      32 210
18  90  74  82   9   0  17 0.00  0.0    0 11.2 21 190   M    M   1 8      26 190
19  90  70  80   7   0  15 1.69  0.0    0  8.5 28 180   M    M   3 13     37 170
20  87  70  79   5   0  14 0.00  0.0    0  4.0 13 330   M    M   3 1      15 350
21  90  67  79   5   0  14 0.77  0.0    0  7.7 52 200   M    M   1 13     70 210
22  84  66  75   1   0  10 0.38  0.0    0  7.4 28 290   M    M   3 13     33 230
23  81  67  74   0   0   9 0.23  0.0    0  4.8 12 330   M    M   5 13     15 160
24  83  67  75   1   0  10 0.00  0.0    0  7.5 16 300   M    M   0 1      19 290
25  85  64  75   0   0  10 0.00  0.0    0  3.2  9 330   M    M   0 1      12 320
26  86  68  77   2   0  12 0.00  0.0    0  7.0 15 190   M    M   1        18 200
27  87  70  79   4   0  14 0.25  0.0    0  9.3 20 170   M    M   2 38     26 190
28  85  69  77   2   0  12 0.13  0.0    0 11.4 23 240   M    M   3 13     33 160
29  87  66  77   2   0  12 0.00  0.0    0 10.1 21 190   M    M   3        29 180
30  89  71  80   4   0  15 0.05  0.0    0 12.6 24 180   M    M   3 138    35 190
================================================================================
SM 2472 1941         4 267  8.15     0.0 261.4          M       87
================================================================================
AV 82.4 64.7                               8.7 FASTST   M    M   3    MAX(MPH)
                                 MISC ---->  # 53 320               # 70  210
================================================================================
NOTES:
# LAST OF SEVERAL OCCURRENCES

COLUMN 17 PEAK WIND IN M.P.H.

PRELIMINARY LOCAL CLIMATOLOGICAL DATA (WS FORM: F-6) , PAGE 2

                                          STATION:  QUINCY IL
                                          MONTH:    JUNE
                                          YEAR:     2014
                                          LATITUDE:   39 57 N
                                          LONGITUDE:  91 12 W

[TEMPERATURE DATA]      [PRECIPITATION DATA]       SYMBOLS USED IN COLUMN 16

AVERAGE MONTHLY: 73.6   TOTAL FOR MONTH:   8.15    1 = FOG OR MIST
DPTR FM NORMAL:   1.5   DPTR FM NORMAL:    4.16    2 = FOG REDUCING VISIBILITY
HIGHEST:    90 ON 21,19 GRTST 24HR  3.11 ON  3-4       TO 1/4 MILE OR LESS
LOWEST:     50 ON 13                               3 = THUNDER
                        SNOW, ICE PELLETS, HAIL    4 = ICE PELLETS
                        TOTAL MONTH:   0.0 INCH    5 = HAIL
                        GRTST 24HR     0.0         6 = FREEZING RAIN OR DRIZZLE
                        GRTST DEPTH:   0           7 = DUSTSTORM OR SANDSTORM:
                                                       VSBY 1/2 MILE OR LESS
                                                   8 = SMOKE OR HAZE
[NO. OF DAYS WITH]      [WEATHER - DAYS WITH]      9 = BLOWING SNOW
                                                   X = TORNADO
MAX 32 OR BELOW:   0    0.01 INCH OR MORE:  16
MAX 90 OR ABOVE:   3    0.10 INCH OR MORE:  11
MIN 32 OR BELOW:   0    0.50 INCH OR MORE:   5
MIN  0 OR BELOW:   0    1.00 INCH OR MORE:   3

[HDD (BASE 65) ]
TOTAL THIS MO.     4    CLEAR  (SCALE 0-3)  23
DPTR FM NORMAL   -12    PTCLDY (SCALE 4-7)   5
TOTAL FM JUL 1  6255    CLOUDY (SCALE 8-10)  2
DPTR FM NORMAL   673

[CDD (BASE 65) ]
TOTAL THIS MO.   267
DPTR FM NORMAL    40    [PRESSURE DATA]
TOTAL FM JAN 1   410    HIGHEST SLP 30.09 ON 13
DPTR FM NORMAL    97    LOWEST  SLP 29.57 ON  4

[REMARKS]
#FINAL-06-14#
