000
CXUS53 KLSX 311601
CF6UIN
PRELIMINARY LOCAL CLIMATOLOGICAL DATA (WS FORM: F-6)

                                          STATION:   QUINCY IL
                                          MONTH:     DECEMBER
                                          YEAR:      2012
                                          LATITUDE:   39 57 N
                                          LONGITUDE:  91 12 W

  TEMPERATURE IN F:       :PCPN:    SNOW:  WIND      :SUNSHINE: SKY     :PK WND
================================================================================
1   2   3   4   5  6A  6B    7    8   9   10  11  12  13   14  15   16   17  18
                                     12Z  AVG MX 2MIN
DY MAX MIN AVG DEP HDD CDD  WTR  SNW DPTH SPD SPD DIR MIN PSBL S-S WX    SPD DR
================================================================================

 1  64  42  53  18  12   0 0.00  0.0    0 10.1 18 170   M    M   6 18     29 180
 2  62  49  56  22   9   0 0.00  0.0    0  5.9 14 190   M    M   8 12     17 190
 3  74  53  64  30   1   0 0.06  0.0    0 13.9 28 210   M    M   5        38 200
 4  58  38  48  15  17   0    T  0.0    0  6.6 17  10   M    M   0        21 360
 5  48  30  39   6  26   0 0.00  0.0    0  8.0 14 130   M    M   0        16 130
 6  51  36  44  11  21   0 0.06  0.0    0  6.9 13 160   M    M   3 1      16 170
 7  47  41  44  12  21   0 0.04  0.0    0  6.8 12  40   M    M  10 12     14  40
 8  42  37  40   8  25   0 0.02  0.0    0  8.1 15 110   M    M   9 12     20 100
 9  44  26  35   4  30   0 0.01  0.0    0 10.5 24 290   M    M   9 1      30 290
10  30  19  25  -6  40   0 0.00  0.0    0 10.9 23 290   M    M   9        28 290
11  39  18  29  -2  36   0 0.00  0.0    0  7.4 14 240   M    M   0        18 240
12  49  25  37   7  28   0 0.00  0.0    0  8.7 20 200   M    M   0        23 200
13  53  31  42  12  23   0 0.00  0.0    0 10.1 21 210   M    M   0        25 200
14  53  33  43  13  22   0 0.11  0.0    0  9.2 16 160   M    M   2        23 180
15  53  42  48  18  17   0 0.57  0.0    0 12.7 24 160   M    M  10 1      32 160
16  49  38  44  15  21   0 0.00  0.0    0  7.1 16 270   M    M  10        22 280
17  38  28  33   4  32   0    T  0.0    0  4.4 10 300   M    M   8 18     13 300
18  55  28  42  13  23   0 0.00  0.0    0 12.6 25 280   M    M   2 18     32 280
19  42  30  36   7  29   0 0.13    M    0  9.2 23 110   M    M   7 138    30 110
20  45  22  34   6  31   0 0.36    M    0 23.1 44 300   M    M   8 12389  53 300
21  29  17  23  -5  42   0 0.00  0.0    M 13.1 28 300   M    M   0        35 300
22  39  12  26  -2  39   0 0.00  0.0    M  5.1 13 170   M    M   0        15 170
23  33  20  27  -1  38   0 0.00  0.0    M  6.6 10  20   M    M   0 18     13  40
24  26  20  23  -5  42   0 0.00  0.0    M 11.8 21 310   M    M   9 18     24 310
25  26  19  23  -5  42   0 0.00  0.0    M 14.0 24  10   M    M   7        28  10
26  27  19  23  -4  42   0 0.00  0.0    M 13.1 21 330   M    M   9        25  10
27  31  15  23  -4  42   0 0.00  0.0    M  6.9 15 130   M    M   5 1      20 140
28  32  24  28   1  37   0 0.00  0.0    M  5.3 14 130   M    M   9 18     18 130
29  29  16  23  -4  42   0    T    M    0 11.5 22 300   M    M   6 18     26 300
30  41  16  29   2  36   0 0.00  0.0    0 10.2 18 200   M    M   0        23 200
================================================================================
SM 1309  844       866   0  1.36     0.0 289.8          M      151
================================================================================
AV 43.6 28.1                               9.7 FASTST   M    M   5    MAX(MPH)
                                 MISC ---->  # 44 300               # 53  300
================================================================================
NOTES:
# LAST OF SEVERAL OCCURRENCES

COLUMN 17 PEAK WIND IN M.P.H.

PRELIMINARY LOCAL CLIMATOLOGICAL DATA (WS FORM: F-6) , PAGE 2

                                          STATION:  QUINCY IL
                                          MONTH:    DECEMBER
                                          YEAR:     2012
                                          LATITUDE:   39 57 N
                                          LONGITUDE:  91 12 W

[TEMPERATURE DATA]      [PRECIPITATION DATA]       SYMBOLS USED IN COLUMN 16

AVERAGE MONTHLY: 35.9   TOTAL FOR MONTH:   1.36    1 = FOG OR MIST
DPTR FM NORMAL:   6.0   DPTR FM NORMAL:   -0.83    2 = FOG REDUCING VISIBILITY
HIGHEST:    74 ON  3    GRTST 24HR  0.68 ON 14-15      TO 1/4 MILE OR LESS
LOWEST:     12 ON 22                               3 = THUNDER
                        SNOW, ICE PELLETS, HAIL    4 = ICE PELLETS
                        TOTAL MONTH:   0.0 INCH    5 = HAIL
                        GRTST 24HR     0.0         6 = FREEZING RAIN OR DRIZZLE
                        GRTST DEPTH:   0           7 = DUSTSTORM OR SANDSTORM:
                                                       VSBY 1/2 MILE OR LESS
                                                   8 = SMOKE OR HAZE
[NO. OF DAYS WITH]      [WEATHER - DAYS WITH]      9 = BLOWING SNOW
                                                   X = TORNADO
MAX 32 OR BELOW:   8    0.01 INCH OR MORE:   9
MAX 90 OR ABOVE:   0    0.10 INCH OR MORE:   4
MIN 32 OR BELOW:  20    0.50 INCH OR MORE:   1
MIN  0 OR BELOW:   0    1.00 INCH OR MORE:   0

[HDD (BASE 65) ]
TOTAL THIS MO.   866    CLEAR  (SCALE 0-3)  12
DPTR FM NORMAL  -187    PTCLDY (SCALE 4-7)   7
TOTAL FM JUL 1  2011    CLOUDY (SCALE 8-10) 11
DPTR FM NORMAL  -142

[CDD (BASE 65) ]
TOTAL THIS MO.     0
DPTR FM NORMAL     0    [PRESSURE DATA]
TOTAL FM JAN 1  1575    HIGHEST SLP M ON M
DPTR FM NORMAL   481    LOWEST  SLP 29.24 ON 20

[REMARKS]
