000
CXUS53 KLSX 011600
CF6UIN
PRELIMINARY LOCAL CLIMATOLOGICAL DATA (WS FORM: F-6)

                                          STATION:   QUINCY IL
                                          MONTH:     SEPTEMBER
                                          YEAR:      2012
                                          LATITUDE:   39 57 N
                                          LONGITUDE:  91 12 W

  TEMPERATURE IN F:       :PCPN:    SNOW:  WIND      :SUNSHINE: SKY     :PK WND
================================================================================
1   2   3   4   5  6A  6B    7    8   9   10  11  12  13   14  15   16   17  18
                                     12Z  AVG MX 2MIN
DY MAX MIN AVG DEP HDD CDD  WTR  SNW DPTH SPD SPD DIR MIN PSBL S-S WX    SPD DR
================================================================================

 1  79  72  76   4   0  11 1.00  0.0    0  7.9 21  80   M    M  10 1      29  70
 2  85  70  78   6   0  13 0.02  0.0    0  8.9 16 350   M    M   6 1      20 360
 3  91  68  80   9   0  15 0.00  0.0    0  4.6 10  40   M    M   2 128    15 290
 4  92  73  83  12   0  18 0.00  0.0    0  3.8 12 260   M    M   0 8      15 240
 5  87  65  76   5   0  11 0.05  0.0    0  9.6 43  20   M    M   0 138    66  10
 6  88  67  78   8   0  13 0.00  0.0    0  5.1 12  30   M    M   0 8      14  30
 7  85  57  71   1   0   6 0.09  0.0    0  9.9 31 350   M    M   3 13     36 350
 8  74  51  63  -7   2   0 0.00  0.0    0  9.9 21 330   M    M   0        25 330
 9  73  53  63  -6   2   0 0.00  0.0    0  7.9 16 330   M    M   1        21 340
10  78  51  65  -4   0   0 0.00  0.0    0  5.8 14 200   M    M   0        20 160
11  85  56  71   3   0   6 0.00  0.0    0  8.6 17 190   M    M   0        21 180
12  85  63  74   6   0   9 0.00  0.0    0  8.1 17 170   M    M   0        25 150
13  68  52  60  -8   5   0 0.17  0.0    0 11.1 23  20   M    M   8 1      29  20
14  70  50  60  -7   5   0 0.01  0.0    0  5.0 13  30   M    M   2 1      16  30
15  74  49  62  -5   3   0 0.00  0.0    0  4.7 13 170   M    M   0        20 160
16  77  48  63  -3   2   0 0.00  0.0    0  4.1 12 170   M    M   2 18     16 200
17  77  50  64  -2   1   0 0.04  0.0    0  6.8 26 330   M    M   6 12     35 330
18  65  44  55 -10  10   0 0.00  0.0    0  6.9 17 330   M    M   1        24 320
19  77  44  61  -4   4   0 0.00  0.0    0 13.3 28 200   M    M   0        36 190
20  74  50  62  -3   3   0 0.00  0.0    0  6.6 20 300   M    M   1 8      26 310
21  81  46  64   0   1   0 0.00  0.0    0  8.8 22 310   M    M   3        29 310
22  63  44  54 -10  11   0 0.00  0.0    0  9.2 23 330   M    M   0        28 350
23  66  38  52 -11  13   0 0.00  0.0    0  5.3 17 330   M    M   0        22 320
24  72  42  57  -6   8   0 0.00  0.0    0  8.1 17 200   M    M   0        24 200
25  79  57  68   6   0   3 0.80  0.0    0  6.2 14 210   M    M   3 13     18 220
26  69  59  64   2   1   0 0.75  0.0    0  5.8 14 300   M    M   7 13     18 290
27  73  53  63   1   2   0 0.00  0.0    0  6.3 14  60   M    M   5 128    17  60
28  71  47  59  -2   6   0 0.00  0.0    0  4.9 14  50   M    M   1        17  50
29  76  45  61   0   4   0 0.00  0.0    0  4.6  9 240   M    M   0 8      12 330
30  76  49  63   3   2   0 0.00  0.0    0  5.0  9 130   M    M   0 8      14  80
================================================================================
SM 2310 1613        85 105  2.93     0.0 212.8          M       61
================================================================================
AV 77.0 53.8                               7.1 FASTST   M    M   2    MAX(MPH)
                                 MISC ---->  # 43  20               # 66   10
================================================================================
NOTES:
# LAST OF SEVERAL OCCURRENCES

COLUMN 17 PEAK WIND IN M.P.H.

PRELIMINARY LOCAL CLIMATOLOGICAL DATA (WS FORM: F-6) , PAGE 2

                                          STATION:  QUINCY IL
                                          MONTH:    SEPTEMBER
                                          YEAR:     2012
                                          LATITUDE:   39 57 N
                                          LONGITUDE:  91 12 W

[TEMPERATURE DATA]      [PRECIPITATION DATA]       SYMBOLS USED IN COLUMN 16

AVERAGE MONTHLY: 65.4   TOTAL FOR MONTH:   2.93    1 = FOG OR MIST
DPTR FM NORMAL:  -1.0   DPTR FM NORMAL:   -0.37    2 = FOG REDUCING VISIBILITY
HIGHEST:    92 ON  4    GRTST 24HR  1.11 ON 31- 1      TO 1/4 MILE OR LESS
LOWEST:     38 ON 23                               3 = THUNDER
                        SNOW, ICE PELLETS, HAIL    4 = ICE PELLETS
                        TOTAL MONTH:   0.0 INCH    5 = HAIL
                        GRTST 24HR     0.0         6 = FREEZING RAIN OR DRIZZLE
                        GRTST DEPTH:   0           7 = DUSTSTORM OR SANDSTORM:
                                                       VSBY 1/2 MILE OR LESS
                                                   8 = SMOKE OR HAZE
[NO. OF DAYS WITH]      [WEATHER - DAYS WITH]      9 = BLOWING SNOW
                                                   X = TORNADO
MAX 32 OR BELOW:   0    0.01 INCH OR MORE:   9
MAX 90 OR ABOVE:   2    0.10 INCH OR MORE:   4
MIN 32 OR BELOW:   0    0.50 INCH OR MORE:   3
MIN  0 OR BELOW:   0    1.00 INCH OR MORE:   1

[HDD (BASE 65) ]
TOTAL THIS MO.    85    CLEAR  (SCALE 0-3)  24
DPTR FM NORMAL     3    PTCLDY (SCALE 4-7)   5
TOTAL FM JUL 1    85    CLOUDY (SCALE 8-10)  1
DPTR FM NORMAL    -2

[CDD (BASE 65) ]
TOTAL THIS MO.   105
DPTR FM NORMAL   -18    [PRESSURE DATA]
TOTAL FM JAN 1  1552    HIGHEST SLP 30.39 ON 14
DPTR FM NORMAL   476    LOWEST  SLP 29.66 ON 21

[REMARKS]
#FINAL-09-12#
