000
CXUS53 KLSX 011600
CF6UIN
PRELIMINARY LOCAL CLIMATOLOGICAL DATA (WS FORM: F-6)

                                          STATION:   QUINCY IL
                                          MONTH:     NOVEMBER
                                          YEAR:      2012
                                          LATITUDE:   39 57 N
                                          LONGITUDE:  91 12 W

  TEMPERATURE IN F:       :PCPN:    SNOW:  WIND      :SUNSHINE: SKY     :PK WND
================================================================================
1   2   3   4   5  6A  6B    7    8   9   10  11  12  13   14  15   16   17  18
                                     12Z  AVG MX 2MIN
DY MAX MIN AVG DEP HDD CDD  WTR  SNW DPTH SPD SPD DIR MIN PSBL S-S WX    SPD DR
================================================================================

 1  63  32  48  -1  17   0 0.00  0.0    0  5.9 14 360   M    M   4        17  10
 2  53  31  42  -7  23   0 0.00  0.0    0  7.2 14  80   M    M   0 3      16  80
 3  51  34  43  -6  22   0 0.07  0.0    0  9.0 17  50   M    M   4 3      21  50
 4  46  30  38 -10  27   0    T  0.0    0  3.5 10 110   M    M   6 1      13 110
 5  41  39  40  -8  25   0 0.23  0.0    0  8.7 16 110   M    M  10 1      22 110
 6  46  40  43  -4  22   0 0.07  0.0    0  7.0 18 310   M    M  10 1      26 300
 7  48  36  42  -5  23   0 0.00  0.0    0  8.1 18 340   M    M   9        23 340
 8  55  32  44  -2  21   0 0.00  0.0    0  8.6 15 180   M    M   0 1      20 190
 9  68  43  56  10   9   0 0.00  0.0    0  9.4 18 200   M    M   2        25 190
10  75  59  67  22   0   2 0.01  0.0    0 15.0 26 210   M    M   1 3      35 210
11  68  32  50   5  15   0 0.62    T    0 16.1 35 310   M    M   6 1      44 310
12  41  25  33 -11  32   0 0.00  0.0    0 11.8 24 270   M    M   1        33 280
13  47  24  36  -8  29   0 0.00  0.0    0  4.9  9 150   M    M   0        12 160
14  52  33  43   0  22   0 0.00  0.0    0  7.1 14 200   M    M   0        18 200
15  55  32  44   1  21   0 0.00  0.0    0  4.7  8 210   M    M   1        12 180
16  57  31  44   2  21   0 0.00  0.0    0  3.2  8 140   M    M   0 18      9 160
17  57  33  45   3  20   0 0.00  0.0    0  7.6 15 160   M    M   0 8      20 170
18  60  35  48   7  17   0 0.00  0.0    0  7.6 13 170   M    M   0        16 160
19  53  43  48   7  17   0 0.03  0.0    0  6.6 14 170   M    M   5 18     17 170
20  49  37  43   3  22   0 0.00  0.0    0  4.8 10 200   M    M   7 12     12 290
21  62  32  47   7  18   0 0.00  0.0    0  6.1 14 170   M    M   5 128    16 170
22  68  43  56  17   9   0 0.01  0.0    0 15.1 26 320   M    M   4 8      33 260
23  43  24  34  -5  31   0 0.00  0.0    0 15.1 29 310   M    M   1 8      36 290
24  34  18  26 -12  39   0 0.00  0.0    0  7.2 12 250   M    M   0        14 240
25  47  28  38   0  27   0 0.00  0.0    0  7.5 15 210   M    M   0        20 210
26  42  20  31  -6  34   0    T    T    0 10.9 20  10   M    M   4 8      24 360
27  35  15  25 -12  40   0 0.00  0.0    0  5.0 12 210   M    M   0        14 210
28  45  23  34  -2  31   0 0.00  0.0    0  5.5  9 160   M    M   0        13 160
29  57  32  45   9  20   0 0.00  0.0    0  8.5 18 200   M    M   0        23 200
30  60  40  50  15  15   0 0.00  0.0    0  8.5 14 240   M    M   0        18 240
================================================================================
SM 1578  976       669   2  1.04    T    246.2          M       80
================================================================================
AV 52.6 32.5                               8.2 FASTST   M    M   3    MAX(MPH)
                                 MISC ---->  # 35 310               # 44  310
================================================================================
NOTES:
# LAST OF SEVERAL OCCURRENCES

COLUMN 17 PEAK WIND IN M.P.H.

PRELIMINARY LOCAL CLIMATOLOGICAL DATA (WS FORM: F-6) , PAGE 2

                                          STATION:  QUINCY IL
                                          MONTH:    NOVEMBER
                                          YEAR:     2012
                                          LATITUDE:   39 57 N
                                          LONGITUDE:  91 12 W

[TEMPERATURE DATA]      [PRECIPITATION DATA]       SYMBOLS USED IN COLUMN 16

AVERAGE MONTHLY: 42.6   TOTAL FOR MONTH:   1.04    1 = FOG OR MIST
DPTR FM NORMAL:   0.1   DPTR FM NORMAL:   -1.98    2 = FOG REDUCING VISIBILITY
HIGHEST:    75 ON 10    GRTST 24HR  0.62 ON 11-11      TO 1/4 MILE OR LESS
LOWEST:     15 ON 27                               3 = THUNDER
                        SNOW, ICE PELLETS, HAIL    4 = ICE PELLETS
                        TOTAL MONTH:    T          5 = HAIL
                        GRTST 24HR    T  ON 26-26  6 = FREEZING RAIN OR DRIZZLE
                        GRTST DEPTH:   0           7 = DUSTSTORM OR SANDSTORM:
                                                       VSBY 1/2 MILE OR LESS
                                                   8 = SMOKE OR HAZE
[NO. OF DAYS WITH]      [WEATHER - DAYS WITH]      9 = BLOWING SNOW
                                                   X = TORNADO
MAX 32 OR BELOW:   0    0.01 INCH OR MORE:   7
MAX 90 OR ABOVE:   0    0.10 INCH OR MORE:   2
MIN 32 OR BELOW:  17    0.50 INCH OR MORE:   1
MIN  0 OR BELOW:   0    1.00 INCH OR MORE:   0

[HDD (BASE 65) ]
TOTAL THIS MO.   669    CLEAR  (SCALE 0-3)  18
DPTR FM NORMAL    -7    PTCLDY (SCALE 4-7)   9
TOTAL FM JUL 1  1145    CLOUDY (SCALE 8-10)  3
DPTR FM NORMAL    45

[CDD (BASE 65) ]
TOTAL THIS MO.     2
DPTR FM NORMAL     1    [PRESSURE DATA]
TOTAL FM JAN 1  1575    HIGHEST SLP 30.53 ON 13
DPTR FM NORMAL   481    LOWEST  SLP 29.68 ON 11

[REMARKS]
#FINAL-11-12#
