000
CXUS53 KLSX 011645
CF6UIN
PRELIMINARY LOCAL CLIMATOLOGICAL DATA (WS FORM: F-6)

                                          STATION:   QUINCY IL
                                          MONTH:     OCTOBER
                                          YEAR:      2012
                                          LATITUDE:   39 57 N
                                          LONGITUDE:  91 12 W

  TEMPERATURE IN F:       :PCPN:    SNOW:  WIND      :SUNSHINE: SKY     :PK WND
================================================================================
1   2   3   4   5  6A  6B    7    8   9   10  11  12  13   14  15   16   17  18
                                     12Z  AVG MX 2MIN
DY MAX MIN AVG DEP HDD CDD  WTR  SNW DPTH SPD SPD DIR MIN PSBL S-S WX    SPD DR
================================================================================

 1  67  50  59  -1   6   0 0.00  0.0    0  5.3 15  40   M    M   0 8      17  30
 2  74  45  60   0   5   0 0.00  0.0    0  5.5 14  40   M    M   0 8      18  20
 3  70  55  63   4   2   0    T  0.0    0  5.1 13 170   M    M   6 8      17 160
 4  71  47  59   0   6   0 0.32  0.0    0 10.6 22 330   M    M   5 138    25 330
 5  48  36  42 -16  23   0 0.27  0.0    0  7.6 20 330   M    M   7 13     23 330
 6  46  34  40 -18  25   0 0.00  0.0    0  8.4 20 310   M    M   3        25 320
 7  52  33  43 -15  22   0 0.00  0.0    0  5.6 15 300   M    M   2        21 300
 8  60  33  47 -10  18   0 0.00  0.0    0  9.6 21 190   M    M   0        33 240
 9  66  43  55  -2  10   0 0.03  0.0    0 11.2 24 350   M    M   3 1      30 240
10  56  35  46 -11  19   0 0.00  0.0    0  6.9 16 290   M    M   1        25 300
11  68  37  53  -3  12   0 0.00  0.0    0  9.2 17 200   M    M   0        24 210
12  60  44  52  -4  13   0 0.00  0.0    0 10.1 20  70   M    M   3        25  20
13  72  53  63   7   2   0 1.92  0.0    0 11.5 31 190   M    M   6 13     40 190
14  69  48  59   4   6   0 0.25  0.0    0 12.2 28 300   M    M   8 1      36 290
15  66  43  55   0  10   0 0.00  0.0    0  4.8 10 290   M    M   0 8      13 290
16  78  48  63   8   2   0 0.00  0.0    0 12.3 24 220   M    M   0 8      32 210
17  64  49  57   3   8   0 0.48  0.0    0 11.8 30 300   M    M   4 13     38 310
18  55  45  50  -4  15   0 0.10  0.0    0 15.6 29 250   M    M   6        37 240
19  54  43  49  -5  16   0 0.05  0.0    0 11.6 20 270   M    M  10 1      30 270
20  59  46  53   0  12   0 0.00  0.0    0  5.4 12 290   M    M   6        14 280
21  77  45  61   8   4   0 0.00  0.0    0  7.8 14 140   M    M   1        17 140
22  80  64  72  19   0   7 1.00  0.0    0  9.8 24 310   M    M   6 13     32 290
23  76  65  71  18   0   6 0.08  0.0    0  9.7 18 200   M    M   3 1      25 190
24  81  65  73  21   0   8 0.00  0.0    0 11.6 21 190   M    M   2        28 190
25  75  39  57   5   8   0 0.16  0.0    0 17.5 31 290   M    M   6 1      40 280
26  48  33  41 -11  24   0 0.00  0.0    0 11.9 23 330   M    M   2        31 320
27  47  27  37 -14  28   0 0.00  0.0    0  8.1 15  20   M    M   0        18  10
28  50  29  40 -11  25   0 0.00  0.0    0  6.6 13  30   M    M   1        20  30
29  52  28  40 -10  25   0 0.00  0.0    0  5.0 10  20   M    M   2 8      15  40
30  56  30  43  -7  22   0 0.00  0.0    0 10.9 24 320   M    M   0 8      31 320
31  53  30  42  -8  23   0 0.00  0.0    0  9.4 20 310   M    M   0        23 300
================================================================================
SM 1950 1322       391  21  4.66     0.0 288.6          M       93
================================================================================
AV 62.9 42.6                               9.3 FASTST   M    M   3    MAX(MPH)
                                 MISC ---->  # 31 190               # 40  190
================================================================================
NOTES:
# LAST OF SEVERAL OCCURRENCES

COLUMN 17 PEAK WIND IN M.P.H.

PRELIMINARY LOCAL CLIMATOLOGICAL DATA (WS FORM: F-6) , PAGE 2

                                          STATION:  QUINCY IL
                                          MONTH:    OCTOBER
                                          YEAR:     2012
                                          LATITUDE:   39 57 N
                                          LONGITUDE:  91 12 W

[TEMPERATURE DATA]      [PRECIPITATION DATA]       SYMBOLS USED IN COLUMN 16

AVERAGE MONTHLY: 52.8   TOTAL FOR MONTH:   4.66    1 = FOG OR MIST
DPTR FM NORMAL:  -1.9   DPTR FM NORMAL:    1.65    2 = FOG REDUCING VISIBILITY
HIGHEST:    81 ON 24    GRTST 24HR  2.08 ON 13-14      TO 1/4 MILE OR LESS
LOWEST:     27 ON 27                               3 = THUNDER
                        SNOW, ICE PELLETS, HAIL    4 = ICE PELLETS
                        TOTAL MONTH:   0.0 INCH    5 = HAIL
                        GRTST 24HR     0.0         6 = FREEZING RAIN OR DRIZZLE
                        GRTST DEPTH:   0           7 = DUSTSTORM OR SANDSTORM:
                                                       VSBY 1/2 MILE OR LESS
                                                   8 = SMOKE OR HAZE
[NO. OF DAYS WITH]      [WEATHER - DAYS WITH]      9 = BLOWING SNOW
                                                   X = TORNADO
MAX 32 OR BELOW:   0    0.01 INCH OR MORE:  11
MAX 90 OR ABOVE:   0    0.10 INCH OR MORE:   8
MIN 32 OR BELOW:   5    0.50 INCH OR MORE:   2
MIN  0 OR BELOW:   0    1.00 INCH OR MORE:   2

[HDD (BASE 65) ]
TOTAL THIS MO.   391    CLEAR  (SCALE 0-3)  19
DPTR FM NORMAL    54    PTCLDY (SCALE 4-7)  11
TOTAL FM JUL 1   476    CLOUDY (SCALE 8-10)  1
DPTR FM NORMAL    52

[CDD (BASE 65) ]
TOTAL THIS MO.    21
DPTR FM NORMAL     4    [PRESSURE DATA]
TOTAL FM JAN 1  1573    HIGHEST SLP 30.37 ON 12
DPTR FM NORMAL   480    LOWEST  SLP 29.37 ON 17

[REMARKS]
#FINAL-10-12#
