000
CXUS53 KLSX 011652
CF6UIN
PRELIMINARY LOCAL CLIMATOLOGICAL DATA (WS FORM: F-6)
STATION: QUINCY IL
MONTH: APRIL
YEAR: 2022
LATITUDE: 39 57 N
LONGITUDE: 91 12 W
TEMPERATURE IN F: :PCPN: SNOW: WIND :SUNSHINE: SKY :PK WND
================================================================================
1 2 3 4 5 6A 6B 7 8 9 10 11 12 13 14 15 16 17 18
12Z AVG MX 2MIN
DY MAX MIN AVG DEP HDD CDD WTR SNW DPTH SPD SPD DIR MIN PSBL S-S WX SPD DR
================================================================================
1 48 28 38 -10 27 0 0.00 0.0 0 6.0 14 320 M M 3 18 280
2 54 37 46 -2 19 0 0.01 0.0 0 12.4 28 290 M M 5 36 300
3 61 32 47 -2 18 0 0.01 0.0 0 6.3 14 120 M M 3 20 120
4 55 40 48 -1 17 0 0.01 0.0 0 8.8 20 330 M M 4 1 24 330
5 62 39 51 1 14 0 0.47 0.0 0 12.1 26 300 M M 7 13 35 300
6 59 42 51 1 14 0 0.13 0.0 0 15.9 29 270 M M 7 1 52 280
7 46 35 41 -9 24 0 0.05 0.0 0 16.2 30 280 M M 8 1 42 270
8 41 32 37 -14 28 0 0.01 M M 13.3 24 320 M M 10 18 32 320
9 56 30 43 -8 22 0 0.00 0.0 0 6.9 16 310 M M 1 24 300
10 76 38 57 6 8 0 0.00 0.0 0 16.2 29 160 M M 1 42 170
11 62 48 55 3 10 0 0.07 0.0 0 5.5 16 310 M M 5 20 310
12 75 43 59 7 6 0 0.00 0.0 0 16.1 25 160 M M 4 18 39 190
13 70 34 52 0 13 0 0.53 0.0 0 13.6 28 300 M M 7 138 35 280
14 57 33 45 -8 20 0 0.00 0.0 0 13.9 33 240 M M 0 48 230
15 58 38 48 -5 17 0 0.00 0.0 0 8.8 17 360 M M 6 24 10
16 53 34 44 -10 21 0 0.00 0.0 0 10.4 20 310 M M 0 29 320
17 44 34 39 -15 26 0 0.11 M M 10.7 17 100 M M 6 1 25 100
18 50 32 41 -13 24 0 0.00 0.0 M 16.4 31 310 M M 5 12 44 280
19 52 26 39 -15 26 0 0.00 0.0 0 6.1 15 120 M M 3 21 150
20 53 43 48 -7 17 0 1.00 0.0 0 14.3 25 130 M M 10 1 37 140
21 71 49 60 5 5 0 T 0.0 0 6.3 15 100 M M 6 1 21 100
22 84 58 71 15 0 6 0.00 0.0 0 15.0 25 180 M M 6 1 36 160
23 85 66 76 20 0 11 0.00 0.0 0 17.7 28 180 M M 1 40 180
24 72 54 63 7 2 0 0.06 0.0 0 9.8 22 290 M M 6 1 35 180
25 54 36 45 -12 20 0 0.00 0.0 0 12.3 22 300 M M 4 30 330
26 58 30 44 -13 21 0 0.00 0.0 0 7.1 18 310 M M 0 23 340
27 75 39 57 0 8 0 0.00 0.0 0 8.8 18 200 M M 0 26 200
28 61 50 56 -2 9 0 0.25 0.0 0 9.2 22 150 M M 9 1 33 160
29 63 53 58 0 7 0 0.27 0.0 0 12.7 29 110 M M 8 13 40 110
30 74 54 64 6 1 0 0.03 0.0 0 16.0 28 250 M M 8 3 39 250
================================================================================
SM 1829 1207 444 17 3.01 M 344.8 M 143
================================================================================
AV 61.0 40.2 11.5 FASTST M M 5 MAX(MPH)
MISC ----> 33 240 52 280
================================================================================
NOTES:
# LAST OF SEVERAL OCCURRENCES
COLUMN 17 PEAK WIND IN M.P.H.
PRELIMINARY LOCAL CLIMATOLOGICAL DATA (WS FORM: F-6) , PAGE 2
STATION: QUINCY IL
MONTH: APRIL
YEAR: 2022
LATITUDE: 39 57 N
LONGITUDE: 91 12 W
[TEMPERATURE DATA] [PRECIPITATION DATA] SYMBOLS USED IN COLUMN 16
AVERAGE MONTHLY: 50.8 TOTAL FOR MONTH: 3.01 1 = FOG OR MIST
DPTR FM NORMAL: -2.5 DPTR FM NORMAL: -0.97 2 = FOG REDUCING VISIBILITY
HIGHEST: 85 ON 23 GRTST 24HR 1.00 ON 20-20 TO 1/4 MILE OR LESS
LOWEST: 26 ON 19 3 = THUNDER
SNOW, ICE PELLETS, HAIL 4 = ICE PELLETS
TOTAL MONTH: M 5 = HAIL
GRTST 24HR M 6 = FREEZING RAIN OR DRIZZLE
GRTST DEPTH: M 7 = DUSTSTORM OR SANDSTORM:
VSBY 1/2 MILE OR LESS
8 = SMOKE OR HAZE
[NO. OF DAYS WITH] [WEATHER - DAYS WITH] 9 = BLOWING SNOW
X = TORNADO
MAX 32 OR BELOW: 0 0.01 INCH OR MORE: 15
MAX 90 OR ABOVE: 0 0.10 INCH OR MORE: 7
MIN 32 OR BELOW: 7 0.50 INCH OR MORE: 2
MIN 0 OR BELOW: 0 1.00 INCH OR MORE: 1
[HDD (BASE 65) ]
TOTAL THIS MO. 444 CLEAR (SCALE 0-3) 10
DPTR FM NORMAL 77 PTCLDY (SCALE 4-7) 14
TOTAL FM JUL 1 5090 CLOUDY (SCALE 8-10) 6
DPTR FM NORMAL -252
[CDD (BASE 65) ]
TOTAL THIS MO. 17
DPTR FM NORMAL 3 [PRESSURE DATA]
TOTAL FM JAN 1 17 HIGHEST SLP 30.43 ON 26
DPTR FM NORMAL 1 LOWEST SLP 29.38 ON 5
[REMARKS]
#FINAL-04-22#