000
CXUS53 KLSX 011600
CF6UIN
PRELIMINARY LOCAL CLIMATOLOGICAL DATA (WS FORM: F-6)

                                          STATION:   QUINCY IL
                                          MONTH:     JULY
                                          YEAR:      2012
                                          LATITUDE:   39 57 N
                                          LONGITUDE:  91 12 W

  TEMPERATURE IN F:       :PCPN:    SNOW:  WIND      :SUNSHINE: SKY     :PK WND
================================================================================
1   2   3   4   5  6A  6B    7    8   9   10  11  12  13   14  15   16   17  18
                                     12Z  AVG MX 2MIN
DY MAX MIN AVG DEP HDD CDD  WTR  SNW DPTH SPD SPD DIR MIN PSBL S-S WX    SPD DR
================================================================================

 1  93  74  84   8   0  19    T  0.0    0  5.6 15 320   M    M   1 3      18 320
 2 101  73  87  11   0  22 0.02  0.0    0  5.8 23  50   M    M   1 38     30  50
 3  99  71  85   9   0  20 0.00  0.0    0  7.6 17 220   M    M   0        23 220
 4 101  76  89  13   0  24 0.00  0.0    0  6.6 16 250   M    M   0        22 250
 5 103  76  90  14   0  25 0.00  0.0    0  5.8 15 290   M    M   0        23 260
 6 105  78  92  16   0  27 0.43  0.0    0  4.9 38 120   M    M   1 3      47 110
 7 105  78  92  16   0  27 0.00  0.0    0  4.2 15 210   M    M   0        17  30
 8  93  72  83   7   0  18 0.00  0.0    0  8.4 22  30   M    M   2        26  20
 9  93  65  79   3   0  14 0.00  0.0    0  5.6 16  80   M    M   1 8      21  70
10  91  66  79   3   0  14 0.03  0.0    0  6.0 17 130   M    M   4 3      22 140
11  91  68  80   4   0  15 0.00  0.0    0  6.8 15  90   M    M   3        17  80
12  95  65  80   4   0  15 0.00  0.0    0  5.1 12 110   M    M   1        15  70
13  94  68  81   5   0  16 0.15  0.0    0  5.9 18 360   M    M   3 13     24 270
14  93  67  80   4   0  15 0.00  0.0    0  2.9  8  40   M    M   2 18     12  40
15  96  70  83   7   0  18 0.00  0.0    0  6.0 10 160   M    M   1        16 200
16  97  73  85   9   0  20 0.00  0.0    0  6.3 14 190   M    M   1        20 210
17 100  75  88  12   0  23 0.00  0.0    0  6.9 18 240   M    M   1        26 210
18 104  76  90  14   0  25 0.13  0.0    0  7.7 26 290   M    M   1 3      47 300
19  98  74  86  10   0  21 0.25  0.0    0 10.3 26 290   M    M   0 3      47 300
20  85  66  76   0   0  11 0.00  0.0    0  7.7 17  30   M    M   5 1      22  20
21  93  65  79   3   0  14 0.00  0.0    0  5.2 10  50   M    M   0        14  70
22  98  72  85   9   0  20 0.00  0.0    0  6.9 17 170   M    M   0        23 160
23 105  76  91  15   0  26 0.00  0.0    0  7.6 17 240   M    M   0        22 240
24 104  76  90  14   0  25 0.00  0.0    0  7.1 15 280   M    M   1        20  90
25 105  76  91  15   0  26 0.00  0.0    0 10.6 24 210   M    M   1        35 200
26  91  69  80   4   0  15 0.25  0.0    0  7.5 29 290   M    M   2 13     37 300
27  90  67  79   3   0  14 0.00  0.0    0  8.3 18 340   M    M   1        25 330
28  88  62  75  -1   0  10 0.00  0.0    0  4.8 13  30   M    M   0        17  50
29  90  68  79   3   0  14 0.16  0.0    0  7.5 17 200   M    M   2 13     21 200
30  89  69  79   3   0  14 0.00  0.0    0  4.0 14 240   M    M   1 1      16 240
31 100  66  83   7   0  18 0.00  0.0    0  6.3 17  10   M    M   2 12     21 310
================================================================================
SM 2990 2197         0 585  1.42     0.0 201.9          M       38
================================================================================
AV 96.5 70.9                               6.5 FASTST   M    M   1    MAX(MPH)
                                 MISC ---->  # 38 120               # 47  110
================================================================================
NOTES:
# LAST OF SEVERAL OCCURRENCES

COLUMN 17 PEAK WIND IN M.P.H.

PRELIMINARY LOCAL CLIMATOLOGICAL DATA (WS FORM: F-6) , PAGE 2

                                          STATION:  QUINCY IL
                                          MONTH:    JULY
                                          YEAR:     2012
                                          LATITUDE:   39 57 N
                                          LONGITUDE:  91 12 W

[TEMPERATURE DATA]      [PRECIPITATION DATA]       SYMBOLS USED IN COLUMN 16

AVERAGE MONTHLY: 83.7   TOTAL FOR MONTH:   1.42    1 = FOG OR MIST
DPTR FM NORMAL:   7.6   DPTR FM NORMAL:   -2.62    2 = FOG REDUCING VISIBILITY
HIGHEST:   105 ON 25,23 GRTST 24HR  0.43 ON  6- 6      TO 1/4 MILE OR LESS
LOWEST:     62 ON 28                               3 = THUNDER
                        SNOW, ICE PELLETS, HAIL    4 = ICE PELLETS
                        TOTAL MONTH:   0.0 INCH    5 = HAIL
                        GRTST 24HR     0.0         6 = FREEZING RAIN OR DRIZZLE
                        GRTST DEPTH:   0           7 = DUSTSTORM OR SANDSTORM:
                                                       VSBY 1/2 MILE OR LESS
                                                   8 = SMOKE OR HAZE
[NO. OF DAYS WITH]      [WEATHER - DAYS WITH]      9 = BLOWING SNOW
                                                   X = TORNADO
MAX 32 OR BELOW:   0    0.01 INCH OR MORE:   8
MAX 90 OR ABOVE:  28    0.10 INCH OR MORE:   6
MIN 32 OR BELOW:   0    0.50 INCH OR MORE:   0
MIN  0 OR BELOW:   0    1.00 INCH OR MORE:   0

[HDD (BASE 65) ]
TOTAL THIS MO.     0    CLEAR  (SCALE 0-3)  29
DPTR FM NORMAL     0    PTCLDY (SCALE 4-7)   2
TOTAL FM JUL 1     0    CLOUDY (SCALE 8-10)  0
DPTR FM NORMAL     0

[CDD (BASE 65) ]
TOTAL THIS MO.   585
DPTR FM NORMAL   242    [PRESSURE DATA]
TOTAL FM JAN 1  1119    HIGHEST SLP 30.14 ON 28
DPTR FM NORMAL   463    LOWEST  SLP 29.62 ON 25

[REMARKS]
#FINAL-07-12#
