000
CXUS53 KLSX 041822
CF6UIN
PRELIMINARY LOCAL CLIMATOLOGICAL DATA (WS FORM: F-6)

                                          STATION:   QUINCY IL
                                          MONTH:     AUGUST
                                          YEAR:      2012
                                          LATITUDE:   39 57 N
                                          LONGITUDE:  91 12 W

  TEMPERATURE IN F:       :PCPN:    SNOW:  WIND      :SUNSHINE: SKY     :PK WND
================================================================================
1   2   3   4   5  6A  6B    7    8   9   10  11  12  13   14  15   16   17  18
                                     12Z  AVG MX 2MIN
DY MAX MIN AVG DEP HDD CDD  WTR  SNW DPTH SPD SPD DIR MIN PSBL S-S WX    SPD DR
================================================================================

 1  99  66  83   7   0  18 0.00  0.0    0  5.3 10  60   M    M   0         M  M
 2  95  68  82   6   0  17 1.44  0.0    0  5.6 22 150   M    M   2 123    29 150
 3  93  71  82   6   0  17 0.00  0.0    0  5.6 12 110   M    M   3 128    15 110
 4  93  74  84   8   0  19    T  0.0    0  8.7 18 210   M    M   0 18     24 190
 5  88  64  76   0   0  11 0.00  0.0    0  7.8 20 330   M    M   1        24 320
 6  91  58  75   0   0  10 0.00  0.0    0  4.0 10 260   M    M   0        15 330
 7  98  66  82   7   0  17 0.00  0.0    0  5.4 10 270   M    M   0        14 170
 8  83  70  77   2   0  12 0.01  0.0    0  6.5 21 200   M    M   3        24 220
 9  90  64  77   2   0  12 0.01  0.0    0  7.4 22 330   M    M   2        28 330
10  80  60  70  -5   0   5 0.00  0.0    0 10.3 17  20   M    M   5 1      25 340
11  83  54  69  -6   0   4 0.00  0.0    0  4.4 13 330   M    M   0        18 320
12  78  60  69  -6   0   4 0.09  0.0    0  7.6 22  10   M    M   6 3      29 100
13  73  60  67  -8   0   2 0.00  0.0    0  8.9 17 340   M    M   6        21 360
14  83  56  70  -5   0   5 0.00  0.0    0  5.0 12 300   M    M   1 1      15 310
15  91  56  74  -1   0   9 0.00  0.0    0  8.0 16 190   M    M   0 1      22 140
16  86  60  73  -2   0   8    T  0.0    0 10.5 24 330   M    M   1 3      31 310
17  80  52  66  -9   0   1 0.00  0.0    0  5.9 14 360   M    M   0 1      20  10
18  82  50  66  -9   0   1 0.00  0.0    0  4.0 13  40   M    M   1        20 330
19  83  58  71  -3   0   6 0.00  0.0    0  5.6 17 320   M    M   4        22 290
20  84  54  69  -5   0   4 0.00  0.0    0  4.7 17 340   M    M   2        24 330
21  88  57  73  -1   0   8 0.00  0.0    0  5.4 14 350   M    M   2        17 360
22  96  58  77   3   0  12 0.00  0.0    0  6.7 13 160   M    M   1        18 130
23  97  67  82   8   0  17 0.00  0.0    0  6.6 18 200   M    M   2        23 190
24  96  67  82   8   0  17 0.00  0.0    0  8.2 21 200   M    M   1        28 190
25  92  66  79   5   0  14 0.02  0.0    0  9.8 23 180   M    M   2        31 180
26  80  71  76   3   0  11 2.34  0.0    0  4.6 13 240   M    M   7 1238   16 240
27  90  67  79   6   0  14 0.00  0.0    0  6.4 15  30   M    M   4 1      23  60
28  92  65  79   6   0  14 0.00  0.0    0  3.6 13  40   M    M   0        16  40
29  92  67  80   7   0  15 0.00  0.0    0  5.4 12 180   M    M   0        15 170
30  95  67  81   9   0  16 0.00  0.0    0  6.7 13 140   M    M   0        17 130
31  78  68  73   1   0   8 2.06  0.0    0  8.9 22  80   M    M   4 1      31  80
================================================================================
SM 2729 1941         0 328  5.97     0.0 203.5          M       60
================================================================================
AV 88.0 62.6                               6.6 FASTST   M    M   2    MAX(MPH)
                                 MISC ---->  # 24 330               # 31  310
================================================================================
NOTES:
# LAST OF SEVERAL OCCURRENCES

COLUMN 17 PEAK WIND IN M.P.H.

PRELIMINARY LOCAL CLIMATOLOGICAL DATA (WS FORM: F-6) , PAGE 2

                                          STATION:  QUINCY IL
                                          MONTH:    AUGUST
                                          YEAR:     2012
                                          LATITUDE:   39 57 N
                                          LONGITUDE:  91 12 W

[TEMPERATURE DATA]      [PRECIPITATION DATA]       SYMBOLS USED IN COLUMN 16

AVERAGE MONTHLY: 75.3   TOTAL FOR MONTH:   5.97    1 = FOG OR MIST
DPTR FM NORMAL:   0.9   DPTR FM NORMAL:    2.34    2 = FOG REDUCING VISIBILITY
HIGHEST:    99 ON  1    GRTST 24HR  2.36 ON 25-26      TO 1/4 MILE OR LESS
LOWEST:     50 ON 18                               3 = THUNDER
                        SNOW, ICE PELLETS, HAIL    4 = ICE PELLETS
                        TOTAL MONTH:   0.0 INCH    5 = HAIL
                        GRTST 24HR     0.0         6 = FREEZING RAIN OR DRIZZLE
                        GRTST DEPTH:   0           7 = DUSTSTORM OR SANDSTORM:
                                                       VSBY 1/2 MILE OR LESS
                                                   8 = SMOKE OR HAZE
[NO. OF DAYS WITH]      [WEATHER - DAYS WITH]      9 = BLOWING SNOW
                                                   X = TORNADO
MAX 32 OR BELOW:   0    0.01 INCH OR MORE:   7
MAX 90 OR ABOVE:  16    0.10 INCH OR MORE:   3
MIN 32 OR BELOW:   0    0.50 INCH OR MORE:   3
MIN  0 OR BELOW:   0    1.00 INCH OR MORE:   3

[HDD (BASE 65) ]
TOTAL THIS MO.     0    CLEAR  (SCALE 0-3)  22
DPTR FM NORMAL    -5    PTCLDY (SCALE 4-7)   9
TOTAL FM JUL 1     0    CLOUDY (SCALE 8-10)  0
DPTR FM NORMAL    -5

[CDD (BASE 65) ]
TOTAL THIS MO.   328
DPTR FM NORMAL    31    [PRESSURE DATA]
TOTAL FM JAN 1  1447    HIGHEST SLP 30.16 ON  6
DPTR FM NORMAL   494    LOWEST  SLP 29.73 ON  2

[REMARKS]
#FINAL-08-12#
