000
CXUS53 KLSX 011600
CF6UIN
PRELIMINARY LOCAL CLIMATOLOGICAL DATA (WS FORM: F-6)

                                          STATION:   QUINCY IL
                                          MONTH:     APRIL
                                          YEAR:      2012
                                          LATITUDE:   39 57 N
                                          LONGITUDE:  91 12 W

  TEMPERATURE IN F:       :PCPN:    SNOW:  WIND      :SUNSHINE: SKY     :PK WND
================================================================================
1   2   3   4   5  6A  6B    7    8   9   10  11  12  13   14  15   16   17  18
                                     12Z  AVG MX 2MIN
DY MAX MIN AVG DEP HDD CDD  WTR  SNW DPTH SPD SPD DIR MIN PSBL S-S WX    SPD DR
================================================================================

 1  85  56  71  23   0   6 0.00  0.0    0  8.4 17 200   M    M   0 18     24 220
 2  87  55  71  23   0   6 0.00  0.0    0  7.3 14 200   M    M   0 18     20 190
 3  82  61  72  23   0   7 0.00  0.0    0  7.8 15  30   M    M   2        18  30
 4  61  46  54   5  11   0 0.34  0.0    0 11.3 22  50   M    M   9 18     28  50
 5  62  41  52   2  13   0 0.05  0.0    0 11.4 23  60   M    M   5        29  40
 6  60  32  46  -4  19   0 0.00  0.0    0  6.7 13 140   M    M   0        16 140
 7  60  40  50   0  15   0    T  0.0    0  7.3 16 300   M    M   4 1      20 300
 8  65  36  51   0  14   0 0.00  0.0    0  5.8 18 220   M    M   0 1      23 210
 9  69  42  56   5   9   0 0.00  0.0    0 10.2 25 290   M    M   0        33 290
10  58  34  46  -5  19   0 0.00  0.0    0 11.0 26 310   M    M   0        31 310
11  56  29  43  -9  22   0 0.00  0.0    0  6.6 14  30   M    M   0        18  30
12  63  34  49  -3  16   0 0.00  0.0    0  6.9 18 200   M    M   1        23 200
13  55  47  51  -1  14   0 0.49  0.0    0 13.3 24 150   M    M   8 1      31 150
14  71  53  62   9   3   0 0.51  0.0    0 10.3 23 180   M    M   6 13     31 170
15  72  58  65  12   0   0 0.15  0.0    0 16.2 24 180   M    M   3 13     35 180
16  63  45  54   0  11   0    T  0.0    0 15.0 37 240   M    M   4 1      47 240
17  67  42  55   1  10   0 0.00  0.0    0  4.9 12 200   M    M   1        16 150
18  74  51  63   9   2   0 0.00  0.0    0 10.2 22 210   M    M   0        26 220
19  76  54  65  11   0   0 0.01  0.0    0 11.7 21 180   M    M   2        29 170
20  62  40  51  -4  14   0 0.05  0.0    0 13.5 22 340   M    M   9 1      30 320
21  57  35  46  -9  19   0 0.04  0.0    0  4.2 10 350   M    M   4 1      13 300
22  57  38  48  -8  17   0 0.26  0.0    0  8.9 20 360   M    M   6 13     31 350
23  62  35  49  -7  16   0 0.00  0.0    0  9.8 23 310   M    M   2        29 320
24  77  42  60   4   5   0 0.00  0.0    0  8.1 16 200   M    M   2        24 210
25  82  55  69  13   0   4    T  0.0    0  6.2 26  30   M    M   0 3      36  20
26  73  52  63   6   2   0 0.00  0.0    0 10.3 17 340   M    M   0 18     24 330
27  60  43  52  -5  13   0 0.07  0.0    0 17.9 28 110   M    M   3 3      37 110
28  69  50  60   3   5   0    T  0.0    0  9.3 21 120   M    M   9 8      26 120
29  57  46  52  -6  13   0 0.95    M    0  9.0 18 110   M    M  10 1238   24  70
30  62  55  59   1   6   0 0.36  0.0    0  5.1 13 180   M    M   8 123    17 310
================================================================================
SM 2004 1347       288  23  3.28     0.0 284.6          M       98
================================================================================
AV 66.8 44.9                               9.5 FASTST   M    M   3    MAX(MPH)
                                 MISC ---->  # 37 240               # 47  240
================================================================================
NOTES:
# LAST OF SEVERAL OCCURRENCES

COLUMN 17 PEAK WIND IN M.P.H.

PRELIMINARY LOCAL CLIMATOLOGICAL DATA (WS FORM: F-6) , PAGE 2

                                          STATION:  QUINCY IL
                                          MONTH:    APRIL
                                          YEAR:     2012
                                          LATITUDE:   39 57 N
                                          LONGITUDE:  91 12 W

[TEMPERATURE DATA]      [PRECIPITATION DATA]       SYMBOLS USED IN COLUMN 16

AVERAGE MONTHLY: 55.9   TOTAL FOR MONTH:   3.28    1 = FOG OR MIST
DPTR FM NORMAL:   2.7   DPTR FM NORMAL:   -0.41    2 = FOG REDUCING VISIBILITY
HIGHEST:    87 ON  2    GRTST 24HR  1.29 ON 29-30      TO 1/4 MILE OR LESS
LOWEST:     29 ON 11                               3 = THUNDER
                        SNOW, ICE PELLETS, HAIL    4 = ICE PELLETS
                        TOTAL MONTH:   0.0 INCH    5 = HAIL
                        GRTST 24HR     0.0         6 = FREEZING RAIN OR DRIZZLE
                        GRTST DEPTH:   0           7 = DUSTSTORM OR SANDSTORM:
                                                       VSBY 1/2 MILE OR LESS
                                                   8 = SMOKE OR HAZE
[NO. OF DAYS WITH]      [WEATHER - DAYS WITH]      9 = BLOWING SNOW
                                                   X = TORNADO
MAX 32 OR BELOW:   0    0.01 INCH OR MORE:  12
MAX 90 OR ABOVE:   0    0.10 INCH OR MORE:   7
MIN 32 OR BELOW:   2    0.50 INCH OR MORE:   2
MIN  0 OR BELOW:   0    1.00 INCH OR MORE:   0

[HDD (BASE 65) ]
TOTAL THIS MO.   288    CLEAR  (SCALE 0-3)  17
DPTR FM NORMAL   -82    PTCLDY (SCALE 4-7)   7
TOTAL FM JUL 1  4242    CLOUDY (SCALE 8-10)  6
DPTR FM NORMAL -1188

[CDD (BASE 65) ]
TOTAL THIS MO.    23
DPTR FM NORMAL     7    [PRESSURE DATA]
TOTAL FM JAN 1    60    HIGHEST SLP 30.38 ON  8
DPTR FM NORMAL    42    LOWEST  SLP 29.51 ON 25

[REMARKS]
#FINAL-04-12#
