000
CXUS53 KLSX 011602
CF6UIN
PRELIMINARY LOCAL CLIMATOLOGICAL DATA (WS FORM: F-6)

                                          STATION:   QUINCY IL
                                          MONTH:     MARCH
                                          YEAR:      2012
                                          LATITUDE:   39 57 N
                                          LONGITUDE:  91 12 W

  TEMPERATURE IN F:       :PCPN:    SNOW:  WIND      :SUNSHINE: SKY     :PK WND
================================================================================
1   2   3   4   5  6A  6B    7    8   9   10  11  12  13   14  15   16   17  18
                                     12Z  AVG MX 2MIN
DY MAX MIN AVG DEP HDD CDD  WTR  SNW DPTH SPD SPD DIR MIN PSBL S-S WX    SPD DR
================================================================================

 1  57  26  42   6  23   0 0.00  0.0    0  8.0 18 120   M    M   0        22  80
 2  43  32  38   2  27   0 0.03    M    0 12.9 26 310   M    M   5 18     36 310
 3  40  26  33  -4  32   0 0.00  0.0    0 12.8 25 290   M    M   6        33 270
 4  35  22  29  -8  36   0 0.01    M    0  6.0 18 340   M    M   6 1      22 330
 5  46  18  32  -6  33   0 0.00  0.0    M  8.5 17 150   M    M   1        23 150
 6  74  42  58  20   7   0 0.00  0.0    0 20.9 37 200   M    M   0        48 210
 7  70  46  58  20   7   0 0.12  0.0    0 20.8 35 210   M    M   6 1      43 200
 8  46  32  39   0  26   0 0.37    M    0 13.0 26 320   M    M   3 16     33 320
 9  48  29  39   0  26   0 0.00  0.0    0  7.2 13  20   M    M   0        16 330
10  63  32  48   8  17   0 0.00  0.0    0 11.0 22 210   M    M   0        28 200
11  63  35  49   9  16   0 0.18  0.0    0 12.2 24 160   M    M   4 1      31 170
12  72  49  61  21   4   0 0.04  0.0    0 10.6 25 220   M    M   5 1      35 220
13  78  41  60  19   5   0 0.00  0.0    0  5.3 13 160   M    M   0 12     17 180
14  81  59  70  29   0   5 0.00  0.0    0 12.9 24 210   M    M   2        31 200
15  81  59  70  28   0   5 0.02  0.0    0  9.2 21 180   M    M   2 3      30 170
16  78  58  68  26   0   3 0.00  0.0    0 10.5 20 170   M    M   0        28 160
17  79  58  69  27   0   4 0.00  0.0    0  9.1 20 180   M    M   1 1      26 180
18  81  58  70  27   0   5 0.00  0.0    0 11.5 23 190   M    M   4        30 180
19  80  63  72  29   0   7 0.02  0.0    0 11.8 24 160   M    M   6 3      33 150
20  81  58  70  26   0   5    T  0.0    0 12.0 28 170   M    M   5        37 190
21  78  58  68  24   0   3    T  0.0    0  8.6 23 160   M    M   4        31 160
22  71  52  62  18   3   0 0.19  0.0    0  7.4 21 160   M    M   7 12     28 140
23  66  48  57  12   8   0    T  0.0    0  5.4 18 350   M    M   7 123    23 360
24  70  49  60  15   5   0 0.01  0.0    0  6.9 15 300   M    M   5 18     18 290
25  75  48  62  16   3   0 0.00  0.0    0  4.0 10 330   M    M   4 12     14 330
26  64  50  57  11   8   0 0.00  0.0    0 12.7 23 110   M    M   1        30 110
27  80  50  65  19   0   0 0.00  0.0    0 15.2 28 200   M    M   2        35 190
28  75  51  63  16   2   0 0.00  0.0    0  5.4 15 320   M    M   1 8      21 310
29  58  50  54   7  11   0 0.27  0.0    0 10.1 25 110   M    M   4 1      31 110
30  70  50  60  13   5   0 0.00  0.0    0 10.5 16 320   M    M   2 18     21 320
31  72  48  60  12   5   0 0.00  0.0    0  8.5 15  80   M    M   3 18     21 170
================================================================================
SM 2075 1397       309  37  1.26     0.0 320.9          M       96
================================================================================
AV 66.9 45.1                              10.4 FASTST   M    M   3    MAX(MPH)
                                 MISC ---->  # 37 200               # 48  210
================================================================================
NOTES:
# LAST OF SEVERAL OCCURRENCES

COLUMN 17 PEAK WIND IN M.P.H.

PRELIMINARY LOCAL CLIMATOLOGICAL DATA (WS FORM: F-6) , PAGE 2

                                          STATION:  QUINCY IL
                                          MONTH:    MARCH
                                          YEAR:     2012
                                          LATITUDE:   39 57 N
                                          LONGITUDE:  91 12 W

[TEMPERATURE DATA]      [PRECIPITATION DATA]       SYMBOLS USED IN COLUMN 16

AVERAGE MONTHLY: 56.0   TOTAL FOR MONTH:   1.26    1 = FOG OR MIST
DPTR FM NORMAL:  14.1   DPTR FM NORMAL:   -1.20    2 = FOG REDUCING VISIBILITY
HIGHEST:    81 ON 20,18 GRTST 24HR  0.49 ON  7- 8      TO 1/4 MILE OR LESS
LOWEST:     18 ON  5                               3 = THUNDER
                        SNOW, ICE PELLETS, HAIL    4 = ICE PELLETS
                        TOTAL MONTH:   0.0 INCH    5 = HAIL
                        GRTST 24HR     0.0         6 = FREEZING RAIN OR DRIZZLE
                        GRTST DEPTH:   0           7 = DUSTSTORM OR SANDSTORM:
                                                       VSBY 1/2 MILE OR LESS
                                                   8 = SMOKE OR HAZE
[NO. OF DAYS WITH]      [WEATHER - DAYS WITH]      9 = BLOWING SNOW
                                                   X = TORNADO
MAX 32 OR BELOW:   0    0.01 INCH OR MORE:  11
MAX 90 OR ABOVE:   0    0.10 INCH OR MORE:   5
MIN 32 OR BELOW:   8    0.50 INCH OR MORE:   0
MIN  0 OR BELOW:   0    1.00 INCH OR MORE:   0

[HDD (BASE 65) ]
TOTAL THIS MO.   309    CLEAR  (SCALE 0-3)  15
DPTR FM NORMAL  -409    PTCLDY (SCALE 4-7)  16
TOTAL FM JUL 1  3954    CLOUDY (SCALE 8-10)  0
DPTR FM NORMAL -1106

[CDD (BASE 65) ]
TOTAL THIS MO.    37
DPTR FM NORMAL    35    [PRESSURE DATA]
TOTAL FM JAN 1    37    HIGHEST SLP 30.60 ON  9
DPTR FM NORMAL    35    LOWEST  SLP 29.42 ON  2

[REMARKS]
#FINAL-03-12#
