000
CXUS53 KLSX 011600
CF6UIN
PRELIMINARY LOCAL CLIMATOLOGICAL DATA (WS FORM: F-6)

                                          STATION:   QUINCY IL
                                          MONTH:     JUNE
                                          YEAR:      2012
                                          LATITUDE:   39 57 N
                                          LONGITUDE:  91 12 W

  TEMPERATURE IN F:       :PCPN:    SNOW:  WIND      :SUNSHINE: SKY     :PK WND
================================================================================
1   2   3   4   5  6A  6B    7    8   9   10  11  12  13   14  15   16   17  18
                                     12Z  AVG MX 2MIN
DY MAX MIN AVG DEP HDD CDD  WTR  SNW DPTH SPD SPD DIR MIN PSBL S-S WX    SPD DR
================================================================================

 1  68  45  57 -11   8   0 0.00  0.0    0  9.4 20 300   M    M   3 1      25 290
 2  78  52  65  -3   0   0    T  0.0    0  8.0 21 300   M    M   4        25 290
 3  83  50  67  -1   0   2 0.00  0.0    0  4.2 12 200   M    M   1        14 200
 4  86  61  74   5   0   9 0.00  0.0    0  7.7 21  70   M    M   3        24  30
 5  82  55  69   0   0   4 0.00  0.0    0  6.7 16  50   M    M   2        20  40
 6  78  55  67  -2   0   2 0.00  0.0    0  6.3 12  90   M    M   0        18 110
 7  82  55  69  -1   0   4 0.00  0.0    0  3.0  9 130   M    M   0        14 140
 8  86  59  73   3   0   8 0.00  0.0    0  5.5 13 180   M    M   0        17 220
 9  89  64  77   7   0  12 0.00  0.0    0  9.2 17 200   M    M   1        23 180
10  87  67  77   6   0  12 0.00  0.0    0 11.2 23 150   M    M   1        30 140
11  80  65  73   2   0   8 0.35  0.0    0  6.5 21 140   M    M   3 13     25 130
12  78  57  68  -3   0   3 0.00  0.0    0  8.7 18 340   M    M   0        23 320
13  79  53  66  -6   0   1 0.00  0.0    0  7.0 15 130   M    M   0        18 130
14  87  58  73   1   0   8 0.00  0.0    0  9.8 17 160   M    M   0        25 150
15  90  63  77   5   0  12 0.15  0.0    0 10.5 22 140   M    M   0 13     29 140
16  94  68  81   9   0  16 0.22  0.0    0 10.4 26 300   M    M   4 13     37 280
17  88  66  77   4   0  12 0.00  0.0    0  7.0 14 210   M    M   3 12     21 220
18  93  75  84  11   0  19 0.00  0.0    0 17.4 30 190   M    M   0        39 200
19  93  74  84  11   0  19 0.00  0.0    0 13.8 23 180   M    M   1        31 170
20  94  76  85  11   0  20 0.00  0.0    0 13.1 23 200   M    M   2        29 210
21  84  65  75   1   0  10    T  0.0    0  8.1 16 320   M    M   3        23 330
22  85  59  72  -2   0   7 0.00  0.0    0  3.8 14  10   M    M   0        17  50
23  82  63  73  -1   0   8    T  0.0    0  6.8 16 120   M    M   0        18 130
24  94  68  81   7   0  16 0.00  0.0    0  9.0 26  40   M    M   2        32  30
25  87  63  75   0   0  10 0.00  0.0    0 11.4 22  70   M    M   1        26  60
26  86  55  71  -4   0   6 0.00  0.0    0  8.7 15 120   M    M   0        21 120
27 100  61  81   6   0  16 0.00  0.0    0 10.8 20 210   M    M   0        30 200
28 104  76  90  15   0  25 0.00  0.0    0  9.9 21 250   M    M   0        26 250
29 103  73  88  13   0  23 0.00  0.0    0  7.6 16  40   M    M   0        22 260
30  99  70  85   9   0  20    T  0.0    0  7.2 22  80   M    M   1 3      25  70
================================================================================
SM 2619 1871         8 312  0.72     0.0 258.7          M       35
================================================================================
AV 87.3 62.4                               8.6 FASTST   M    M   1    MAX(MPH)
                                 MISC ---->  # 30 190               # 39  200
================================================================================
NOTES:
# LAST OF SEVERAL OCCURRENCES

COLUMN 17 PEAK WIND IN M.P.H.

PRELIMINARY LOCAL CLIMATOLOGICAL DATA (WS FORM: F-6) , PAGE 2

                                          STATION:  QUINCY IL
                                          MONTH:    JUNE
                                          YEAR:     2012
                                          LATITUDE:   39 57 N
                                          LONGITUDE:  91 12 W

[TEMPERATURE DATA]      [PRECIPITATION DATA]       SYMBOLS USED IN COLUMN 16

AVERAGE MONTHLY: 74.8   TOTAL FOR MONTH:   0.72    1 = FOG OR MIST
DPTR FM NORMAL:   2.7   DPTR FM NORMAL:   -3.27    2 = FOG REDUCING VISIBILITY
HIGHEST:   104 ON 28    GRTST 24HR  0.37 ON 15-16      TO 1/4 MILE OR LESS
LOWEST:     45 ON  1                               3 = THUNDER
                        SNOW, ICE PELLETS, HAIL    4 = ICE PELLETS
                        TOTAL MONTH:   0.0 INCH    5 = HAIL
                        GRTST 24HR     0.0         6 = FREEZING RAIN OR DRIZZLE
                        GRTST DEPTH:   0           7 = DUSTSTORM OR SANDSTORM:
                                                       VSBY 1/2 MILE OR LESS
                                                   8 = SMOKE OR HAZE
[NO. OF DAYS WITH]      [WEATHER - DAYS WITH]      9 = BLOWING SNOW
                                                   X = TORNADO
MAX 32 OR BELOW:   0    0.01 INCH OR MORE:   3
MAX 90 OR ABOVE:  10    0.10 INCH OR MORE:   3
MIN 32 OR BELOW:   0    0.50 INCH OR MORE:   0
MIN  0 OR BELOW:   0    1.00 INCH OR MORE:   0

[HDD (BASE 65) ]
TOTAL THIS MO.     8    CLEAR  (SCALE 0-3)  26
DPTR FM NORMAL    -8    PTCLDY (SCALE 4-7)   4
TOTAL FM JUL 1  4280    CLOUDY (SCALE 8-10)  0
DPTR FM NORMAL -1302

[CDD (BASE 65) ]
TOTAL THIS MO.   312
DPTR FM NORMAL    85    [PRESSURE DATA]
TOTAL FM JAN 1   534    HIGHEST SLP 30.16 ON 13
DPTR FM NORMAL   221    LOWEST  SLP 29.69 ON 18

[REMARKS]
#FINAL-06-12#
