000
CXUS53 KLSX 040703 CCA
CF6UIN
PRELIMINARY LOCAL CLIMATOLOGICAL DATA (WS FORM: F-6)
STATION: QUINCY IL
MONTH: JANUARY
YEAR: 2022
LATITUDE: 39 57 N
LONGITUDE: 91 12 W
TEMPERATURE IN F: :PCPN: SNOW: WIND :SUNSHINE: SKY :PK WND
================================================================================
1 2 3 4 5 6A 6B 7 8 9 10 11 12 13 14 15 16 17 18
12Z AVG MX 2MIN
DY MAX MIN AVG DEP HDD CDD WTR SNW DPTH SPD SPD DIR MIN PSBL S-S WX SPD DR
================================================================================
1 33 15 24 -4 41 0 M M 0 16.7 25 10 M M 10 16 33 20
2 15 4 10 -18 55 0 T M M 10.3 20 320 M M 5 168 26 340
3 27 5 16 -11 49 0 0.00 0.0 M 8.1 15 180 M M 0 23 190
4 39 23 31 4 34 0 0.00 0.0 M 12.0 21 160 M M 0 32 160
5 38 13 26 -1 39 0 0.00 0.0 M 19.1 31 310 M M 2 42 300
6 13 2 8 -19 57 0 0.00 0.0 M 14.0 22 310 M M 1 27 310
7 17 0 9 -18 56 0 0.00 0.0 M 7.9 16 140 M M 4 22 140
8 39 17 28 1 37 0 0.01 0.0 M 11.4 18 160 M M 8 128 27 170
9 36 13 25 -2 40 0 0.00 0.0 M 12.6 28 320 M M 3 1 35 330
10 27 13 20 -6 45 0 0.00 0.0 M 8.3 18 310 M M 0 26 310
11 49 13 31 5 34 0 0.00 0.0 0 12.6 21 200 M M 0 30 210
12 49 33 41 15 24 0 0.00 0.0 0 7.8 13 240 M M 0 16 240
13 48 33 41 15 24 0 0.00 0.0 0 5.0 12 330 M M 2 15 340
14 40 27 34 8 31 0 M M M 6.9 15 80 M M 6 128 20 80
15 33 10 22 -4 43 0 M M M 13.7 24 60 M M 8 1 31 60
16 27 4 16 -10 49 0 0.00 0.0 M 6.9 16 300 M M 4 128 20 280
17 30 21 26 0 39 0 0.00 0.0 M 9.7 22 330 M M 6 27 330
18 44 20 32 6 33 0 0.00 0.0 M 10.6 17 190 M M 0 22 200
19 38 4 21 -5 44 0 0.00 0.0 M 17.8 26 340 M M 1 34 340
20 10 -2 4 -22 61 0 0.00 0.0 M 9.0 15 330 M M 0 19 330
21 18 -5 7 -19 58 0 0.00 0.0 M 5.5 13 200 M M 0 16 200
22 36 12 24 -2 41 0 0.00 0.0 M 10.6 17 220 M M 3 24 220
23 40 19 30 4 35 0 0.00 0.0 M 12.0 29 330 M M 8 36 330
24 38 11 25 -1 40 0 T M M 13.8 28 320 M M 8 35 300
25 14 2 8 -18 57 0 0.00 0.0 M 9.4 16 340 M M 0 21 340
26 23 -3 10 -16 55 0 0.00 0.0 M 6.4 14 190 M M 1 19 180
27 38 23 31 4 34 0 0.00 0.0 M 11.7 21 250 M M 6 30 240
28 28 10 19 -8 46 0 T M M 10.6 20 330 M M 4 18 28 340
29 38 8 23 -4 42 0 0.00 M M 7.4 15 160 M M 0 21 160
30 32 20 26 -1 39 0 0.00 0.0 M 10.3 21 320 M M 0 28 330
31 44 18 31 4 34 0 0.00 M M 10.8 20 140 M M 2 8 25 150
================================================================================
SM 1001 383 1316 0 M M 328.9 M 92
================================================================================
AV 32.3 12.4 10.6 FASTST M M 3 MAX(MPH)
MISC ----> 31 310 42 300
================================================================================
NOTES:
# LAST OF SEVERAL OCCURRENCES
COLUMN 17 PEAK WIND IN M.P.H.
PRELIMINARY LOCAL CLIMATOLOGICAL DATA (WS FORM: F-6) , PAGE 2
STATION: QUINCY IL
MONTH: JANUARY
YEAR: 2022
LATITUDE: 39 57 N
LONGITUDE: 91 12 W
[TEMPERATURE DATA] [PRECIPITATION DATA] SYMBOLS USED IN COLUMN 16
AVERAGE MONTHLY: 22.3 TOTAL FOR MONTH: M 1 = FOG OR MIST
DPTR FM NORMAL: -4.3 DPTR FM NORMAL: M 2 = FOG REDUCING VISIBILITY
HIGHEST: 49 ON 12,11 GRTST 24HR M TO 1/4 MILE OR LESS
LOWEST: -5 ON 21 3 = THUNDER
SNOW, ICE PELLETS, HAIL 4 = ICE PELLETS
TOTAL MONTH: M 5 = HAIL
GRTST 24HR M 6 = FREEZING RAIN OR DRIZZLE
GRTST DEPTH: M 7 = DUSTSTORM OR SANDSTORM:
VSBY 1/2 MILE OR LESS
8 = SMOKE OR HAZE
[NO. OF DAYS WITH] [WEATHER - DAYS WITH] 9 = BLOWING SNOW
X = TORNADO
MAX 32 OR BELOW: 13 0.01 INCH OR MORE: M
MAX 90 OR ABOVE: 0 0.10 INCH OR MORE: M
MIN 32 OR BELOW: 29 0.50 INCH OR MORE: M
MIN 0 OR BELOW: 4 1.00 INCH OR MORE: M
[HDD (BASE 65) ]
TOTAL THIS MO. 1316 CLEAR (SCALE 0-3) 19
DPTR FM NORMAL 126 PTCLDY (SCALE 4-7) 9
TOTAL FM JUL 1 2932 CLOUDY (SCALE 8-10) 3
DPTR FM NORMAL -385
[CDD (BASE 65) ]
TOTAL THIS MO. 0
DPTR FM NORMAL 0 [PRESSURE DATA]
TOTAL FM JAN 1 0 HIGHEST SLP 30.73 ON 20
DPTR FM NORMAL 0 LOWEST SLP 29.59 ON 4
[REMARKS]
#FINAL-01-22#