000
CXUS53 KLSX 011600
CF6UIN
PRELIMINARY LOCAL CLIMATOLOGICAL DATA (WS FORM: F-6)

                                          STATION:   QUINCY IL
                                          MONTH:     MAY
                                          YEAR:      2012
                                          LATITUDE:   39 57 N
                                          LONGITUDE:  91 12 W

  TEMPERATURE IN F:       :PCPN:    SNOW:  WIND      :SUNSHINE: SKY     :PK WND
================================================================================
1   2   3   4   5  6A  6B    7    8   9   10  11  12  13   14  15   16   17  18
                                     12Z  AVG MX 2MIN
DY MAX MIN AVG DEP HDD CDD  WTR  SNW DPTH SPD SPD DIR MIN PSBL S-S WX    SPD DR
================================================================================

 1  77  53  65   7   0   0 0.78  0.0    0  9.2 20 240   M    M   4 13     25 220
 2  85  63  74  15   0   9 0.01  0.0    0 11.2 23 130   M    M   3 3      29 140
 3  83  69  76  17   0  11 0.00  0.0    0 11.0 28 190   M    M   2        37 180
 4  77  62  70  11   0   5 0.34  0.0    0  8.4 26  30   M    M   3 13     36  20
 5  86  66  76  16   0  11 0.00  0.0    0  6.7 13 130   M    M   2        16 130
 6  87  68  78  18   0  13    T  0.0    0  6.7 18 320   M    M   0 138    26 240
 7  72  55  64   4   1   0 0.01  0.0    0  9.3 18 320   M    M   6 1      24 320
 8  72  53  63   3   2   0 0.00  0.0    0  9.6 22 280   M    M   2        30 270
 9  69  48  59  -2   6   0 0.00  0.0    0  7.4 15 320   M    M   2        25 330
10  73  47  60  -1   5   0 0.00  0.0    0  4.6 10 150   M    M   1        14 160
11  78  55  67   6   0   2 0.00  0.0    0  8.8 17 190   M    M   1        21 180
12  71  58  65   3   0   0 0.00  0.0    0  8.3 17  10   M    M   5 18     22 360
13  75  51  63   1   2   0 0.00  0.0    0  8.9 18  10   M    M   1 1      23  30
14  78  51  65   3   0   0 0.00  0.0    0  3.9 10 320   M    M   0        15 300
15  83  50  67   5   0   2 0.00  0.0    0  8.9 16 250   M    M   0        22 240
16  75  54  65   2   0   0 0.00  0.0    0  7.7 15  40   M    M   0        20  60
17  78  50  64   1   1   0 0.00  0.0    0  7.0 13 110   M    M   0        16 140
18  85  53  69   6   0   4 0.00  0.0    0  8.6 16 150   M    M   0        22 140
19  87  63  75  11   0  10 0.00  0.0    0  9.9 20 190   M    M   0        25 190
20  85  59  72   8   0   7 0.00  0.0    0 12.1 21 310   M    M   1 38     26 320
21  74  50  62  -2   3   0 0.00  0.0    0  9.0 21  10   M    M   0        28  10
22  79  50  65   0   0   0 0.00  0.0    0  3.9 10 100   M    M   0        13 210
23  83  59  71   6   0   6 0.00  0.0    0 11.0 20 180   M    M   0        28 160
24  90  68  79  14   0  14 0.00  0.0    0 14.7 30 190   M    M   2 8      39 190
25  85  64  75   9   0  10 0.00  0.0    0  8.2 14 100   M    M   3        18 110
26  91  71  81  15   0  16 0.00  0.0    0  7.2 14 150   M    M   2        17 150
27  92  71  82  16   0  17 0.00  0.0    0 12.3 22 190   M    M   0        26 190
28  90  72  81  15   0  16 0.09  0.0    0 12.5 25 200   M    M   3 3      36 260
29  85  61  73   6   0   8 0.00  0.0    0  6.4 18 340   M    M   1        23 340
30  77  54  66  -1   0   1 0.00  0.0    0  7.6 15 310   M    M   0 8      20 320
31  62  47  55 -12  10   0 0.10  0.0    0 12.9 21  70   M    M   8 1      26  60
================================================================================
SM 2484 1795        30 162  1.33     0.0 273.9          M       52
================================================================================
AV 80.1 57.9                               8.8 FASTST   M    M   2    MAX(MPH)
                                 MISC ---->  # 30 190               # 39  190
================================================================================
NOTES:
# LAST OF SEVERAL OCCURRENCES

COLUMN 17 PEAK WIND IN M.P.H.

PRELIMINARY LOCAL CLIMATOLOGICAL DATA (WS FORM: F-6) , PAGE 2

                                          STATION:  QUINCY IL
                                          MONTH:    MAY
                                          YEAR:     2012
                                          LATITUDE:   39 57 N
                                          LONGITUDE:  91 12 W

[TEMPERATURE DATA]      [PRECIPITATION DATA]       SYMBOLS USED IN COLUMN 16

AVERAGE MONTHLY: 69.0   TOTAL FOR MONTH:   1.33    1 = FOG OR MIST
DPTR FM NORMAL:   6.2   DPTR FM NORMAL:   -3.21    2 = FOG REDUCING VISIBILITY
HIGHEST:    92 ON 27    GRTST 24HR  0.78 ON  1- 1      TO 1/4 MILE OR LESS
LOWEST:     47 ON 31,10                            3 = THUNDER
                        SNOW, ICE PELLETS, HAIL    4 = ICE PELLETS
                        TOTAL MONTH:   0.0 INCH    5 = HAIL
                        GRTST 24HR     0.0         6 = FREEZING RAIN OR DRIZZLE
                        GRTST DEPTH:   0           7 = DUSTSTORM OR SANDSTORM:
                                                       VSBY 1/2 MILE OR LESS
                                                   8 = SMOKE OR HAZE
[NO. OF DAYS WITH]      [WEATHER - DAYS WITH]      9 = BLOWING SNOW
                                                   X = TORNADO
MAX 32 OR BELOW:   0    0.01 INCH OR MORE:   6
MAX 90 OR ABOVE:   4    0.10 INCH OR MORE:   3
MIN 32 OR BELOW:   0    0.50 INCH OR MORE:   1
MIN  0 OR BELOW:   0    1.00 INCH OR MORE:   0

[HDD (BASE 65) ]
TOTAL THIS MO.    30    CLEAR  (SCALE 0-3)  26
DPTR FM NORMAL  -106    PTCLDY (SCALE 4-7)   5
TOTAL FM JUL 1  4272    CLOUDY (SCALE 8-10)  0
DPTR FM NORMAL -1294

[CDD (BASE 65) ]
TOTAL THIS MO.   162
DPTR FM NORMAL    94    [PRESSURE DATA]
TOTAL FM JAN 1   222    HIGHEST SLP 30.24 ON 13
DPTR FM NORMAL   136    LOWEST  SLP 29.51 ON 24

[REMARKS]
#FINAL-05-12#
