000
CXUS53 KLSX 011600
CF6UIN
PRELIMINARY LOCAL CLIMATOLOGICAL DATA (WS FORM: F-6)

                                          STATION:   QUINCY IL
                                          MONTH:     FEBRUARY
                                          YEAR:      2012
                                          LATITUDE:   39 57 N
                                          LONGITUDE:  91 12 W

  TEMPERATURE IN F:       :PCPN:    SNOW:  WIND      :SUNSHINE: SKY     :PK WND
================================================================================
1   2   3   4   5  6A  6B    7    8   9   10  11  12  13   14  15   16   17  18
                                     12Z  AVG MX 2MIN
DY MAX MIN AVG DEP HDD CDD  WTR  SNW DPTH SPD SPD DIR MIN PSBL S-S WX    SPD DR
================================================================================

 1  54  33  44  17  21   0 0.00  0.0    0  3.3  9 320   M    M   0        13 270
 2  61  32  47  19  18   0 0.00  0.0    0  5.8 10 110   M    M   0        14 130
 3  52  36  44  16  21   0 0.27  0.0    0 11.0 26  90   M    M   5 1      35  80
 4  42  37  40  12  25   0 0.08  0.0    0 15.1 26  70   M    M  10 1      33 100
 5  45  29  37   9  28   0    T  0.0    0  8.2 16  20   M    M   5 18     20  20
 6  40  29  35   7  30   0 0.00  0.0    0  5.8 13 260   M    M   6 18     15 250
 7  33  29  31   3  34   0 0.02    M    0  7.6 15  20   M    M   6 18     18  30
 8  32  23  28  -1  37   0    T    M    M  6.2 13  10   M    M   9 1      15 360
 9  34  18  26  -3  39   0 0.00  0.0    0  5.2 10 190   M    M   6        13 200
10  35  18  27  -2  38   0    T    T    0 15.4 25 320   M    M  10 18     32 330
11  26  11  19 -11  46   0 0.00  0.0    0 16.2 28 320   M    M   1        35 310
12  35  12  24  -6  41   0 0.00  0.0    0  8.6 16 320   M    M   0        21 320
13  31  27  29  -1  36   0 0.05    M    0  9.1 15 170   M    M  10 128    21 200
14  36  28  32   2  33   0 0.00  0.0    M  7.3 14 210   M    M   8 1      16 190
15  42  28  35   4  30   0 0.11  0.0    0  6.1 12 190   M    M   7 12     15 160
16  47  31  39   8  26   0 0.00  0.0    0  8.2 17 300   M    M   4 128    28 300
17  54  28  41  10  24   0 0.00  0.0    0  9.0 21 210   M    M   3        26 200
18  43  24  34   2  31   0 0.00  0.0    0  8.0 15  40   M    M   0        18  40
19  43  27  35   3  30   0 0.00  0.0    0  6.6 12  60   M    M   2        15  50
20  46  25  36   4  29   0    T  0.0    0 12.2 22 120   M    M   2        26 120
21  54  35  45  12  20   0    T  0.0    0 12.8 25 250   M    M   5        35 250
22  59  34  47  14  18   0 0.00  0.0    0  8.2 22 270   M    M   6        30 250
23  59  39  49  15  16   0 0.15    M    0  8.9 25 250   M    M   7 1      32 260
24  40  30  35   1  30   0    T    M    0 18.6 30 300   M    M   8 18     38 290
25  38  23  31  -3  34   0 0.00  0.0    0 11.5 26 310   M    M   3        36 310
26  62  29  46  11  19   0 0.00  0.0    0 14.5 33 210   M    M   0        44 200
27  45  28  37   2  28   0 0.00  0.0    0  9.1 21 320   M    M   0        26 320
28  60  31  46  10  19   0 0.09  0.0    0 12.9 20 120   M    M   7 3      26 170
29  62  35  49  13  16   0 0.01  0.0    0 22.4 36 270   M    M   3        51 250
================================================================================
SM 1310  809       817   0  0.78    T    293.8          M      133
================================================================================
AV 45.2 27.9                              10.1 FASTST   M    M   5    MAX(MPH)
                                 MISC ---->  # 36 270               # 51  250
================================================================================
NOTES:
# LAST OF SEVERAL OCCURRENCES

COLUMN 17 PEAK WIND IN M.P.H.

PRELIMINARY LOCAL CLIMATOLOGICAL DATA (WS FORM: F-6) , PAGE 2

                                          STATION:  QUINCY IL
                                          MONTH:    FEBRUARY
                                          YEAR:     2012
                                          LATITUDE:   39 57 N
                                          LONGITUDE:  91 12 W

[TEMPERATURE DATA]      [PRECIPITATION DATA]       SYMBOLS USED IN COLUMN 16

AVERAGE MONTHLY: 36.5   TOTAL FOR MONTH:   0.78    1 = FOG OR MIST
DPTR FM NORMAL:   5.6   DPTR FM NORMAL:   -1.10    2 = FOG REDUCING VISIBILITY
HIGHEST:    62 ON 29,26 GRTST 24HR  0.34 ON  3- 4      TO 1/4 MILE OR LESS
LOWEST:     11 ON 11                               3 = THUNDER
                        SNOW, ICE PELLETS, HAIL    4 = ICE PELLETS
                        TOTAL MONTH:    T          5 = HAIL
                        GRTST 24HR    T  ON 10-10  6 = FREEZING RAIN OR DRIZZLE
                        GRTST DEPTH:   0           7 = DUSTSTORM OR SANDSTORM:
                                                       VSBY 1/2 MILE OR LESS
                                                   8 = SMOKE OR HAZE
[NO. OF DAYS WITH]      [WEATHER - DAYS WITH]      9 = BLOWING SNOW
                                                   X = TORNADO
MAX 32 OR BELOW:   3    0.01 INCH OR MORE:   8
MAX 90 OR ABOVE:   0    0.10 INCH OR MORE:   3
MIN 32 OR BELOW:  22    0.50 INCH OR MORE:   0
MIN  0 OR BELOW:   0    1.00 INCH OR MORE:   0

[HDD (BASE 65) ]
TOTAL THIS MO.   817    CLEAR  (SCALE 0-3)  12
DPTR FM NORMAL  -139    PTCLDY (SCALE 4-7)  13
TOTAL FM JUL 1  3645    CLOUDY (SCALE 8-10)  4
DPTR FM NORMAL  -726

[CDD (BASE 65) ]
TOTAL THIS MO.     0
DPTR FM NORMAL     0    [PRESSURE DATA]
TOTAL FM JAN 1     0    HIGHEST SLP 30.62 ON 11
DPTR FM NORMAL     0    LOWEST  SLP 29.27 ON 23

[REMARKS]
#FINAL-02-12#
