000
CXUS53 KLSX 031721
CF6UIN
PRELIMINARY LOCAL CLIMATOLOGICAL DATA (WS FORM: F-6)

                                          STATION:   QUINCY IL
                                          MONTH:     JANUARY
                                          YEAR:      2012
                                          LATITUDE:   39 57 N
                                          LONGITUDE:  91 12 W

  TEMPERATURE IN F:       :PCPN:    SNOW:  WIND      :SUNSHINE: SKY     :PK WND
================================================================================
1   2   3   4   5  6A  6B    7    8   9   10  11  12  13   14  15   16   17  18
                                     12Z  AVG MX 2MIN
DY MAX MIN AVG DEP HDD CDD  WTR  SNW DPTH SPD SPD DIR MIN PSBL S-S WX    SPD DR
================================================================================

 1  50  28  39  12  26   0 0.01  0.0    0 23.4 39 300   M    M   4        48 300
 2  28  17  23  -4  42   0    T    M    0 19.5 33 320   M    M   4        41 320
 3  36  11  24  -3  41   0 0.00  0.0    0  9.2 18 210   M    M   0        23 170
 4  46  29  38  11  27   0 0.00  0.0    0 10.1 21 300   M    M   0        24 300
 5  58  33  46  20  19   0 0.00  0.0    0 10.4 15 220   M    M   0        21 220
 6  59  38  49  23  16   0 0.00  0.0    0 10.5 17 240   M    M   0        23 250
 7  45  27  36  10  29   0 0.00  0.0    0  6.9 14 310   M    M   0        17 320
 8  42  25  34   8  31   0 0.00  0.0    0  3.1  8  50   M    M   4 1       9  30
 9  49  22  36  10  29   0 0.00  0.0    0  6.3 17 220   M    M   0 18     22 220
10  56  27  42  16  23   0 0.00  0.0    0  5.8 17 190   M    M   0        22 190
11  54  25  40  14  25   0 0.00  0.0    0  9.6 29 320   M    M   2        37 320
12  25  13  19  -7  46   0 0.07    M    M 18.8 30 310   M    M  10 12     38 300
13  18   7  13 -13  52   0    T    M    M  9.9 20 290   M    M   7 8      26 290
14  26  11  19  -7  46   0 0.01    M    M  6.6 13  80   M    M   8 18     15  70
15  42  18  30   4  35   0 0.00  0.0    M 12.7 23 160   M    M   0        31 160
16  64  39  52  26  13   0 0.00  0.0    0  9.9 23 220   M    M   2 13     30 220
17  41  15  28   2  37   0 0.32    M    0 17.8 30 300   M    M   7 138    36 300
18  31  10  21  -5  44   0 0.00  0.0    0  9.2 21 170   M    M   1        28 160
19  31   9  20  -6  45   0 0.00  0.0    0 10.9 21  20   M    M   4        25  10
20  23   9  16 -10  49   0    T  0.0    0 10.9 16  10   M    M   9 8      20 110
21  27  16  22  -4  43   0 0.00  0.0    0 10.1 21 140   M    M   8 1      29 140
22  47  26  37  11  28   0 0.05  0.0    0 13.7 22 210   M    M  10 123    31 120
23  47  31  39  13  26   0 0.03  0.0    0 16.1 31 260   M    M   9 138    41 270
24  39  23  31   4  34   0 0.00  0.0    0  4.3 14 300   M    M   2 1      17 280
25  36  28  32   5  33   0 0.00  0.0    0  7.3 14 140   M    M   5        16 130
26  39  32  36   9  29   0 0.00  0.0    0  6.0 20 310   M    M   8        24 320
27  37  24  31   4  34   0 0.38    M    0  5.6 18 310   M    M   6 1      23 310
28  36  23  30   3  35   0    T    M    M 10.9 20 290   M    M   1 1      24 300
29  37  28  33   6  32   0 0.00  0.0    M  8.5 17 310   M    M   1        22 330
30  64  30  47  20  18   0 0.00  0.0    0 14.3 21 220   M    M   2        29 220
31  63  44  54  27  11   0 0.00  0.0    0 13.4 26 240   M    M   3        35 220
================================================================================
SM 1296  718       998   0  0.87     0.0 331.7          M      117
================================================================================
AV 41.8 23.2                              10.7 FASTST   M    M   4    MAX(MPH)
                                 MISC ---->  # 39 300               # 48  300
================================================================================
NOTES:
# LAST OF SEVERAL OCCURRENCES

COLUMN 17 PEAK WIND IN M.P.H.

PRELIMINARY LOCAL CLIMATOLOGICAL DATA (WS FORM: F-6) , PAGE 2

                                          STATION:  QUINCY IL
                                          MONTH:    JANUARY
                                          YEAR:     2012
                                          LATITUDE:   39 57 N
                                          LONGITUDE:  91 12 W

[TEMPERATURE DATA]      [PRECIPITATION DATA]       SYMBOLS USED IN COLUMN 16

AVERAGE MONTHLY: 32.5   TOTAL FOR MONTH:   0.87    1 = FOG OR MIST
DPTR FM NORMAL:   6.0   DPTR FM NORMAL:   -0.65    2 = FOG REDUCING VISIBILITY
HIGHEST:    64 ON 30,16 GRTST 24HR  0.38 ON 27-27      TO 1/4 MILE OR LESS
LOWEST:      7 ON 13                               3 = THUNDER
                        SNOW, ICE PELLETS, HAIL    4 = ICE PELLETS
                        TOTAL MONTH:   0.0 INCH    5 = HAIL
                        GRTST 24HR     0.0         6 = FREEZING RAIN OR DRIZZLE
                        GRTST DEPTH:   0           7 = DUSTSTORM OR SANDSTORM:
                                                       VSBY 1/2 MILE OR LESS
                                                   8 = SMOKE OR HAZE
[NO. OF DAYS WITH]      [WEATHER - DAYS WITH]      9 = BLOWING SNOW
                                                   X = TORNADO
MAX 32 OR BELOW:   8    0.01 INCH OR MORE:   7
MAX 90 OR ABOVE:   0    0.10 INCH OR MORE:   2
MIN 32 OR BELOW:  27    0.50 INCH OR MORE:   0
MIN  0 OR BELOW:   0    1.00 INCH OR MORE:   0

[HDD (BASE 65) ]
TOTAL THIS MO.   998    CLEAR  (SCALE 0-3)  15
DPTR FM NORMAL  -197    PTCLDY (SCALE 4-7)  11
TOTAL FM JUL 1  2828    CLOUDY (SCALE 8-10)  5
DPTR FM NORMAL  -558

[CDD (BASE 65) ]
TOTAL THIS MO.     0
DPTR FM NORMAL     0    [PRESSURE DATA]
TOTAL FM JAN 1     0    HIGHEST SLP 30.54 ON  3
DPTR FM NORMAL     0    LOWEST  SLP 29.34 ON 23

[REMARKS]
#FINAL-01-12#
