000
CXUS53 KLSX 311600
CF6UIN
PRELIMINARY LOCAL CLIMATOLOGICAL DATA (WS FORM: F-6)

                                          STATION:   QUINCY IL
                                          MONTH:     DECEMBER
                                          YEAR:      2011
                                          LATITUDE:   39 57 N
                                          LONGITUDE:  91 12 W

  TEMPERATURE IN F:       :PCPN:    SNOW:  WIND      :SUNSHINE: SKY     :PK WND
================================================================================
1   2   3   4   5  6A  6B    7    8   9   10  11  12  13   14  15   16   17  18
                                     12Z  AVG MX 2MIN
DY MAX MIN AVG DEP HDD CDD  WTR  SNW DPTH SPD SPD DIR MIN PSBL S-S WX    SPD DR
================================================================================

 1  52  28  40   5  25   0 0.00  0.0    0  6.1 16 340   M    M   1        21 330
 2  43  33  38   4  27   0    T  0.0    0  8.6 17 340   M    M  10 8      21 340
 3  56  43  50  16  15   0 0.36  0.0    0 12.5 24 170   M    M   8 1      32 190
 4  55  31  43  10  22   0    T  0.0    0 10.9 25 250   M    M  10 18     35 260
 5  31  26  29  -4  36   0 0.00  0.0    0 12.8 20 340   M    M  10        24 330
 6  28  25  27  -6  38   0    T    M    M  9.2 16 330   M    M  10 1      20 330
 7  32  15  24  -8  41   0 0.00  0.0    0  7.8 16 230   M    M   4 1      21 230
 8  39  23  31  -1  34   0    T    M    0  3.4  9  20   M    M   6 18     12  20
 9  31  18  25  -6  40   0    T    M    M  7.9 17 320   M    M   4 1      23 320
10  34  12  23  -8  42   0 0.00  0.0    0  6.2 13 200   M    M   0        16 180
11  45  26  36   5  29   0 0.00  0.0    0  8.5 15 210   M    M   0        17 200
12  46  31  39   9  26   0 0.00  0.0    0  6.1 13 200   M    M   7        15 180
13  44  40  42  12  23   0 0.34  0.0    0  5.7 10 150   M    M  10 1      13 150
14  59  44  52  22  13   0 1.20  0.0    0 12.0 20 190   M    M   9 13     25 180
15  58  29  44  14  21   0 0.04  0.0    0 12.9 26 300   M    M   9 1      32 300
16  35  22  29   0  36   0 0.00  0.0    0  3.7  9 300   M    M   0        10 310
17  43  28  36   7  29   0 0.00  0.0    0  7.7 17 290   M    M   2        21 290
18  51  27  39  10  26   0 0.00  0.0    0 10.4 21 200   M    M   2        28 210
19  51  39  45  17  20   0 0.36  0.0    0  9.5 17 240   M    M  10 1      22 250
20  40  36  38  10  27   0 0.36  0.0    0  9.2 20  80   M    M  10 12     24  80
21  41  33  37   9  28   0 0.02  0.0    0  8.6 16 240   M    M   6 1      22 240
22  36  30  33   5  32   0    T    M    0  9.7 18 350   M    M   6 1      23 350
23  32  23  28   0  37   0 0.00  0.0    0  9.5 16 220   M    M   5        20 220
24  44  22  33   5  32   0 0.00  0.0    0  7.8 13 210   M    M   0        15 210
25  48  29  39  11  26   0 0.00  0.0    0  8.1 20 300   M    M   0        22 310
26  41  26  34   7  31   0    T  0.0    0  8.1 18 190   M    M   4 1      24 190
27  40  27  34   7  31   0    T  0.0    0 12.5 25 320   M    M   4 1      35 300
28  45  23  34   7  31   0 0.00  0.0    0  6.9 14 190   M    M   2        18 190
29  54  37  46  19  19   0    T  0.0    0 10.2 18 250   M    M   3        24 240
30  50  40  45  18  20   0 0.05  0.0    0 15.5 36 280   M    M   8 1      44 270
================================================================================
SM 1304  866       857   0  2.73     0.0 268.0          M      160
================================================================================
AV 43.5 28.9                               8.9 FASTST   M    M   5    MAX(MPH)
                                 MISC ---->  # 36 280               # 44  270
================================================================================
NOTES:
# LAST OF SEVERAL OCCURRENCES

COLUMN 17 PEAK WIND IN M.P.H.

PRELIMINARY LOCAL CLIMATOLOGICAL DATA (WS FORM: F-6) , PAGE 2

                                          STATION:  QUINCY IL
                                          MONTH:    DECEMBER
                                          YEAR:     2011
                                          LATITUDE:   39 57 N
                                          LONGITUDE:  91 12 W

[TEMPERATURE DATA]      [PRECIPITATION DATA]       SYMBOLS USED IN COLUMN 16

AVERAGE MONTHLY: 36.2   TOTAL FOR MONTH:   2.73    1 = FOG OR MIST
DPTR FM NORMAL:   6.3   DPTR FM NORMAL:    0.54    2 = FOG REDUCING VISIBILITY
HIGHEST:    59 ON 14    GRTST 24HR  1.49 ON 13-14      TO 1/4 MILE OR LESS
LOWEST:     12 ON 10                               3 = THUNDER
                        SNOW, ICE PELLETS, HAIL    4 = ICE PELLETS
                        TOTAL MONTH:   0.0 INCH    5 = HAIL
                        GRTST 24HR     0.0         6 = FREEZING RAIN OR DRIZZLE
                        GRTST DEPTH:   0           7 = DUSTSTORM OR SANDSTORM:
                                                       VSBY 1/2 MILE OR LESS
                                                   8 = SMOKE OR HAZE
[NO. OF DAYS WITH]      [WEATHER - DAYS WITH]      9 = BLOWING SNOW
                                                   X = TORNADO
MAX 32 OR BELOW:   5    0.01 INCH OR MORE:   8
MAX 90 OR ABOVE:   0    0.10 INCH OR MORE:   5
MIN 32 OR BELOW:  21    0.50 INCH OR MORE:   1
MIN  0 OR BELOW:   0    1.00 INCH OR MORE:   1

[HDD (BASE 65) ]
TOTAL THIS MO.   857    CLEAR  (SCALE 0-3)  10
DPTR FM NORMAL  -196    PTCLDY (SCALE 4-7)  10
TOTAL FM JUL 1  1810    CLOUDY (SCALE 8-10) 10
DPTR FM NORMAL  -343

[CDD (BASE 65) ]
TOTAL THIS MO.     0
DPTR FM NORMAL     0    [PRESSURE DATA]
TOTAL FM JAN 1  1430    HIGHEST SLP M ON M
DPTR FM NORMAL   336    LOWEST  SLP 29.55 ON 30

[REMARKS]
