000
CXUS53 KLSX 020845 CCB
CF6UIN

PRELIMINARY LOCAL CLIMATOLOGICAL DATA (WS FORM: F-6)

                                          STATION:   QUINCY IL
                                          MONTH:     DECEMBER
                                          YEAR:      2015
                                          LATITUDE:   39 57 N
                                          LONGITUDE:  91 12 W

  TEMPERATURE IN F:       :PCPN:    SNOW:  WIND      :SUNSHINE: SKY     :PK WND
================================================================================
1   2   3   4   5  6A  6B    7    8   9   10  11  12  13   14  15   16   17  18
                                     12Z  AVG MX 2MIN
DY MAX MIN AVG DEP HDD CDD  WTR  SNW DPTH SPD SPD DIR MIN PSBL S-S WX    SPD DR
================================================================================

 1  46  32  39   4  26   0 0.02  0.0    0 12.7 25 220   M    M   4        32 220
 2  37  30  34   0  31   0    T    M    0 10.4 21 290   M    M   7 1      27 280
 3  45  32  39   5  26   0 0.00  0.0    0  6.2 12 320   M    M   5 1      14 320
 4  51  27  39   6  26   0 0.00  0.0    0  7.0 12 200   M    M   0 1      14 180
 5  52  30  41   8  24   0 0.00  0.0    0  8.4 15 190   M    M   0 18     20 200
 6  43  34  39   6  26   0    T  0.0    0  6.4 10 220   M    M   6        14 180
 7  47  37  42  10  23   0 0.00  0.0    0  7.4 14 190   M    M   6 18     17 160
 8  57  37  47  15  18   0 0.00  0.0    0  8.5 15 200   M    M   0        18 170
 9  54  35  45  14  20   0 0.00  0.0    0  7.6 13 270   M    M   0        16 180
10  61  40  51  20  14   0 0.00  0.0    0 13.3 28 270   M    M   0        36 280
11  56  38  47  16  18   0 0.00  0.0    0  9.1 17 140   M    M   2 1      23 150
12  69  51  60  30   5   0 0.00  0.0    0  9.4 15 170   M    M   6        22 180
13  66  57  62  32   3   0 1.47  0.0    0 17.4 26 220   M    M   9 1      35 160
14  57  40  49  19  16   0 0.21  0.0    0 17.0 31 260   M    M  10 1      41 250
15  46  38  42  12  23   0 0.00  0.0    0 11.5 24 130   M    M  10 1      29 130
16  51  34  43  14  22   0 0.00  0.0    0 15.2 30 230   M    M   5        42 240
17  34  28  31   2  34   0 0.00  0.0    0 11.1 18 300   M    M   8        24 280
18  39  23  31   2  34   0 0.00  0.0    0 13.7 30 240   M    M   1        38 240
19  40  19  30   1  35   0 0.00  0.0    0  7.6 16 160   M    M   0        21 160
20  55  40  48  20  17   0 0.18  0.0    0 15.2 23 180   M    M   3 1      32 180
21  58  37  48  20  17   0 0.32  0.0    0 12.5 23 210   M    M  10 13     31 180
22  45  33  39  11  26   0 0.00  0.0    0 10.4 20 130   M    M   6 1      27 150
23  63  39  51  23  14   0 1.02    M    0 14.6 37 250   M    M   8 13     50 240
24  44  31  38  10  27   0    T  0.0    0  8.1 20 130   M    M   4        23 130
25  45  33  39  11  26   0 0.00  0.0    0 11.6 24 110   M    M   5 1      31 110
26  45  39  42  15  23   0 1.06  0.0    0 11.0 24  10   M    M   9 12     28  20
27  39  33  36   9  29   0 0.44  0.0    0 20.1 28  20   M    M  10 1      34  20
28  36  31  34   7  31   0 1.08    M    0 19.8 37  50   M    M  10 1      48  80
29  31  27  29   2  36   0    T    M    0  9.6 22 260   M    M  10 1      30 260
30  29  24  27   0  38   0 0.02    M    0  7.1 13 280   M    M  10 1      15 270
31  34  26  30   3  35   0 0.00  0.0    0  9.3 20 290   M    M   5        23 290
================================================================================
SM 1475 1055       743   0  5.82     0.0 349.2          M      169
================================================================================
AV 47.6 34.0                              11.3 FASTST   M    M   5    MAX(MPH)
                                 MISC ---->  # 37 250               # 50  240
================================================================================
NOTES:
# LAST OF SEVERAL OCCURRENCES

COLUMN 17 PEAK WIND IN M.P.H.

PRELIMINARY LOCAL CLIMATOLOGICAL DATA (WS FORM: F-6) , PAGE 2

                                          STATION:  QUINCY IL
                                          MONTH:    DECEMBER
                                          YEAR:     2015
                                          LATITUDE:   39 57 N
                                          LONGITUDE:  91 12 W

[TEMPERATURE DATA]      [PRECIPITATION DATA]       SYMBOLS USED IN COLUMN 16

AVERAGE MONTHLY: 40.8   TOTAL FOR MONTH:   5.82    1 = FOG OR MIST
DPTR FM NORMAL:  11.0   DPTR FM NORMAL:    3.57    2 = FOG REDUCING VISIBILITY
HIGHEST:    69 ON 12    GRTST 24HR  1.61 ON 13-14      TO 1/4 MILE OR LESS
LOWEST:     19 ON 19                               3 = THUNDER
                        HAIL                       4 = ICE PELLETS
                        TOTAL MONTH:   M           5 = HAIL
                        GRTST 24HR     M           6 = FREEZING RAIN OR DRIZZLE
                        GRTST DEPTH:   M           7 = DUSTSTORM OR SANDSTORM:
                                                       VSBY 1/2 MILE OR LESS
                                                   8 = SMOKE OR HAZE
[NO. OF DAYS WITH]      [WEATHER - DAYS WITH]      9 = BLOWING SNOW
                                                   X = TORNADO
MAX 32 OR BELOW:   2    0.01 INCH OR MORE:  10
MAX 90 OR ABOVE:   0    0.10 INCH OR MORE:   8
MIN 32 OR BELOW:  13    0.50 INCH OR MORE:   4
MIN  0 OR BELOW:   0    1.00 INCH OR MORE:   4

[HDD (BASE 65) ]
TOTAL THIS MO.   743    CLEAR  (SCALE 0-3)   9
DPTR FM NORMAL  -348    PTCLDY (SCALE 4-7)  11
TOTAL FM JUL 1  1561    CLOUDY (SCALE 8-10) 11
DPTR FM NORMAL  -630

[CDD (BASE 65) ]
TOTAL THIS MO.     0
DPTR FM NORMAL     0    [PRESSURE DATA]
TOTAL FM JAN 1  1219    HIGHEST SLP 30.58 ON  5
DPTR FM NORMAL   125    LOWEST  SLP 29.01 ON 23

[REMARKS]
#FINAL-12-15#
