000
CXUS53 KLSX 012136 CCA
CF6UIN

PRELIMINARY LOCAL CLIMATOLOGICAL DATA (WS FORM: F-6)

                                          STATION:   QUINCY IL
                                          MONTH:     FEBRUARY
                                          YEAR:      2016
                                          LATITUDE:   39 57 N
                                          LONGITUDE:  91 12 W

  TEMPERATURE IN F:       :PCPN:    SNOW:  WIND      :SUNSHINE: SKY     :PK WND
================================================================================
1   2   3   4   5  6A  6B    7    8   9   10  11  12  13   14  15   16   17  18
                                     12Z  AVG MX 2MIN
DY MAX MIN AVG DEP HDD CDD  WTR  SNW DPTH SPD SPD DIR MIN PSBL S-S WX    SPD DR
================================================================================

 1  50  33  42  15  23   0 0.00  0.0    0  5.9 14  70   M    M   3        16  70
 2  56  39  48  20  17   0 0.10  0.0    0 12.7 38 110   M    M   6 13     44 110
 3  42  22  32   4  33   0 0.00  0.0    0 18.7 28 290   M    M   9        36 280
 4  40  17  29   1  36   0 0.00  0.0    0  8.3 18 230   M    M   1        21 230
 5  34  21  28   0  37   0 0.00  0.0    0  4.6 14 330   M    M   1 1      16 330
 6  50  25  38  10  27   0 0.00  0.0    0  6.8 15 260   M    M   2        19 230
 7  50  34  42  13  23   0    T    M    0 13.3 36 290   M    M   3 8      44 300
 8  35  17  26  -3  39   0 0.02    M    M 20.3 31 310   M    M  10 12689  41 310
 9  20  13  17 -12  48   0    T    M    M 19.1 28 330   M    M   7 18     33 320
10  20   8  14 -15  51   0 0.03    M    M  6.2 16 320   M    M   7        20 320
11  24   8  16 -14  49   0 0.01    M    M  6.0 15  30   M    M   6 1      16  30
12  26   9  18 -12  47   0 0.02    M    M 12.4 26 320   M    M   6 18     31 330
13  19   2  11 -19  54   0    T    M    M  6.9 14 110   M    M   4 8      19 110
14  26  17  22  -8  43   0 0.02    M    M 12.7 22 130   M    M  10 128    28 130
15  33  25  29  -2  36   0 0.00  0.0    M  4.7 10 210   M    M   8 12     12 190
16  40  28  34   3  31   0 0.02    M    M  7.4 16 320   M    M   9 168    20 310
17  43  32  38   7  27   0 0.00  0.0    0  5.0 14 110   M    M   7 1      18 110
18  55  32  44  12  21   0 0.00  0.0    0 16.9 26 140   M    M   1 18     38 140
19  66  44  55  23  10   0 0.00  0.0    0 18.2 39 300   M    M   0        49 280
20  72  41  57  25   8   0 0.00  0.0    0  8.9 20  20   M    M   1        23  20
21  50  31  41   8  24   0 0.00  0.0    0  9.2 20  10   M    M   4        23  10
22  49  30  40   7  25   0 0.00  0.0    0  5.5 12  70   M    M   3 1      14  70
23  49  28  39   5  26   0 0.00  0.0    0 11.3 21  20   M    M   2 1      25  20
24  41  35  38   4  27   0 0.00  0.0    0 19.9 31 360   M    M   6        39 360
25  42  29  36   2  29   0 0.00  0.0    0 16.7 25 330   M    M   9        31 330
26  43  25  34  -1  31   0 0.00  0.0    0  7.1 13 260   M    M   5        19 260
27  65  27  46  11  19   0 0.00  0.0    0 11.8 22 210   M    M   0        27 200
28  67  38  53  17  12   0    T    M    0 20.5 32 320   M    M   2        44 230
29  66  29  48  12  17   0 0.00  0.0    0  9.9 22 240   M    M   1        28 250
================================================================================
SM 1273  739       870   0  0.22     0.0 326.9          M      133
================================================================================
AV 43.9 25.5                              11.3 FASTST   M    M   5    MAX(MPH)
                                 MISC ---->  # 39 300               # 49  280
================================================================================
NOTES:
# LAST OF SEVERAL OCCURRENCES

COLUMN 17 PEAK WIND IN M.P.H.

PRELIMINARY LOCAL CLIMATOLOGICAL DATA (WS FORM: F-6) , PAGE 2

                                          STATION:  QUINCY IL
                                          MONTH:    FEBRUARY
                                          YEAR:     2016
                                          LATITUDE:   39 57 N
                                          LONGITUDE:  91 12 W

[TEMPERATURE DATA]      [PRECIPITATION DATA]       SYMBOLS USED IN COLUMN 16

AVERAGE MONTHLY: 34.7   TOTAL FOR MONTH:   0.22    1 = FOG OR MIST
DPTR FM NORMAL:   3.8   DPTR FM NORMAL:   -1.66    2 = FOG REDUCING VISIBILITY
HIGHEST:    72 ON 20    GRTST 24HR  0.10 ON  2- 2      TO 1/4 MILE OR LESS
LOWEST:      2 ON 13                               3 = THUNDER
                        SNOW, ICE PELLETS, HAIL    4 = ICE PELLETS
                        TOTAL MONTH:   M           5 = HAIL
                        GRTST 24HR     M           6 = FREEZING RAIN OR DRIZZLE
                        GRTST DEPTH:   M           7 = DUSTSTORM OR SANDSTORM:
                                                       VSBY 1/2 MILE OR LESS
                                                   8 = SMOKE OR HAZE
[NO. OF DAYS WITH]      [WEATHER - DAYS WITH]      9 = BLOWING SNOW
                                                   X = TORNADO
MAX 32 OR BELOW:   6    0.01 INCH OR MORE:   7
MAX 90 OR ABOVE:   0    0.10 INCH OR MORE:   1
MIN 32 OR BELOW:  22    0.50 INCH OR MORE:   0
MIN  0 OR BELOW:   0    1.00 INCH OR MORE:   0

[HDD (BASE 65) ]
TOTAL THIS MO.   870    CLEAR  (SCALE 0-3)  13
DPTR FM NORMAL  -115    PTCLDY (SCALE 4-7)  10
TOTAL FM JUL 1  3597    CLOUDY (SCALE 8-10)  6
DPTR FM NORMAL  -774

[CDD (BASE 65) ]
TOTAL THIS MO.     0
DPTR FM NORMAL     0    [PRESSURE DATA]
TOTAL FM JAN 1     0    HIGHEST SLP 30.72 ON 13
DPTR FM NORMAL     0    LOWEST  SLP 29.42 ON  2

[REMARKS]
#FINAL-02-16#
