000
CXUS53 KLSX 011800
CF6UIN

PRELIMINARY LOCAL CLIMATOLOGICAL DATA (WS FORM: F-6)

                                          STATION:   QUINCY IL
                                          MONTH:     MAY
                                          YEAR:      2014
                                          LATITUDE:   39 57 N
                                          LONGITUDE:  91 12 W

  TEMPERATURE IN F:       :PCPN:    SNOW:  WIND      :SUNSHINE: SKY     :PK WND
================================================================================
1   2   3   4   5  6A  6B    7    8   9   10  11  12  13   14  15   16   17  18
                                     12Z  AVG MX 2MIN
DY MAX MIN AVG DEP HDD CDD  WTR  SNW DPTH SPD SPD DIR MIN PSBL S-S WX    SPD DR
================================================================================

 1  53  43  48 -10  17   0    T  0.0    0 11.8 21 280   M    M  10 1      29 280
 2  63  46  55  -4  10   0 0.00  0.0    0 10.4 20 270   M    M   9        24 270
 3  72  46  59   0   6   0    T  0.0    0  6.9 17 310   M    M   1        24 280
 4  72  46  59   0   6   0 0.00  0.0    0 13.2 22 100   M    M   0        29 100
 5  73  48  61   1   4   0 0.00  0.0    0 11.1 23 110   M    M   0        28 120
 6  82  52  67   7   0   2 0.00  0.0    0 14.2 22 130   M    M   0 8      27 120
 7  85  67  76  16   0  11 0.00  0.0    0 13.0 23 190   M    M   0        29 200
 8  85  66  76  16   0  11 0.09  0.0    0 15.4 30 160   M    M   3 13     40 170
 9  73  55  64   3   1   0 0.08  0.0    0  9.6 22 300   M    M   2 13     27 270
10  79  53  66   5   0   1 0.23  0.0    0 10.3 22  40   M    M   1 13     33 130
11  84  62  73  12   0   8 0.02  0.0    0 12.8 30 160   M    M   2        45 170
12  87  62  75  13   0  10 1.37  0.0    0 13.2 35 250   M    M   4 138    42 250
13  62  49  56  -6   9   0 0.03  0.0    0 10.5 18 300   M    M   8 1      24 310
14  53  43  48 -14  17   0 0.00  0.0    0  8.1 18  10   M    M   6        23  20
15  57  42  50 -13  15   0 0.01  0.0    0 10.2 22 300   M    M   6        27 290
16  54  41  48 -15  17   0    T  0.0    0  8.3 20 330   M    M   9        26 310
17  63  35  49 -14  16   0 0.00  0.0    0  5.5 12 320   M    M   2 1      16 240
18  68  42  55  -8  10   0 0.00  0.0    0  9.2 18 170   M    M   0        24 200
19  77  53  65   1   0   0 0.00  0.0    0 14.3 29 160   M    M   2        36 160
20  84  64  74  10   0   9 0.00  0.0    0 11.0 18 220   M    M   4        24 210
21  87  65  76  12   0  11    T  0.0    0  6.8 24  10   M    M   3 3      29  10
22  71  58  65   0   0   0 0.02  0.0    0  7.0 20 330   M    M   3 3      24 300
23  80  53  67   2   0   2 0.00  0.0    0  4.5 13  40   M    M   0        18  20
24  76  56  66   1   0   1 0.00  0.0    0  7.0 14 110   M    M   2        18 120
25  79  63  71   5   0   6 0.04  0.0    0  8.4 15 150   M    M   5        21 150
26  85  64  75   9   0  10 0.03  0.0    0  8.6 18 200   M    M   1 3      25 210
27  84  65  75   9   0  10 0.01  0.0    0  7.0 14 230   M    M   3        17 200
28  87  64  76  10   0  11 0.15  0.0    0  4.6 22  10   M    M   3 13     26  10
29  85  68  77  10   0  12 0.00  0.0    0  7.5 15 100   M    M   2 18     20 110
30  84  67  76   9   0  11 0.04  0.0    0  6.2 15 170   M    M   3 138    24 170
31  86  69  78  11   0  13 0.04  0.0    0  8.1 29 140   M    M   2 138    40 130
================================================================================
SM 2330 1707       128 139  2.16     0.0 294.7          M       96
================================================================================
AV 75.2 55.1                               9.5 FASTST   M    M   3    MAX(MPH)
                                 MISC ---->  # 35 250               # 45  170
================================================================================
NOTES:
# LAST OF SEVERAL OCCURRENCES

COLUMN 17 PEAK WIND IN M.P.H.

PRELIMINARY LOCAL CLIMATOLOGICAL DATA (WS FORM: F-6) , PAGE 2

                                          STATION:  QUINCY IL
                                          MONTH:    MAY
                                          YEAR:     2014
                                          LATITUDE:   39 57 N
                                          LONGITUDE:  91 12 W

[TEMPERATURE DATA]      [PRECIPITATION DATA]       SYMBOLS USED IN COLUMN 16

AVERAGE MONTHLY: 65.2   TOTAL FOR MONTH:   2.16    1 = FOG OR MIST
DPTR FM NORMAL:   2.4   DPTR FM NORMAL:   -2.38    2 = FOG REDUCING VISIBILITY
HIGHEST:    87 ON 28,21 GRTST 24HR  1.40 ON 12-13      TO 1/4 MILE OR LESS
LOWEST:     35 ON 17                               3 = THUNDER
                        SNOW, ICE PELLETS, HAIL    4 = ICE PELLETS
                        TOTAL MONTH:   0.0 INCH    5 = HAIL
                        GRTST 24HR     0.0         6 = FREEZING RAIN OR DRIZZLE
                        GRTST DEPTH:   0           7 = DUSTSTORM OR SANDSTORM:
                                                       VSBY 1/2 MILE OR LESS
                                                   8 = SMOKE OR HAZE
[NO. OF DAYS WITH]      [WEATHER - DAYS WITH]      9 = BLOWING SNOW
                                                   X = TORNADO
MAX 32 OR BELOW:   0    0.01 INCH OR MORE:  14
MAX 90 OR ABOVE:   0    0.10 INCH OR MORE:   3
MIN 32 OR BELOW:   0    0.50 INCH OR MORE:   1
MIN  0 OR BELOW:   0    1.00 INCH OR MORE:   1

[HDD (BASE 65) ]
TOTAL THIS MO.   128    CLEAR  (SCALE 0-3)  21
DPTR FM NORMAL    -8    PTCLDY (SCALE 4-7)   6
TOTAL FM JUL 1  6251    CLOUDY (SCALE 8-10)  4
DPTR FM NORMAL   685

[CDD (BASE 65) ]
TOTAL THIS MO.   139
DPTR FM NORMAL    71    [PRESSURE DATA]
TOTAL FM JAN 1   143    HIGHEST SLP 30.25 ON 18
DPTR FM NORMAL    57    LOWEST  SLP 29.61 ON  6

[REMARKS]
#FINAL-05-14#
