000
CXUS53 KLSX 022029
CF6UIN

PRELIMINARY LOCAL CLIMATOLOGICAL DATA (WS FORM: F-6)

                                          STATION:   QUINCY IL
                                          MONTH:     FEBRUARY
                                          YEAR:      2014
                                          LATITUDE:   39 57 N
                                          LONGITUDE:  91 12 W

  TEMPERATURE IN F:       :PCPN:    SNOW:  WIND      :SUNSHINE: SKY     :PK WND
================================================================================
1   2   3   4   5  6A  6B    7    8   9   10  11  12  13   14  15   16   17  18
                                     12Z  AVG MX 2MIN
DY MAX MIN AVG DEP HDD CDD  WTR  SNW DPTH SPD SPD DIR MIN PSBL S-S WX    SPD DR
================================================================================

 1  29  19  24  -3  41   0 0.46    M    M 10.2 16 350   M    M  10 168    20 340
 2  22   0  11 -17  54   0    T    M    M  9.1 18 330   M    M   1 18     22 320
 3  22  -6   8 -20  57   0 0.00  0.0    M  4.2  9 130   M    M   0        11 130
 4  20  11  16 -12  49   0    M    M    M 13.2 24  10   M    M   8 128    27  10
 5  17  -1   8 -20  57   0    M    M    M 16.1 25 320   M    M   8 1      31  10
 6   8 -10  -1 -29  66   0 0.00  0.0    M  7.6 14 290   M    M   0 8      17 300
 7  14 -11   2 -27  63   0    T    M    M  5.4 12 190   M    M   5        13 200
 8  23  13  18 -11  47   0 0.00  0.0    M  5.0 13 160   M    M  10 18     17 150
 9  23   3  13 -16  52   0    T    M    M  9.8 16 340   M    M   7 18     19 320
10   8  -7   1 -28  64   0 0.00  0.0    M  6.6 13 330   M    M   0        15 340
11  13 -10   2 -28  63   0 0.00  0.0    M  3.5  9 150   M    M   1 18     12 130
12  30   1  16 -14  49   0 0.00  0.0    M  6.2 13 170   M    M   2        16 170
13  40  12  26  -4  39   0 0.00  0.0    M 11.3 24 240   M    M   1        32 240
14  24   2  13 -17  52   0 0.19    M    M 12.3 23 330   M    M   6 128    27 330
15  27  -2  13 -18  52   0 0.02    M    M  6.7 15 150   M    M   5 18     20 140
16  29  22  26  -5  39   0 0.00  0.0    M 10.8 22 340   M    M   7 8      26 320
17  41  22  32   1  33   0 0.45    M    M 13.8 24 120   M    M   6 1368   37 100
18  50  30  40   8  25   0 0.00  0.0    M 12.6 24 210   M    M   0        31 200
19  44  32  38   6  27   0 0.20  0.0    M  8.1 25 140   M    M   1 3      35  M
20  62  35  49  17  16   0 0.10  0.0    0 16.5 41 240   M    M   5 138    56 250
21  48  27  38   5  27   0 0.00  0.0    M 14.9 29 270   M    M   3 8      36 280
22  42  26  34   1  31   0 0.00  0.0    0  9.2 17  30   M    M   3        20  30
23  32  20  26  -8  39   0 0.00  0.0    0 11.2 22  10   M    M   4        27  10
24  27  20  24 -10  41   0 0.00  0.0    0  6.0 12  20   M    M   7        13  30
25  22  12  17 -17  48   0    T    M    0 12.3 22 330   M    M   7 1      28 320
26  24   1  13 -22  52   0 0.00  0.0    0 15.0 22 240   M    M   1        29 320
27  24   9  17 -18  48   0 0.00  0.0    0 11.5 26 340   M    M   1        33 340
28  44  10  27  -9  38   0 0.00  0.0    0 11.9 21 150   M    M   1        28 160
================================================================================
SM  809  280      1269   0  1.42     0.0 281.0          M      110
================================================================================
AV 28.9 10.0                              10.0 FASTST   M    M   4    MAX(MPH)
                                 MISC ---->  # 41 240               # 56  250
================================================================================
NOTES:
# LAST OF SEVERAL OCCURRENCES

COLUMN 17 PEAK WIND IN M.P.H.

PRELIMINARY LOCAL CLIMATOLOGICAL DATA (WS FORM: F-6) , PAGE 2

                                          STATION:  QUINCY IL
                                          MONTH:    FEBRUARY
                                          YEAR:     2014
                                          LATITUDE:   39 57 N
                                          LONGITUDE:  91 12 W

[TEMPERATURE DATA]      [PRECIPITATION DATA]       SYMBOLS USED IN COLUMN 16

AVERAGE MONTHLY: 19.5   TOTAL FOR MONTH:   1.42    1 = FOG OR MIST
DPTR FM NORMAL: -11.4   DPTR FM NORMAL:   -0.46    2 = FOG REDUCING VISIBILITY
HIGHEST:    62 ON 20    GRTST 24HR  0.49 ON 31- 1      TO 1/4 MILE OR LESS
LOWEST:    -11 ON  7                               3 = THUNDER
                                                   4 = ICE PELLETS
                                                   5 = HAIL
                                                   6 = FREEZING RAIN OR DRIZZLE
                                                   7 = DUSTSTORM OR SANDSTORM:
                                                       VSBY 1/2 MILE OR LESS
                                                   8 = SMOKE OR HAZE
[NO. OF DAYS WITH]      [WEATHER - DAYS WITH]      9 = BLOWING SNOW
                                                   X = TORNADO
MAX 32 OR BELOW:  20    0.01 INCH OR MORE:   6
MAX 90 OR ABOVE:   0    0.10 INCH OR MORE:   5
MIN 32 OR BELOW:  27    0.50 INCH OR MORE:   0
MIN  0 OR BELOW:   8    1.00 INCH OR MORE:   0

[HDD (BASE 65) ]
TOTAL THIS MO.  1269    CLEAR  (SCALE 0-3)  14
DPTR FM NORMAL   313    PTCLDY (SCALE 4-7)  11
TOTAL FM JUL 1  4894    CLOUDY (SCALE 8-10)  3
DPTR FM NORMAL   552

[CDD (BASE 65) ]
TOTAL THIS MO.     0
DPTR FM NORMAL     0    [PRESSURE DATA]
TOTAL FM JAN 1     0    HIGHEST SLP 30.66 ON  6
DPTR FM NORMAL     0    LOWEST  SLP 29.12 ON 20

[REMARKS]
#FINAL-02-14#
