000
CXUS53 KLSX 031608 CCA
CF6UIN

PRELIMINARY LOCAL CLIMATOLOGICAL DATA (WS FORM: F-6)

                                          STATION:   QUINCY IL
                                          MONTH:     JUNE
                                          YEAR:      2015
                                          LATITUDE:   39 57 N
                                          LONGITUDE:  91 12 W

  TEMPERATURE IN F:       :PCPN:    SNOW:  WIND      :SUNSHINE: SKY     :PK WND
================================================================================
1   2   3   4   5  6A  6B    7    8   9   10  11  12  13   14  15   16   17  18
                                     12Z  AVG MX 2MIN
DY MAX MIN AVG DEP HDD CDD  WTR  SNW DPTH SPD SPD DIR MIN PSBL S-S WX    SPD DR
================================================================================

 1  65  53  59  -9   6   0    T  0.0    0  6.9 12  40   M    M   9        15  70
 2  73  53  63  -5   2   0 0.00  0.0    0  5.1 14 130   M    M   6        18 150
 3  74  56  65  -3   0   0 0.00  0.0    0  8.0 16 160   M    M   4 18     22 160
 4  77  63  70   1   0   5 0.00  0.0    0  4.5  9 110   M    M   6 18     16 130
 5  83  65  74   5   0   9    T  0.0    0  7.3 16  80   M    M   4 13     22  90
 6  80  60  70   1   0   5 0.00  0.0    0  7.1 14  70   M    M   0        17 110
 7  92  68  80  10   0  15 0.92  0.0    0 13.0 39 320   M    M   3 13     47 310
 8  83  66  75   5   0  10 0.20  0.0    0  6.9 15 320   M    M   1 13     20 240
 9  89  62  76   6   0  11 0.00  0.0    0  6.9 13 240   M    M   0        17 240
10  92  69  81  10   0  16 0.00  0.0    0 11.4 20 210   M    M   1 3      23 320
11  89  68  79   8   0  14 0.47  0.0    0 10.5 28 300   M    M   3 13     37 300
12  84  68  76   5   0  11 0.41  0.0    0  9.0 22 190   M    M   5 138    31 190
13  86  68  77   5   0  12 0.28  0.0    0  7.7 22 160   M    M   6 13     28 160
14  83  70  77   5   0  12 0.17  0.0    0  7.6 15 170   M    M   6 13     20 170
15  84  71  78   6   0  13 0.89  0.0    0  8.9 23 190   M    M   5 138    35 190
16  78  69  74   2   0   9 0.00  0.0    0  8.3 15  30   M    M  10        18  40
17  81  71  76   3   0  11 0.05  0.0    0  7.4 16 210   M    M   6 1      19 210
18  84  69  77   4   0  12    T  0.0    0  6.7 20 170   M    M   4 3      25 170
19  75  64  70  -3   0   5 0.00  0.0    0 10.5 18  40   M    M   7 1      22  40
20  88  61  75   1   0  10 1.90  0.0    0  9.8 37 350   M    M   3 13     43 360
21  79  67  73  -1   0   8 0.13  0.0    0  7.0 24 200   M    M   5 13     31 200
22  89  69  79   5   0  14 0.48  0.0    0 13.9 38 280   M    M   3 13     52 270
23  80  63  72  -2   0   7 0.00  0.0    0  7.4 15  20   M    M   3        18  20
24  84  63  74   0   0   9 1.80  0.0    0  9.1 23 190   M    M   5 13     30 210
25  86   M   M   M   M   M    M  0.0    0  9.0 18 110   M    M   5 13     22 130
26  72  65  69  -6   0   4 0.41  0.0    0  8.7 20  10   M    M   7 1      23  20
27  79  60  70  -5   0   5 0.00  0.0    0  7.7 16 360   M    M   2 18     20 360
28  76  62  69  -6   0   4 0.42  0.0    0  6.8 16 170   M    M   3 123    23 160
29  82  63  73  -2   0   8    T  0.0    0  6.8 29  50   M    M   5 123    35  40
30  81  64  73  -3   0   8 0.00  0.0    0  5.8 15 290   M    M   0 18     18 320
================================================================================
SM 2448 1870         8 247  8.53     0.0 245.7          M      127
================================================================================
AV 81.6 64.5                               8.2 FASTST   M    M   4    MAX(MPH)
                                 MISC ---->  # 39 320               # 52  270
================================================================================
NOTES:
# LAST OF SEVERAL OCCURRENCES

COLUMN 17 PEAK WIND IN M.P.H.

PRELIMINARY LOCAL CLIMATOLOGICAL DATA (WS FORM: F-6) , PAGE 2

                                          STATION:  QUINCY IL
                                          MONTH:    JUNE
                                          YEAR:     2015
                                          LATITUDE:   39 57 N
                                          LONGITUDE:  91 12 W

[TEMPERATURE DATA]      [PRECIPITATION DATA]       SYMBOLS USED IN COLUMN 16

AVERAGE MONTHLY: 73.0   TOTAL FOR MONTH:   8.53    1 = FOG OR MIST
DPTR FM NORMAL:   0.9   DPTR FM NORMAL:    4.54    2 = FOG REDUCING VISIBILITY
HIGHEST:    92 ON 10, 7 GRTST 24HR  2.03 ON 20-21      TO 1/4 MILE OR LESS
LOWEST:     53 ON  2, 1                            3 = THUNDER
                        SNOW, ICE PELLETS, HAIL    4 = ICE PELLETS
                        TOTAL MONTH:   0.0 INCH    5 = HAIL
                        GRTST 24HR     0.0         6 = FREEZING RAIN OR DRIZZLE
                        GRTST DEPTH:   0           7 = DUSTSTORM OR SANDSTORM:
                                                       VSBY 1/2 MILE OR LESS
                                                   8 = SMOKE OR HAZE
[NO. OF DAYS WITH]      [WEATHER - DAYS WITH]      9 = BLOWING SNOW
                                                   X = TORNADO
MAX 32 OR BELOW:   0    0.01 INCH OR MORE:  14
MAX 90 OR ABOVE:   2    0.10 INCH OR MORE:  13
MIN 32 OR BELOW:   0    0.50 INCH OR MORE:   4
MIN  0 OR BELOW:   0    1.00 INCH OR MORE:   2

[HDD (BASE 65) ]
TOTAL THIS MO.     8    CLEAR  (SCALE 0-3)  12
DPTR FM NORMAL    -8    PTCLDY (SCALE 4-7)  16
TOTAL FM JUL 1  5760    CLOUDY (SCALE 8-10)  2
DPTR FM NORMAL   178

[CDD (BASE 65) ]
TOTAL THIS MO.   247
DPTR FM NORMAL    20    [PRESSURE DATA]
TOTAL FM JAN 1   361    HIGHEST SLP M
DPTR FM NORMAL    48    LOWEST  SLP M

[REMARKS]
#FINAL-06-15#
