000
CXUS53 KLSX 011613
CF6UIN

PRELIMINARY LOCAL CLIMATOLOGICAL DATA (WS FORM: F-6)

                                          STATION:   QUINCY IL
                                          MONTH:     OCTOBER
                                          YEAR:      2016
                                          LATITUDE:   39 57 N
                                          LONGITUDE:  91 12 W

  TEMPERATURE IN F:       :PCPN:    SNOW:  WIND      :SUNSHINE: SKY     :PK WND
================================================================================
1   2   3   4   5  6A  6B    7    8   9   10  11  12  13   14  15   16   17  18
                                     12Z  AVG MX 2MIN
DY MAX MIN AVG DEP HDD CDD  WTR  SNW DPTH SPD SPD DIR MIN PSBL S-S WX    SPD DR
================================================================================

 1  70  60  65   5   0   0 0.05  0.0    0  6.8 14 330   M    M  10 1      17 320
 2  68  60  64   4   1   0 0.01  0.0    0  2.8  7 250   M    M  10 1      10 240
 3  72  59  66   7   0   1 0.00  0.0    0  6.3 13 120   M    M   9        15 140
 4  80  57  69  10   0   4 0.00  0.0    0 10.7 20 130   M    M   0 1      26 130
 5  81  63  72  14   0   7 0.03  0.0    0  7.9 17 240   M    M   1 1      27 260
 6  75  66  71  13   0   6 1.07  0.0    0  8.4 24 270   M    M   5 13     32 270
 7  66  45  56  -2   9   0 0.01  0.0    0 10.4 24 310   M    M   4        30 310
 8  70  41  56  -1   9   0 0.00  0.0    0  4.7 12 250   M    M   0        14 250
 9  73  46  60   3   5   0 0.00  0.0    0  5.4 12 260   M    M   0        15 250
10  75  53  64   7   1   0    T  0.0    0  7.0 17 200   M    M   1        21 200
11  80  52  66  10   0   1    T  0.0    0  8.7 17 180   M    M   2 3      24 160
12  69  42  56   0   9   0 0.02  0.0    0 11.9 22 310   M    M   9 13     29 310
13  59  34  47  -9  18   0 0.00  0.0    0  4.2  9  20   M    M   0 1      12  60
14  68  42  55   0  10   0 0.00  0.0    0  8.7 15 170   M    M   2        20 160
15  80  59  70  15   0   5 0.00  0.0    0 13.8 22 190   M    M   5        31 200
16  85  67  76  21   0  11 0.63  0.0    0 12.2 22 190   M    M   5 13     30 170
17  90  69  80  26   0  15 0.00  0.0    0 18.7 35 200   M    M   0        47 210
18  78  55  67  13   0   2 0.00  0.0    0 10.2 23 210   M    M   2        31 190
19  65  49  57   3   8   0    T  0.0    0  9.4 17  20   M    M   7        21  20
20  59  41  50  -3  15   0    T  0.0    0 12.4 22 330   M    M   5        27 330
21  57  35  46  -7  19   0 0.00  0.0    0  5.5 13 300   M    M   0        18 300
22  69  40  55   2  10   0 0.00  0.0    0  8.2 16 200   M    M   1        21 210
23  74  50  62   9   3   0 0.00  0.0    0  9.4 22 230   M    M   0        26 240
24  64  42  53   1  12   0 0.00  0.0    0  8.3 13  60   M    M   0 1      16 120
25  61  45  53   1  12   0 0.00  0.0    0 11.5 18 110   M    M   7        23 120
26  65  52  59   7   6   0 0.09  0.0    0 11.6 21 330   M    M   8 1      28 330
27  59  48  54   3  11   0 0.00  0.0    0  6.7 16 320   M    M   5        18 320
28  79  47  63  12   2   0 0.00  0.0    0 12.3 26 210   M    M   1 18     35 210
29  82  65  74  24   0   9 0.00  0.0    0 13.3 22 250   M    M   0 8      27 210
30  67  49  58   8   7   0 0.00  0.0    0 10.2 18  20   M    M   5 18     24  10
31  69  46  58   8   7   0 0.00  0.0    0 11.7 17 170   M    M   1        23 170
================================================================================
SM 2209 1579       174  61  1.91     0.0 289.3          M      105
================================================================================
AV 71.3 50.9                               9.3 FASTST   M    M   3    MAX(MPH)
                                 MISC ---->  # 35 200               # 47  210
================================================================================
NOTES:
# LAST OF SEVERAL OCCURRENCES

COLUMN 17 PEAK WIND IN M.P.H.

PRELIMINARY LOCAL CLIMATOLOGICAL DATA (WS FORM: F-6) , PAGE 2

                                          STATION:  QUINCY IL
                                          MONTH:    OCTOBER
                                          YEAR:     2016
                                          LATITUDE:   39 57 N
                                          LONGITUDE:  91 12 W

[TEMPERATURE DATA]      [PRECIPITATION DATA]       SYMBOLS USED IN COLUMN 16

AVERAGE MONTHLY: 61.1   TOTAL FOR MONTH:   1.91    1 = FOG OR MIST
DPTR FM NORMAL:   6.4   DPTR FM NORMAL:   -1.10    2 = FOG REDUCING VISIBILITY
HIGHEST:    90 ON 17    GRTST 24HR  1.08 ON  6- 7      TO 1/4 MILE OR LESS
LOWEST:     34 ON 13                               3 = THUNDER
                        SNOW, ICE PELLETS, HAIL    4 = ICE PELLETS
                        TOTAL MONTH:   0.0 INCH    5 = HAIL
                        GRTST 24HR     0.0         6 = FREEZING RAIN OR DRIZZLE
                        GRTST DEPTH:   0           7 = DUSTSTORM OR SANDSTORM:
                                                       VSBY 1/2 MILE OR LESS
                                                   8 = SMOKE OR HAZE
[NO. OF DAYS WITH]      [WEATHER - DAYS WITH]      9 = BLOWING SNOW
                                                   X = TORNADO
MAX 32 OR BELOW:   0    0.01 INCH OR MORE:   8
MAX 90 OR ABOVE:   1    0.10 INCH OR MORE:   2
MIN 32 OR BELOW:   0    0.50 INCH OR MORE:   2
MIN  0 OR BELOW:   0    1.00 INCH OR MORE:   1

[HDD (BASE 65) ]
TOTAL THIS MO.   174    CLEAR  (SCALE 0-3)  17
DPTR FM NORMAL  -163    PTCLDY (SCALE 4-7)   9
TOTAL FM JUL 1   198    CLOUDY (SCALE 8-10)  5
DPTR FM NORMAL  -226

[CDD (BASE 65) ]
TOTAL THIS MO.    61
DPTR FM NORMAL    44    [PRESSURE DATA]
TOTAL FM JAN 1  1457    HIGHEST SLP 30.40 ON 24
DPTR FM NORMAL   364    LOWEST  SLP 29.43 ON 17

[REMARKS]
#FINAL-10-16#
