678
CXUS53 KLSX 011600
CF6UIN
PRELIMINARY LOCAL CLIMATOLOGICAL DATA (WS FORM: F-6)

                                          STATION:   QUINCY IL
                                          MONTH:     DECEMBER
                                          YEAR:      2016
                                          LATITUDE:   39 57 N
                                          LONGITUDE:  91 12 W

  TEMPERATURE IN F:       :PCPN:    SNOW:  WIND      :SUNSHINE: SKY     :PK WND
================================================================================
1   2   3   4   5  6A  6B    7    8   9   10  11  12  13   14  15   16   17  18
                                     12Z  AVG MX 2MIN
DY MAX MIN AVG DEP HDD CDD  WTR  SNW DPTH SPD SPD DIR MIN PSBL S-S WX    SPD DR
================================================================================

 1  38  35  37   2  28   0 0.00  0.0    0 10.0 20 280   M    M  10        25 290
 2  45  26  36   2  29   0 0.00  0.0    0  4.6 12 300   M    M   7 1      20 280
 3  42  29  36   2  29   0 0.00  0.0    0  6.8 14 140   M    M   4        19 130
 4  38  31  35   2  30   0 0.33    M    0  6.7 13 270   M    M  10 12     17 270
 5  41  30  36   3  29   0 0.00  0.0    M  8.5 15 120   M    M   8 12     18 120
 6  41  29  35   2  30   0 0.00  0.0    0  8.9 21 310   M    M   6 1      24 310
 7  33  21  27  -5  38   0 0.00  0.0    0 11.2 20 300   M    M   5        25 300
 8  26  16  21 -11  44   0 0.00  0.0    0 14.2 23 290   M    M   3        28 290
 9  24  14  19 -12  46   0 0.00  0.0    0  5.0 10 290   M    M   7        14 300
10  33  22  28  -3  37   0 0.00  0.0    0  8.8 16 140   M    M  10        23 130
11  43  30  37   6  28   0 0.10  0.0    0 10.8 22 310   M    M  10 18     27 310
12  30  16  23  -7  42   0 0.00  0.0    0  8.7 21 300   M    M   4 18     25 290
13  29  11  20 -10  45   0 0.00  0.0    0  8.7 21 360   M    M   5 18     25  10
14  26  10  18 -12  47   0 0.00  0.0    0  8.3 16 310   M    M   3        21 310
15  18   5  12 -18  53   0 0.00  0.0    0  8.1 21 310   M    M   5        27 300
16  27  17  22  -7  43   0 0.01    M    0 11.7 17 140   M    M  10 168    22 150
17  29   6  18 -11  47   0    M    M    0 15.2 28 320   M    M  10 1268   34 320
18   6  -7   0 -29  65   0    T    M    M  9.2 28 320   M    M   1 19     32 320
19  18  -7   6 -23  59   0 0.00  0.0    M  9.0 16 190   M    M   0        19 190
20  32  14  23  -5  42   0 0.00  0.0    M 10.1 20 210   M    M   0        24 230
21  46  18  32   4  33   0 0.00  0.0    0  8.0 15 230   M    M   0        21 250
22  41  27  34   6  31   0 0.00  0.0    0  7.3 22 320   M    M   3        26 330
23  39  31  35   7  30   0 0.07    M    0  9.4 21 160   M    M   9 12     26 150
24  41  37  39  11  26   0 0.00  0.0    0  6.0 14 120   M    M  10 12     17 120
25  63  36  50  22  15   0 0.24  0.0    0 15.2 31 260   M    M  10 12     42 160
26  52  32  42  15  23   0 0.28  0.0    0 13.9 23 280   M    M   5 1      31 260
27  44  26  35   8  30   0 0.00  0.0    0  8.1 15 290   M    M   0        19 260
28  49  29  39  12  26   0 0.00  0.0    0 10.0 16 280   M    M   0        22 200
29  43  33  38  11  27   0 0.00  0.0    0 18.2 36 300   M    M   1        46 280
30  46  25  36   9  29   0 0.00  0.0    0 12.8 23 210   M    M   0        30 210
31  44  22  33   6  32   0 0.00  0.0    0 10.2 20 340   M    M   0 1      25 210
================================================================================
SM 1127  664      1113   0  1.03     0.0 303.6          M      156
================================================================================
AV 36.4 21.4                               9.8 FASTST   M    M   5    MAX(MPH)
                                 MISC ---->  # 36 300               # 46  280
================================================================================
NOTES:
# LAST OF SEVERAL OCCURRENCES

COLUMN 17 PEAK WIND IN M.P.H.

PRELIMINARY LOCAL CLIMATOLOGICAL DATA (WS FORM: F-6) , PAGE 2

                                          STATION:  QUINCY IL
                                          MONTH:    DECEMBER
                                          YEAR:     2016
                                          LATITUDE:   39 57 N
                                          LONGITUDE:  91 12 W

[TEMPERATURE DATA]      [PRECIPITATION DATA]       SYMBOLS USED IN COLUMN 16

AVERAGE MONTHLY: 28.9   TOTAL FOR MONTH:   1.03    1 = FOG OR MIST
DPTR FM NORMAL:  -0.9   DPTR FM NORMAL:   -1.22    2 = FOG REDUCING VISIBILITY
HIGHEST:    63 ON 25    GRTST 24HR  0.52 ON 25-26      TO 1/4 MILE OR LESS
LOWEST:     -7 ON 19,18                            3 = THUNDER
                        SNOW, ICE PELLETS, HAIL    4 = ICE PELLETS
                        TOTAL MONTH:   0.0 INCH    5 = HAIL
                        GRTST 24HR     0.0         6 = FREEZING RAIN OR DRIZZLE
                        GRTST DEPTH:   0           7 = DUSTSTORM OR SANDSTORM:
                                                       VSBY 1/2 MILE OR LESS
                                                   8 = SMOKE OR HAZE
[NO. OF DAYS WITH]      [WEATHER - DAYS WITH]      9 = BLOWING SNOW
                                                   X = TORNADO
MAX 32 OR BELOW:  11    0.01 INCH OR MORE:   6
MAX 90 OR ABOVE:   0    0.10 INCH OR MORE:   4
MIN 32 OR BELOW:  27    0.50 INCH OR MORE:   0
MIN  0 OR BELOW:   2    1.00 INCH OR MORE:   0

[HDD (BASE 65) ]
TOTAL THIS MO.  1113    CLEAR  (SCALE 0-3)  12
DPTR FM NORMAL    22    PTCLDY (SCALE 4-7)  10
TOTAL FM JUL 1  1801    CLOUDY (SCALE 8-10)  9
DPTR FM NORMAL  -390

[CDD (BASE 65) ]
TOTAL THIS MO.     0
DPTR FM NORMAL     0    [PRESSURE DATA]
TOTAL FM JAN 1  1472    HIGHEST SLP 30.81 ON 19
DPTR FM NORMAL   378    LOWEST  SLP 29.60 ON 17

[REMARKS]
#FINAL-12-16#
