000
CXUS53 KLSX 020053 CCA
CF6UIN

PRELIMINARY LOCAL CLIMATOLOGICAL DATA (WS FORM: F-6)

                                          STATION:   QUINCY IL
                                          MONTH:     MAY
                                          YEAR:      2015
                                          LATITUDE:   39 57 N
                                          LONGITUDE:  91 12 W

  TEMPERATURE IN F:       :PCPN:    SNOW:  WIND      :SUNSHINE: SKY     :PK WND
================================================================================
1   2   3   4   5  6A  6B    7    8   9   10  11  12  13   14  15   16   17  18
                                     12Z  AVG MX 2MIN
DY MAX MIN AVG DEP HDD CDD  WTR  SNW DPTH SPD SPD DIR MIN PSBL S-S WX    SPD DR
================================================================================

 1  70  41  56  -2   9   0 0.00  0.0    0  4.4 10 240   M    M   1        14 240
 2  75  53  64   5   1   0 0.05  0.0    0  6.7 18 300   M    M   6        22 300
 3  83  58  71  12   0   6    T  0.0    0 12.2 24 210   M    M   2        31 200
 4  81  64  73  14   0   8 0.01  0.0    0  8.5 20 220   M    M   4 3      25 220
 5  83  63  73  13   0   8 0.13  0.0    0  7.0 23 340   M    M   5 13     27 330
 6  83  62  73  13   0   8    T  0.0    0 10.4 24 210   M    M   4        31 210
 7  81  63  72  12   0   7 0.72  0.0    0 10.4 26 230   M    M   5 13     36 220
 8  71  59  65   5   0   0 0.70  0.0    0  5.1 14  40   M    M   7 12     16  40
 9  73  59  66   5   0   1    T  0.0    0  5.7 12 110   M    M   6 12     14 120
10  76  64  70   9   0   5 0.09  0.0    0  8.7 15 180   M    M   8 13     22 190
11  68  52  60  -1   5   0 0.01  0.0    0 14.1 24 280   M    M   7        36 290
12  67  48  58  -4   7   0 0.00  0.0    0 12.7 26 300   M    M   1        33 320
13  68  45  57  -5   8   0 0.00  0.0    0  9.8 17 110   M    M   0        20 110
14  66  56  61  -1   4   0 0.17  0.0    0 11.5 20 170   M    M   8 1      25 170
15  81  64  73  10   0   8 0.08  0.0    0  6.1 25 190   M    M   6 13     34 190
16  79  66  73  10   0   8 0.02  0.0    0 10.3 17 210   M    M   3 13     23 210
17  81  63  72   9   0   7 0.05  0.0    0 13.5 24 210   M    M   2 1      33 190
18  70  47  59  -4   6   0 0.00  0.0    0 12.6 20 320   M    M   1        23 310
19  59  41  50 -14  15   0 0.00  0.0    0  7.9 16 330   M    M   3        20 330
20  53  43  48 -16  17   0 0.20  0.0    0 10.5 17  30   M    M   9 1      24  80
21  68  42  55  -9  10   0 0.00  0.0    0  8.7 16 290   M    M   2        21 300
22  75  51  63  -2   2   0 0.00  0.0    0  6.0 13 240   M    M   1 8      16 220
23  77  54  66   1   0   1 0.00  0.0    0  7.3 16 140   M    M   5        22 140
24  83  60  72   7   0   7 0.41  0.0    0 11.1 26 160   M    M   8 13     38 190
25  81  64  73   7   0   8 0.32  0.0    0 11.1 20 210   M    M   5 1      24 190
26  77  64  71   5   0   6 0.55  0.0    0 13.5 24 250   M    M   6 138    34 260
27  79  63  71   5   0   6 0.00  0.0    0  7.2 18 300   M    M   2 13     22 300
28  81  61  71   5   0   6 0.02  0.0    0  7.6 21 260   M    M   2 1      25 260
29  79  67  73   6   0   8 0.17  0.0    0  8.5 17 240   M    M   6 1      22 250
30  70  52  61  -6   4   0 0.29  0.0    0 10.7 24  20   M    M  10 1      30  20
31  60  50  55 -12  10   0 0.00  0.0    0 10.1 17  30   M    M  10        23  30
================================================================================
SM 2298 1739        98 108  3.99     0.0 289.9          M      145
================================================================================
AV 74.1 56.1                               9.4 FASTST   M    M   5    MAX(MPH)
                                 MISC ---->  # 26 230               # 38  190
================================================================================
NOTES:
# LAST OF SEVERAL OCCURRENCES

COLUMN 17 PEAK WIND IN M.P.H.

PRELIMINARY LOCAL CLIMATOLOGICAL DATA (WS FORM: F-6) , PAGE 2

                                          STATION:  QUINCY IL
                                          MONTH:    MAY
                                          YEAR:     2015
                                          LATITUDE:   39 57 N
                                          LONGITUDE:  91 12 W

[TEMPERATURE DATA]      [PRECIPITATION DATA]       SYMBOLS USED IN COLUMN 16

AVERAGE MONTHLY: 65.1   TOTAL FOR MONTH:   3.99    1 = FOG OR MIST
DPTR FM NORMAL:   2.3   DPTR FM NORMAL:   -0.55    2 = FOG REDUCING VISIBILITY
HIGHEST:    83 ON 24, 6 GRTST 24HR  1.04 ON  7- 8      TO 1/4 MILE OR LESS
LOWEST:     41 ON 19, 1                            3 = THUNDER
                        SNOW, ICE PELLETS, HAIL    4 = ICE PELLETS
                        TOTAL MONTH:   0.0 INCH    5 = HAIL
                        GRTST 24HR     0.0         6 = FREEZING RAIN OR DRIZZLE
                        GRTST DEPTH:   0           7 = DUSTSTORM OR SANDSTORM:
                                                       VSBY 1/2 MILE OR LESS
                                                   8 = SMOKE OR HAZE
[NO. OF DAYS WITH]      [WEATHER - DAYS WITH]      9 = BLOWING SNOW
                                                   X = TORNADO
MAX 32 OR BELOW:   0    0.01 INCH OR MORE:  18
MAX 90 OR ABOVE:   0    0.10 INCH OR MORE:  10
MIN 32 OR BELOW:   0    0.50 INCH OR MORE:   3
MIN  0 OR BELOW:   0    1.00 INCH OR MORE:   0

[HDD (BASE 65) ]
TOTAL THIS MO.    98    CLEAR  (SCALE 0-3)  12
DPTR FM NORMAL   -38    PTCLDY (SCALE 4-7)  13
TOTAL FM JUL 1  5752    CLOUDY (SCALE 8-10)  6
DPTR FM NORMAL   186

[CDD (BASE 65) ]
TOTAL THIS MO.   108
DPTR FM NORMAL    40    [PRESSURE DATA]
TOTAL FM JAN 1   114    HIGHEST SLP 30.43 ON 13
DPTR FM NORMAL    28    LOWEST  SLP 29.76 ON 25

[REMARKS]
#FINAL-05-15#
