000
CXUS53 KLSX 011600
CF6UIN
PRELIMINARY LOCAL CLIMATOLOGICAL DATA (WS FORM: F-6)

                                          STATION:   QUINCY IL
                                          MONTH:     NOVEMBER
                                          YEAR:      2011
                                          LATITUDE:   39 57 N
                                          LONGITUDE:  91 12 W

  TEMPERATURE IN F:       :PCPN:    SNOW:  WIND      :SUNSHINE: SKY     :PK WND
================================================================================
1   2   3   4   5  6A  6B    7    8   9   10  11  12  13   14  15   16   17  18
                                     12Z  AVG MX 2MIN
DY MAX MIN AVG DEP HDD CDD  WTR  SNW DPTH SPD SPD DIR MIN PSBL S-S WX    SPD DR
================================================================================

 1  76  42  59  10   6   0 0.00  0.0    0 11.2 22 190   M    M   0        32 190
 2  70  42  56   7   9   0 0.35  0.0    0 13.8 26  20   M    M   7 1      35  10
 3  46  36  41  -7  24   0 1.11  0.0    0 19.3 36 360   M    M   9 1      47  10
 4  56  30  43  -5  22   0 0.00  0.0    0  7.0 12 120   M    M   0        15 120
 5  58  36  47  -1  18   0 0.00  0.0    0 10.9 21 160   M    M   3 1      28 190
 6  63  51  57  10   8   0 0.00  0.0    0 13.0 22 190   M    M   5        33 180
 7  57  53  55   8  10   0 0.51  0.0    0  7.4 18  60   M    M  10 1      22  60
 8  57  47  52   6  13   0 0.88  0.0    0  8.9 20 290   M    M  10 123    26 290
 9  53  37  45  -1  20   0 0.51  0.0    0 15.6 35 310   M    M   5 1      44 310
10  45  27  36  -9  29   0 0.00  0.0    0 11.3 26 290   M    M   1        31 300
11  60  26  43  -2  22   0 0.00  0.0    0 10.2 20 210   M    M   0        25 190
12  63  42  53   9  12   0 0.00  0.0    0 12.4 21 190   M    M   0        29 190
13  72  48  60  16   5   0 0.00  0.0    0 15.5 31 230   M    M   0        49 220
14  64  45  55  12  10   0 0.01  0.0    0  7.5 18 250   M    M   1        22 280
15  65  39  52   9  13   0 0.00  0.0    0  7.9 21 340   M    M   0        25 340
16  45  31  38  -4  27   0 0.00  0.0    0  9.9 20 360   M    M   1        25 360
17  46  24  35  -7  30   0 0.00  0.0    0  9.0 18 240   M    M   0        26 270
18  59  35  47   6  18   0 0.00  0.0    0 17.0 32 190   M    M   0        44 200
19  66  38  52  11  13   0 0.00  0.0    0 14.7 25 310   M    M   8        32 310
20  41  33  37  -3  28   0    T  0.0    0 11.1 22 360   M    M   9        24  10
21  45  40  43   3  22   0 0.00  0.0    0  5.9 13  80   M    M  10 128    16  80
22  44  41  43   4  22   0 0.43  0.0    0 11.5 18  20   M    M  10 12     21 320
23  46  37  42   3  23   0 0.00  0.0    0  7.6 15 210   M    M  10 128    18 200
24  60  43  52  14  13   0 0.00  0.0    0 12.1 20 190   M    M   5 1      25 170
25  63  43  53  15  12   0 0.00  0.0    0 15.2 25 200   M    M   0        31 200
26  57  38  48  11  17   0 1.28  0.0    0 14.5 26 330   M    M  10 1      32 320
27  38  34  36  -1  29   0    T    M    0 14.9 25 320   M    M  10 1      32 330
28  34  29  32  -4  33   0 0.00  0.0    0 12.1 22 360   M    M   9        28 360
29  43  27  35  -1  30   0 0.00  0.0    0 15.0 24 330   M    M   1        30 360
30  43  20  32  -3  33   0 0.00  0.0    0  5.2 13 170   M    M   0        16 180
================================================================================
SM 1635 1114       571   0  5.08     0.0 347.6          M      134
================================================================================
AV 54.5 37.1                              11.6 FASTST   M    M   4    MAX(MPH)
                                 MISC ---->  # 36 360               # 49  220
================================================================================
NOTES:
# LAST OF SEVERAL OCCURRENCES

COLUMN 17 PEAK WIND IN M.P.H.

PRELIMINARY LOCAL CLIMATOLOGICAL DATA (WS FORM: F-6) , PAGE 2

                                          STATION:  QUINCY IL
                                          MONTH:    NOVEMBER
                                          YEAR:     2011
                                          LATITUDE:   39 57 N
                                          LONGITUDE:  91 12 W

[TEMPERATURE DATA]      [PRECIPITATION DATA]       SYMBOLS USED IN COLUMN 16

AVERAGE MONTHLY: 45.8   TOTAL FOR MONTH:   5.08    1 = FOG OR MIST
DPTR FM NORMAL:   3.3   DPTR FM NORMAL:    2.06    2 = FOG REDUCING VISIBILITY
HIGHEST:    76 ON  1    GRTST 24HR  1.46 ON  2- 3      TO 1/4 MILE OR LESS
LOWEST:     20 ON 30                               3 = THUNDER
                        SNOW, ICE PELLETS, HAIL    4 = ICE PELLETS
                        TOTAL MONTH:   0.0 INCH    5 = HAIL
                        GRTST 24HR     0.0         6 = FREEZING RAIN OR DRIZZLE
                        GRTST DEPTH:   0           7 = DUSTSTORM OR SANDSTORM:
                                                       VSBY 1/2 MILE OR LESS
                                                   8 = SMOKE OR HAZE
[NO. OF DAYS WITH]      [WEATHER - DAYS WITH]      9 = BLOWING SNOW
                                                   X = TORNADO
MAX 32 OR BELOW:   0    0.01 INCH OR MORE:   8
MAX 90 OR ABOVE:   0    0.10 INCH OR MORE:   7
MIN 32 OR BELOW:   8    0.50 INCH OR MORE:   5
MIN  0 OR BELOW:   0    1.00 INCH OR MORE:   2

[HDD (BASE 65) ]
TOTAL THIS MO.   571    CLEAR  (SCALE 0-3)  15
DPTR FM NORMAL  -105    PTCLDY (SCALE 4-7)   5
TOTAL FM JUL 1   953    CLOUDY (SCALE 8-10) 10
DPTR FM NORMAL  -147

[CDD (BASE 65) ]
TOTAL THIS MO.     0
DPTR FM NORMAL    -1    [PRESSURE DATA]
TOTAL FM JAN 1  1430    HIGHEST SLP 30.35 ON 17
DPTR FM NORMAL   336    LOWEST  SLP 29.39 ON 13

[REMARKS]
#FINAL-11-11#
